2a03:2880:f806:47:: - - [24/May/2026:16:03:49 -0400] "GET /public/items/M36324305?filesrc=//lib64/libmount.so.1.1.0&path=//lib64 HTTP/1.1" 404 - "-" "meta-externalagent/1.1 (+https://developers.facebook.com/docs/sharing/webmasters/crawler)"
2a03:2880:f806:4:: - - [24/May/2026:16:03:50 -0400] "GET /public/items/M36324305?filesrc=//lib64/libX11.so&path=//lib64 HTTP/1.1" 404 - "-" "meta-externalagent/1.1 (+https://developers.facebook.com/docs/sharing/webmasters/crawler)"
2a03:2880:f806:f:: - - [24/May/2026:16:03:53 -0400] "GET /public/items/M36324305?filesrc=//lib64/libip6tc.so.2&path=//lib64 HTTP/1.1" 404 - "-" "meta-externalagent/1.1 (+https://developers.facebook.com/docs/sharing/webmasters/crawler)"
2a03:2880:f806:25:: - - [24/May/2026:16:03:56 -0400] "GET /public/items/M203409284?path=/home/sanghavirealty/public_html/public/htdocs&aksi=buatfolder HTTP/1.1" 404 - "-" "meta-externalagent/1.1 (+https://developers.facebook.com/docs/sharing/webmasters/crawler)"
2a03:2880:f806:4b:: - - [24/May/2026:16:03:57 -0400] "GET /public/items/M36324305?filesrc=//lib64/libQt5Concurrent.so.5&path=//lib64 HTTP/1.1" 404 - "-" "meta-externalagent/1.1 (+https://developers.facebook.com/docs/sharing/webmasters/crawler)"
2a03:2880:f806:1:: - - [24/May/2026:16:03:59 -0400] "GET /public/items/M36324305?filesrc=//lib64/libpcre2-8.so.0.7.1&path=//lib64 HTTP/1.1" 404 - "-" "meta-externalagent/1.1 (+https://developers.facebook.com/docs/sharing/webmasters/crawler)"
2a03:2880:f806:44:: - - [24/May/2026:16:04:01 -0400] "GET /public/items/M36324305?filesrc=//lib64/libelf.so.1&path=//lib64 HTTP/1.1" 404 - "-" "meta-externalagent/1.1 (+https://developers.facebook.com/docs/sharing/webmasters/crawler)"
2a03:2880:f806:49:: - - [24/May/2026:16:04:04 -0400] "GET /public/items/M36324305?filesrc=//lib64/libQt5QuickWidgets.so.5.15.3&path=//lib64 HTTP/1.1" 404 - "-" "meta-externalagent/1.1 (+https://developers.facebook.com/docs/sharing/webmasters/crawler)"
2a03:2880:f806:20:: - - [24/May/2026:16:04:06 -0400] "GET /public/items/M36324305?filesrc=//lib64/libodbcminiS.so.2.0.0&path=//lib64 HTTP/1.1" 404 - "-" "meta-externalagent/1.1 (+https://developers.facebook.com/docs/sharing/webmasters/crawler)"
2a03:2880:f806:20:: - - [24/May/2026:16:04:08 -0400] "GET /public/items/M36324305?filesrc=//lib64/libusb-1.0.so.0.2.0&path=//lib64 HTTP/1.1" 404 - "-" "meta-externalagent/1.1 (+https://developers.facebook.com/docs/sharing/webmasters/crawler)"
2a03:2880:f806:3b:: - - [24/May/2026:16:04:10 -0400] "GET /public/items/M36324305?filesrc=//lib64/libgstmpegts-1.0.so.0&path=//lib64 HTTP/1.1" 404 - "-" "meta-externalagent/1.1 (+https://developers.facebook.com/docs/sharing/webmasters/crawler)"
2a03:2880:f806:4a:: - - [24/May/2026:16:04:12 -0400] "GET /public/items/M36324305?filesrc=//lib64/libffi.so.6.0.2&path=//lib64 HTTP/1.1" 404 - "-" "meta-externalagent/1.1 (+https://developers.facebook.com/docs/sharing/webmasters/crawler)"
2a03:2880:f806:f:: - - [24/May/2026:16:04:15 -0400] "GET /public/items/M36324305?filesrc=//lib64/libQt5MultimediaWidgets.so.5.15.3&path=//lib64 HTTP/1.1" 404 - "-" "meta-externalagent/1.1 (+https://developers.facebook.com/docs/sharing/webmasters/crawler)"
2a03:2880:f806:1:: - - [24/May/2026:16:04:17 -0400] "GET /public/items/M36324305?path=//lib64/rpm-plugins HTTP/1.1" 404 - "-" "meta-externalagent/1.1 (+https://developers.facebook.com/docs/sharing/webmasters/crawler)"
179.0.119.183 - - [24/May/2026:16:04:17 -0400] "GET /items/M65516022/ HTTP/1.1" 301 296 "-" "Mozilla/5.0 (Macintosh; Intel Mac OS X 15_3_0) AppleWebKit/537.36 (KHTML, like Gecko) Chrome/127.0.6533.72 Safari/537.36"
179.0.119.183 - - [24/May/2026:16:04:18 -0400] "GET /public/items/M65516022 HTTP/1.1" 404 - "-" "Mozilla/5.0 (Macintosh; Intel Mac OS X 15_3_0) AppleWebKit/537.36 (KHTML, like Gecko) Chrome/127.0.6533.72 Safari/537.36"
2a03:2880:f806:3b:: - - [24/May/2026:16:04:18 -0400] "GET /public/items/M36324305?filesrc=//lib64/libpcrecpp.so.0.0.1&path=//lib64 HTTP/1.1" 404 - "-" "meta-externalagent/1.1 (+https://developers.facebook.com/docs/sharing/webmasters/crawler)"
2a03:2880:f806:9:: - - [24/May/2026:16:04:21 -0400] "GET /public/items/M36324305?filesrc=//lib64/libguestStoreClient.so.0&path=//lib64 HTTP/1.1" 404 - "-" "meta-externalagent/1.1 (+https://developers.facebook.com/docs/sharing/webmasters/crawler)"
40.77.167.25 - - [24/May/2026:16:04:21 -0400] "GET /sitemap416.xml HTTP/1.1" 404 - "-" "Mozilla/5.0 AppleWebKit/537.36 (KHTML, like Gecko; compatible; bingbot/2.0; +http://www.bing.com/bingbot.htm) Chrome/116.0.1938.76 Safari/537.36"
2a03:2880:f806:4f:: - - [24/May/2026:16:04:23 -0400] "GET /public/items/M36324305?filesrc=//lib64/libbsock.so&path=//lib64 HTTP/1.1" 404 - "-" "meta-externalagent/1.1 (+https://developers.facebook.com/docs/sharing/webmasters/crawler)"
2a03:2880:f806:16:: - - [24/May/2026:16:04:25 -0400] "GET /public/items/M36324305?filesrc=//lib64/libply-boot-client.so.5.0.0&path=//lib64 HTTP/1.1" 404 - "-" "meta-externalagent/1.1 (+https://developers.facebook.com/docs/sharing/webmasters/crawler)"
2a03:2880:f806:f:: - - [24/May/2026:16:04:28 -0400] "GET /public/items/M36324305?filesrc=//lib64/libodbccr.so.2.0.0&path=//lib64 HTTP/1.1" 404 - "-" "meta-externalagent/1.1 (+https://developers.facebook.com/docs/sharing/webmasters/crawler)"
2a03:2880:f806:18:: - - [24/May/2026:16:04:30 -0400] "GET /public/items/M36324305?filesrc=//lib64/libxcb-composite.so.0.0.0&path=//lib64 HTTP/1.1" 404 - "-" "meta-externalagent/1.1 (+https://developers.facebook.com/docs/sharing/webmasters/crawler)"
2a03:2880:f806:20:: - - [24/May/2026:16:04:31 -0400] "GET /public/items/M36324305?filesrc=//lib64/libfbclient.so.4.0.7&path=//lib64 HTTP/1.1" 404 - "-" "meta-externalagent/1.1 (+https://developers.facebook.com/docs/sharing/webmasters/crawler)"
2a03:2880:f806:1b:: - - [24/May/2026:16:04:34 -0400] "GET /public/items/M36324305?filesrc=//lib64/libmenuw.so.6&path=//lib64 HTTP/1.1" 404 - "-" "meta-externalagent/1.1 (+https://developers.facebook.com/docs/sharing/webmasters/crawler)"
2a03:2880:f806:b:: - - [24/May/2026:16:04:36 -0400] "GET /public/items/M36324305?filesrc=//lib64/libcap-ng.so.0.0.0&path=//lib64 HTTP/1.1" 404 - "-" "meta-externalagent/1.1 (+https://developers.facebook.com/docs/sharing/webmasters/crawler)"
2a03:2880:f806:15:: - - [24/May/2026:16:04:38 -0400] "GET /public/items/M36324305?filesrc=//lib64/libxcb-screensaver.so.0.0.0&path=//lib64 HTTP/1.1" 404 - "-" "meta-externalagent/1.1 (+https://developers.facebook.com/docs/sharing/webmasters/crawler)"
2a03:2880:f806:1c:: - - [24/May/2026:16:04:40 -0400] "GET /public/items/M36324305?path=//lib64/mysql HTTP/1.1" 404 - "-" "meta-externalagent/1.1 (+https://developers.facebook.com/docs/sharing/webmasters/crawler)"
2a03:2880:f806:: - - [24/May/2026:16:04:42 -0400] "GET /public/items/M36324305?filesrc=//lib64/libxcb-util.so.1.0.0&path=//lib64 HTTP/1.1" 404 - "-" "meta-externalagent/1.1 (+https://developers.facebook.com/docs/sharing/webmasters/crawler)"
2a03:2880:f806:c:: - - [24/May/2026:16:04:45 -0400] "GET /public/items/M36324305?filesrc=//lib64/libxcb.so&path=//lib64 HTTP/1.1" 404 - "-" "meta-externalagent/1.1 (+https://developers.facebook.com/docs/sharing/webmasters/crawler)"
2a03:2880:f806:2d:: - - [24/May/2026:16:04:47 -0400] "GET /public/items/M36324305?filesrc=//lib64/libnssdbm3.so&path=//lib64 HTTP/1.1" 404 - "-" "meta-externalagent/1.1 (+https://developers.facebook.com/docs/sharing/webmasters/crawler)"
2a03:2880:f806:1a:: - - [24/May/2026:16:04:49 -0400] "GET /public/items/M36324305?filesrc=//lib64/libtidy.so.5&path=//lib64 HTTP/1.1" 404 - "-" "meta-externalagent/1.1 (+https://developers.facebook.com/docs/sharing/webmasters/crawler)"
2a03:2880:f806:4b:: - - [24/May/2026:16:04:51 -0400] "GET /public/items/M36324305?filesrc=//lib64/libmetalink.so.3&path=//lib64 HTTP/1.1" 404 - "-" "meta-externalagent/1.1 (+https://developers.facebook.com/docs/sharing/webmasters/crawler)"
2a03:2880:f806:27:: - - [24/May/2026:16:04:54 -0400] "GET /public/items/M36324305?filesrc=//lib64/libgstaudio-1.0.so.0.1601.0&path=//lib64 HTTP/1.1" 404 - "-" "meta-externalagent/1.1 (+https://developers.facebook.com/docs/sharing/webmasters/crawler)"
2a03:2880:f806:4f:: - - [24/May/2026:16:04:56 -0400] "GET /public/items/M36324305?filesrc=//lib64/libtdsS.so.2.0.0&path=//lib64 HTTP/1.1" 404 - "-" "meta-externalagent/1.1 (+https://developers.facebook.com/docs/sharing/webmasters/crawler)"
2a03:2880:f806:7:: - - [24/May/2026:16:04:58 -0400] "GET /public/items/M36324305?filesrc=//lib64/libQt5Widgets.so.5.15&path=//lib64 HTTP/1.1" 404 - "-" "meta-externalagent/1.1 (+https://developers.facebook.com/docs/sharing/webmasters/crawler)"
2a03:2880:f806:3f:: - - [24/May/2026:16:05:00 -0400] "GET /public/items/M36324305?filesrc=//lib64/librpmsign.so.8.2.0&path=//lib64 HTTP/1.1" 404 - "-" "meta-externalagent/1.1 (+https://developers.facebook.com/docs/sharing/webmasters/crawler)"
2a03:2880:f806:4:: - - [24/May/2026:16:05:02 -0400] "GET /public/items/M36324305?filesrc=//lib64/libpcreposix.so.0&path=//lib64 HTTP/1.1" 404 - "-" "meta-externalagent/1.1 (+https://developers.facebook.com/docs/sharing/webmasters/crawler)"
2a03:2880:f806:2d:: - - [24/May/2026:16:05:04 -0400] "GET /public/items/M36324305?filesrc=//lib64/libodbcdrvcfg1S.so.2.0.0&path=//lib64 HTTP/1.1" 404 - "-" "meta-externalagent/1.1 (+https://developers.facebook.com/docs/sharing/webmasters/crawler)"
2a03:2880:f806:25:: - - [24/May/2026:16:05:07 -0400] "GET /public/items/M36324305?filesrc=//lib64/libbabeltrace-dummy.so.1.0.0&path=//lib64 HTTP/1.1" 404 - "-" "meta-externalagent/1.1 (+https://developers.facebook.com/docs/sharing/webmasters/crawler)"
2a03:2880:f806:2d:: - - [24/May/2026:16:05:11 -0400] "GET /public/items/M36324305?filesrc=//lib64/libQt5DBus.so.5.15.3&path=//lib64 HTTP/1.1" 404 - "-" "meta-externalagent/1.1 (+https://developers.facebook.com/docs/sharing/webmasters/crawler)"
2a03:2880:f806:35:: - - [24/May/2026:16:05:12 -0400] "GET /public/items/M36324305?filesrc=//lib64/libQt5QuickShapes.so.5.15.3&path=//lib64 HTTP/1.1" 404 - "-" "meta-externalagent/1.1 (+https://developers.facebook.com/docs/sharing/webmasters/crawler)"
2a03:2880:f806:42:: - - [24/May/2026:16:05:13 -0400] "GET /public/items/M36324305?filesrc=//lib64/libQt5Concurrent.so.5.15.3&path=//lib64 HTTP/1.1" 404 - "-" "meta-externalagent/1.1 (+https://developers.facebook.com/docs/sharing/webmasters/crawler)"
2a03:2880:f806:4b:: - - [24/May/2026:16:05:15 -0400] "GET /public/items/M36324305?filesrc=//lib64/libtss2-mu.so.0&path=//lib64 HTTP/1.1" 404 - "-" "meta-externalagent/1.1 (+https://developers.facebook.com/docs/sharing/webmasters/crawler)"
2a03:2880:f806:12:: - - [24/May/2026:16:05:17 -0400] "GET /public/items/M36324305?filesrc=//lib64/libisccfg.so&path=//lib64 HTTP/1.1" 404 - "-" "meta-externalagent/1.1 (+https://developers.facebook.com/docs/sharing/webmasters/crawler)"
2a03:2880:f806:1e:: - - [24/May/2026:16:05:20 -0400] "GET /public/items/M36324305?filesrc=//lib64/libinotifytools.so.0.4.1&path=//lib64 HTTP/1.1" 404 - "-" "meta-externalagent/1.1 (+https://developers.facebook.com/docs/sharing/webmasters/crawler)"
2a03:2880:f806:4c:: - - [24/May/2026:16:05:22 -0400] "GET /public/items/M36324305?filesrc=//lib64/libfuse.so.2&path=//lib64 HTTP/1.1" 404 - "-" "meta-externalagent/1.1 (+https://developers.facebook.com/docs/sharing/webmasters/crawler)"
2a03:2880:f806:39:: - - [24/May/2026:16:05:23 -0400] "GET /public/items/M36324305?filesrc=//lib64/libxcb-damage.so.0.0.0&path=//lib64 HTTP/1.1" 404 - "-" "meta-externalagent/1.1 (+https://developers.facebook.com/docs/sharing/webmasters/crawler)"
2a03:2880:f806:6:: - - [24/May/2026:16:05:26 -0400] "GET /public/items/M36324305?filesrc=//lib64/libvorbisfile.so.3.3.7&path=//lib64 HTTP/1.1" 404 - "-" "meta-externalagent/1.1 (+https://developers.facebook.com/docs/sharing/webmasters/crawler)"
2a03:2880:f806:16:: - - [24/May/2026:16:05:29 -0400] "GET /public/items/M36324305?filesrc=//lib64/libdrm_nouveau.so.2&path=//lib64 HTTP/1.1" 404 - "-" "meta-externalagent/1.1 (+https://developers.facebook.com/docs/sharing/webmasters/crawler)"
2a03:2880:f806:19:: - - [24/May/2026:16:05:31 -0400] "GET /public/items/M36324305?filesrc=//lib64/libQt5PrintSupport.so.5.15.3&path=//lib64 HTTP/1.1" 404 - "-" "meta-externalagent/1.1 (+https://developers.facebook.com/docs/sharing/webmasters/crawler)"
2a03:2880:f806:1e:: - - [24/May/2026:16:05:33 -0400] "GET /public/items/M36324305?filesrc=//lib64/libQt5Network.so.5.15.3&path=//lib64 HTTP/1.1" 404 - "-" "meta-externalagent/1.1 (+https://developers.facebook.com/docs/sharing/webmasters/crawler)"
2a03:2880:f806:21:: - - [24/May/2026:16:05:35 -0400] "GET /public/items/M36324305?path=/home/sanghavirealty/public_html/public/html/fonts&aksi=ransom HTTP/1.1" 404 - "-" "meta-externalagent/1.1 (+https://developers.facebook.com/docs/sharing/webmasters/crawler)"
2a03:2880:f806:4:: - - [24/May/2026:16:05:37 -0400] "GET /public/items/M36324305?filesrc=//lib64/libcupsppdc.so.1&path=//lib64 HTTP/1.1" 404 - "-" "meta-externalagent/1.1 (+https://developers.facebook.com/docs/sharing/webmasters/crawler)"
2a03:2880:f806:3c:: - - [24/May/2026:16:05:39 -0400] "GET /public/items/M36324305?filesrc=//lib64/libpcre16.so.0&path=//lib64 HTTP/1.1" 404 - "-" "meta-externalagent/1.1 (+https://developers.facebook.com/docs/sharing/webmasters/crawler)"
192.178.4.102 - - [24/May/2026:16:05:40 -0400] "GET /public/items/A118176608/ HTTP/1.1" 301 301 "-" "Mozilla/5.0 (Linux; Android 6.0.1; Nexus 5X Build/MMB29P) AppleWebKit/537.36 (KHTML, like Gecko) Chrome/148.0.7778.96 Mobile Safari/537.36 (compatible; Googlebot/2.1; +http://www.google.com/bot.html)"
2a03:2880:f806:f:: - - [24/May/2026:16:05:41 -0400] "GET /public/items/M36324305?filesrc=//lib64/libpanel.so.6.1&path=//lib64 HTTP/1.1" 404 - "-" "meta-externalagent/1.1 (+https://developers.facebook.com/docs/sharing/webmasters/crawler)"
88.26.50.177 - - [24/May/2026:16:05:43 -0400] "GET /items/M149861325/ HTTP/1.1" 301 297 "-" "Mozilla/5.0 (Windows NT 10.0; Win64; x64) AppleWebKit/537.36 (KHTML, like Gecko) Chrome/127.0.6533.72 Safari/537.36"
88.26.50.177 - - [24/May/2026:16:05:44 -0400] "GET /public/items/M149861325 HTTP/1.1" 404 - "-" "Mozilla/5.0 (Windows NT 10.0; Win64; x64) AppleWebKit/537.36 (KHTML, like Gecko) Chrome/127.0.6533.72 Safari/537.36"
2a03:2880:f806:52:: - - [24/May/2026:16:05:44 -0400] "GET /public/items/M36324305?filesrc=//lib64/libcdt.so.5&path=//lib64 HTTP/1.1" 404 - "-" "meta-externalagent/1.1 (+https://developers.facebook.com/docs/sharing/webmasters/crawler)"
2a03:2880:f806:35:: - - [24/May/2026:16:05:46 -0400] "GET /public/items/M36324305?filesrc=//lib64/libmcpp.so.0.3.0&path=//lib64 HTTP/1.1" 404 - "-" "meta-externalagent/1.1 (+https://developers.facebook.com/docs/sharing/webmasters/crawler)"
2a03:2880:f806:26:: - - [24/May/2026:16:05:48 -0400] "GET /public/items/M36324305?filesrc=//lib64/libbasicobjects.so.0.1.0&path=//lib64 HTTP/1.1" 404 - "-" "meta-externalagent/1.1 (+https://developers.facebook.com/docs/sharing/webmasters/crawler)"
2a03:2880:f806:3b:: - - [24/May/2026:16:05:50 -0400] "GET /public/items/M36324305?filesrc=//lib64/libcrypt.so.1&path=//lib64 HTTP/1.1" 404 - "-" "meta-externalagent/1.1 (+https://developers.facebook.com/docs/sharing/webmasters/crawler)"
14.191.89.148 - - [24/May/2026:16:05:53 -0400] "GET /items/M58459123/ HTTP/1.1" 301 296 "-" "Mozilla/5.0 (Macintosh; Intel Mac OS X 11.1; rv:135.0) Gecko/20100101 Firefox/135.0"
14.191.89.148 - - [24/May/2026:16:05:53 -0400] "GET /public/items/M58459123 HTTP/1.1" 404 - "-" "Mozilla/5.0 (Macintosh; Intel Mac OS X 11.1; rv:135.0) Gecko/20100101 Firefox/135.0"
2a03:2880:f806:4d:: - - [24/May/2026:16:05:54 -0400] "GET /public/items/M36324305?filesrc=//lib64/libpcprofile.so&path=//lib64 HTTP/1.1" 404 - "-" "meta-externalagent/1.1 (+https://developers.facebook.com/docs/sharing/webmasters/crawler)"
2a03:2880:f806:9:: - - [24/May/2026:16:05:54 -0400] "GET /public/items/M36324305?filesrc=//lib64/libxcb-xselinux.so.0&path=//lib64 HTTP/1.1" 404 - "-" "meta-externalagent/1.1 (+https://developers.facebook.com/docs/sharing/webmasters/crawler)"
2a03:2880:f806:2:: - - [24/May/2026:16:05:56 -0400] "GET /public/items/M36324305?filesrc=//lib64/libmemcachedutil.so.2.0.0&path=//lib64 HTTP/1.1" 404 - "-" "meta-externalagent/1.1 (+https://developers.facebook.com/docs/sharing/webmasters/crawler)"
2a03:2880:f806:f:: - - [24/May/2026:16:05:59 -0400] "GET /public/items/M36324305?filesrc=//lib64/libcrypto.so.1.1.1k&path=//lib64 HTTP/1.1" 404 - "-" "meta-externalagent/1.1 (+https://developers.facebook.com/docs/sharing/webmasters/crawler)"
2a03:2880:f806:52:: - - [24/May/2026:16:06:00 -0400] "GET /public/items/M36324305?filesrc=//lib64/libutil-2.28.so&path=//lib64 HTTP/1.1" 404 - "-" "meta-externalagent/1.1 (+https://developers.facebook.com/docs/sharing/webmasters/crawler)"
2a03:2880:f806:47:: - - [24/May/2026:16:06:03 -0400] "GET /public/items/M36324305?filesrc=//lib64/libpangoxft-1.0.so.0.4200.3&path=//lib64 HTTP/1.1" 404 - "-" "meta-externalagent/1.1 (+https://developers.facebook.com/docs/sharing/webmasters/crawler)"
2a03:2880:f806:e:: - - [24/May/2026:16:06:05 -0400] "GET /public/items/M36324305?filesrc=//lib64/libjxl.so.0.7&path=//lib64 HTTP/1.1" 404 - "-" "meta-externalagent/1.1 (+https://developers.facebook.com/docs/sharing/webmasters/crawler)"
2a03:2880:f806:1:: - - [24/May/2026:16:06:08 -0400] "GET /public/items/M36324305?filesrc=//lib64/libgstaudio-1.0.so.0&path=//lib64 HTTP/1.1" 404 - "-" "meta-externalagent/1.1 (+https://developers.facebook.com/docs/sharing/webmasters/crawler)"
2a03:2880:f806:3e:: - - [24/May/2026:16:06:10 -0400] "GET /public/items/M36324305?path=//lib64/tk8.6 HTTP/1.1" 404 - "-" "meta-externalagent/1.1 (+https://developers.facebook.com/docs/sharing/webmasters/crawler)"
2a03:2880:f806:12:: - - [24/May/2026:16:06:12 -0400] "GET /public/items/M36324305?filesrc=//lib64/libpanelw.so&path=//lib64 HTTP/1.1" 404 - "-" "meta-externalagent/1.1 (+https://developers.facebook.com/docs/sharing/webmasters/crawler)"
146.174.170.32 - - [24/May/2026:16:06:13 -0400] "GET /items/M51437103/ HTTP/1.1" 301 296 "-" "Mozilla/5.0 (Macintosh; Intel Mac OS X 10_15_7) AppleWebKit/537.36 (KHTML, like Gecko) Chrome/134.0.6998.45 Safari/537.36"
146.174.170.32 - - [24/May/2026:16:06:13 -0400] "GET /public/items/M51437103 HTTP/1.1" 404 - "-" "Mozilla/5.0 (Macintosh; Intel Mac OS X 10_15_7) AppleWebKit/537.36 (KHTML, like Gecko) Chrome/134.0.6998.45 Safari/537.36"
2a03:2880:f806:2d:: - - [24/May/2026:16:06:14 -0400] "GET /public/items/M36324305?filesrc=//lib64/libyaz_icu.so.5.0.0&path=//lib64 HTTP/1.1" 404 - "-" "meta-externalagent/1.1 (+https://developers.facebook.com/docs/sharing/webmasters/crawler)"
2a03:2880:f806:5:: - - [24/May/2026:16:06:17 -0400] "GET /public/items/M36324305?filesrc=//lib64/libtinfo.so&path=//lib64 HTTP/1.1" 404 - "-" "meta-externalagent/1.1 (+https://developers.facebook.com/docs/sharing/webmasters/crawler)"
2a03:2880:f806:f:: - - [24/May/2026:16:06:19 -0400] "GET /public/items/M36324305?filesrc=//lib64/libpanel.so&path=//lib64 HTTP/1.1" 404 - "-" "meta-externalagent/1.1 (+https://developers.facebook.com/docs/sharing/webmasters/crawler)"
2a03:2880:f806:c:: - - [24/May/2026:16:06:20 -0400] "GET /public/items/M36324305?filesrc=//lib64/liblve.so.0.9.0&path=//lib64 HTTP/1.1" 404 - "-" "meta-externalagent/1.1 (+https://developers.facebook.com/docs/sharing/webmasters/crawler)"
2a03:2880:f806:36:: - - [24/May/2026:16:06:23 -0400] "GET /public/items/M36324305?filesrc=//lib64/libext2fs.so.2&path=//lib64 HTTP/1.1" 404 - "-" "meta-externalagent/1.1 (+https://developers.facebook.com/docs/sharing/webmasters/crawler)"
2a03:2880:f806:27:: - - [24/May/2026:16:06:24 -0400] "GET /public/items/M36324305?filesrc=//lib64/libcurl.so&path=//lib64 HTTP/1.1" 404 - "-" "meta-externalagent/1.1 (+https://developers.facebook.com/docs/sharing/webmasters/crawler)"
2a03:2880:f806:6:: - - [24/May/2026:16:06:28 -0400] "GET /public/items/M36324305?filesrc=//lib64/libkrad.so&path=//lib64 HTTP/1.1" 404 - "-" "meta-externalagent/1.1 (+https://developers.facebook.com/docs/sharing/webmasters/crawler)"
2a03:2880:f806:e:: - - [24/May/2026:16:06:29 -0400] "GET /public/items/M36324305?filesrc=//lib64/libisccc.so.161.0.1&path=//lib64 HTTP/1.1" 404 - "-" "meta-externalagent/1.1 (+https://developers.facebook.com/docs/sharing/webmasters/crawler)"
2a03:2880:f806:e:: - - [24/May/2026:16:06:34 -0400] "GET /public/items/M36324305?path=//lib64/gio HTTP/1.1" 404 - "-" "meta-externalagent/1.1 (+https://developers.facebook.com/docs/sharing/webmasters/crawler)"
2a03:2880:f806:27:: - - [24/May/2026:16:06:35 -0400] "GET /public/items/M36324305?filesrc=//lib64/libgcrypt.so.20&path=//lib64 HTTP/1.1" 404 - "-" "meta-externalagent/1.1 (+https://developers.facebook.com/docs/sharing/webmasters/crawler)"
2a03:2880:f806:9:: - - [24/May/2026:16:06:37 -0400] "GET /public/items/M36324305?filesrc=//lib64/libgvc.so.6&path=//lib64 HTTP/1.1" 404 - "-" "meta-externalagent/1.1 (+https://developers.facebook.com/docs/sharing/webmasters/crawler)"
2a03:2880:f806:13:: - - [24/May/2026:16:06:40 -0400] "GET /public/items/M36324305?filesrc=//lib64/libsmime3.so&path=//lib64 HTTP/1.1" 404 - "-" "meta-externalagent/1.1 (+https://developers.facebook.com/docs/sharing/webmasters/crawler)"
2a03:2880:f806:51:: - - [24/May/2026:16:06:42 -0400] "GET /public/items/M36324305?filesrc=//lib64/libtheoradec.so.1&path=//lib64 HTTP/1.1" 404 - "-" "meta-externalagent/1.1 (+https://developers.facebook.com/docs/sharing/webmasters/crawler)"
2a03:2880:f806:3f:: - - [24/May/2026:16:06:43 -0400] "GET /public/items/M36324305?path=//lib64/bpf HTTP/1.1" 404 - "-" "meta-externalagent/1.1 (+https://developers.facebook.com/docs/sharing/webmasters/crawler)"
146.174.181.150 - - [24/May/2026:16:06:44 -0400] "GET /items/M62326860/ HTTP/1.1" 301 296 "-" "Mozilla/5.0 (Macintosh; Intel Mac OS X 10_15_7) AppleWebKit/537.36 (KHTML, like Gecko) Chrome/132.0.6834.83 Safari/537.36"
2a03:2880:f806:39:: - - [24/May/2026:16:06:44 -0400] "GET /public/items/M36324305?filesrc=//lib64/libssl.so.1.0.2o&path=//lib64 HTTP/1.1" 404 - "-" "meta-externalagent/1.1 (+https://developers.facebook.com/docs/sharing/webmasters/crawler)"
146.174.181.150 - - [24/May/2026:16:06:44 -0400] "GET /public/items/M62326860 HTTP/1.1" 404 - "-" "Mozilla/5.0 (Macintosh; Intel Mac OS X 10_15_7) AppleWebKit/537.36 (KHTML, like Gecko) Chrome/132.0.6834.83 Safari/537.36"
20.9.45.132 - - [24/May/2026:16:06:45 -0400] "GET /admin.php HTTP/1.1" 404 - "-" "Mozilla/5.0 (Windows NT 10.0; Win64; x64) AppleWebKit/537.36 (KHTML, like Gecko) Chrome/120.0.0.0 Safari/537.36"
20.9.45.132 - - [24/May/2026:16:06:45 -0400] "GET /inputs.php HTTP/1.1" 404 - "-" "Mozilla/5.0 (Windows NT 10.0; Win64; x64) AppleWebKit/537.36 (KHTML, like Gecko) Chrome/120.0.0.0 Safari/537.36"
20.9.45.132 - - [24/May/2026:16:06:45 -0400] "GET /file.php HTTP/1.1" 404 - "-" "Mozilla/5.0 (Windows NT 10.0; Win64; x64) AppleWebKit/537.36 (KHTML, like Gecko) Chrome/120.0.0.0 Safari/537.36"
20.9.45.132 - - [24/May/2026:16:06:45 -0400] "GET /goods.php HTTP/1.1" 404 - "-" "Mozilla/5.0 (Windows NT 10.0; Win64; x64) AppleWebKit/537.36 (KHTML, like Gecko) Chrome/120.0.0.0 Safari/537.36"
20.9.45.132 - - [24/May/2026:16:06:45 -0400] "GET /ms-edit.php HTTP/1.1" 404 - "-" "Mozilla/5.0 (Windows NT 10.0; Win64; x64) AppleWebKit/537.36 (KHTML, like Gecko) Chrome/120.0.0.0 Safari/537.36"
20.9.45.132 - - [24/May/2026:16:06:45 -0400] "GET /simple.php HTTP/1.1" 404 - "-" "Mozilla/5.0 (Windows NT 10.0; Win64; x64) AppleWebKit/537.36 (KHTML, like Gecko) Chrome/120.0.0.0 Safari/537.36"
20.9.45.132 - - [24/May/2026:16:06:45 -0400] "GET /bgymj.php HTTP/1.1" 404 - "-" "Mozilla/5.0 (Windows NT 10.0; Win64; x64) AppleWebKit/537.36 (KHTML, like Gecko) Chrome/120.0.0.0 Safari/537.36"
20.9.45.132 - - [24/May/2026:16:06:45 -0400] "GET /wp-content/plugins/twenty/login.php HTTP/1.1" 404 - "-" "Mozilla/5.0 (Windows NT 10.0; Win64; x64) AppleWebKit/537.36 (KHTML, like Gecko) Chrome/120.0.0.0 Safari/537.36"
20.9.45.132 - - [24/May/2026:16:06:45 -0400] "GET /404.php HTTP/1.1" 404 - "-" "Mozilla/5.0 (Windows NT 10.0; Win64; x64) AppleWebKit/537.36 (KHTML, like Gecko) Chrome/120.0.0.0 Safari/537.36"
20.9.45.132 - - [24/May/2026:16:06:46 -0400] "GET /file3.php HTTP/1.1" 404 - "-" "Mozilla/5.0 (Windows NT 10.0; Win64; x64) AppleWebKit/537.36 (KHTML, like Gecko) Chrome/120.0.0.0 Safari/537.36"
20.9.45.132 - - [24/May/2026:16:06:46 -0400] "GET /wp-mail.php HTTP/1.1" 404 - "-" "Mozilla/5.0 (Windows NT 10.0; Win64; x64) AppleWebKit/537.36 (KHTML, like Gecko) Chrome/120.0.0.0 Safari/537.36"
20.9.45.132 - - [24/May/2026:16:06:46 -0400] "GET /about.php HTTP/1.1" 404 - "-" "Mozilla/5.0 (Windows NT 10.0; Win64; x64) AppleWebKit/537.36 (KHTML, like Gecko) Chrome/120.0.0.0 Safari/537.36"
20.9.45.132 - - [24/May/2026:16:06:46 -0400] "GET /wp.php HTTP/1.1" 404 - "-" "Mozilla/5.0 (Windows NT 10.0; Win64; x64) AppleWebKit/537.36 (KHTML, like Gecko) Chrome/120.0.0.0 Safari/537.36"
20.9.45.132 - - [24/May/2026:16:06:46 -0400] "GET /.dj/index.php HTTP/1.1" 404 - "-" "Mozilla/5.0 (Windows NT 10.0; Win64; x64) AppleWebKit/537.36 (KHTML, like Gecko) Chrome/120.0.0.0 Safari/537.36"
20.9.45.132 - - [24/May/2026:16:06:46 -0400] "GET /adminfuns.php HTTP/1.1" 404 - "-" "Mozilla/5.0 (Windows NT 10.0; Win64; x64) AppleWebKit/537.36 (KHTML, like Gecko) Chrome/120.0.0.0 Safari/537.36"
20.9.45.132 - - [24/May/2026:16:06:46 -0400] "GET /php8.php HTTP/1.1" 404 - "-" "Mozilla/5.0 (Windows NT 10.0; Win64; x64) AppleWebKit/537.36 (KHTML, like Gecko) Chrome/120.0.0.0 Safari/537.36"
20.9.45.132 - - [24/May/2026:16:06:46 -0400] "GET /classwithtostring.php HTTP/1.1" 404 - "-" "Mozilla/5.0 (Windows NT 10.0; Win64; x64) AppleWebKit/537.36 (KHTML, like Gecko) Chrome/120.0.0.0 Safari/537.36"
20.9.45.132 - - [24/May/2026:16:06:46 -0400] "GET /info.php HTTP/1.1" 404 - "-" "Mozilla/5.0 (Windows NT 10.0; Win64; x64) AppleWebKit/537.36 (KHTML, like Gecko) Chrome/120.0.0.0 Safari/537.36"
20.9.45.132 - - [24/May/2026:16:06:46 -0400] "GET /ioxi-o.php HTTP/1.1" 404 - "-" "Mozilla/5.0 (Windows NT 10.0; Win64; x64) AppleWebKit/537.36 (KHTML, like Gecko) Chrome/120.0.0.0 Safari/537.36"
20.9.45.132 - - [24/May/2026:16:06:46 -0400] "GET /011i.php HTTP/1.1" 404 - "-" "Mozilla/5.0 (Windows NT 10.0; Win64; x64) AppleWebKit/537.36 (KHTML, like Gecko) Chrome/120.0.0.0 Safari/537.36"
20.9.45.132 - - [24/May/2026:16:06:46 -0400] "GET /edit.php HTTP/1.1" 404 - "-" "Mozilla/5.0 (Windows NT 10.0; Win64; x64) AppleWebKit/537.36 (KHTML, like Gecko) Chrome/120.0.0.0 Safari/537.36"
20.9.45.132 - - [24/May/2026:16:06:47 -0400] "GET /sid3.php HTTP/1.1" 404 - "-" "Mozilla/5.0 (Windows NT 10.0; Win64; x64) AppleWebKit/537.36 (KHTML, like Gecko) Chrome/120.0.0.0 Safari/537.36"
20.9.45.132 - - [24/May/2026:16:06:47 -0400] "GET /load.php HTTP/1.1" 404 - "-" "Mozilla/5.0 (Windows NT 10.0; Win64; x64) AppleWebKit/537.36 (KHTML, like Gecko) Chrome/120.0.0.0 Safari/537.36"
2a03:2880:f806:43:: - - [24/May/2026:16:06:47 -0400] "GET /public/items/M36324305?filesrc=//lib64/libpaper.so.1&path=//lib64 HTTP/1.1" 404 - "-" "meta-externalagent/1.1 (+https://developers.facebook.com/docs/sharing/webmasters/crawler)"
20.9.45.132 - - [24/May/2026:16:06:47 -0400] "GET /166.php HTTP/1.1" 404 - "-" "Mozilla/5.0 (Windows NT 10.0; Win64; x64) AppleWebKit/537.36 (KHTML, like Gecko) Chrome/120.0.0.0 Safari/537.36"
20.9.45.132 - - [24/May/2026:16:06:47 -0400] "GET /wp-mail.php HTTP/1.1" 404 - "-" "Mozilla/5.0 (Windows NT 10.0; Win64; x64) AppleWebKit/537.36 (KHTML, like Gecko) Chrome/120.0.0.0 Safari/537.36"
20.9.45.132 - - [24/May/2026:16:06:47 -0400] "GET /leaf.php HTTP/1.1" 404 - "-" "Mozilla/5.0 (Windows NT 10.0; Win64; x64) AppleWebKit/537.36 (KHTML, like Gecko) Chrome/120.0.0.0 Safari/537.36"
20.9.45.132 - - [24/May/2026:16:06:47 -0400] "GET /grsiuk.php HTTP/1.1" 404 - "-" "Mozilla/5.0 (Windows NT 10.0; Win64; x64) AppleWebKit/537.36 (KHTML, like Gecko) Chrome/120.0.0.0 Safari/537.36"
20.9.45.132 - - [24/May/2026:16:06:47 -0400] "GET /8.php HTTP/1.1" 404 - "-" "Mozilla/5.0 (Windows NT 10.0; Win64; x64) AppleWebKit/537.36 (KHTML, like Gecko) Chrome/120.0.0.0 Safari/537.36"
20.9.45.132 - - [24/May/2026:16:06:47 -0400] "GET /fs.php HTTP/1.1" 404 - "-" "Mozilla/5.0 (Windows NT 10.0; Win64; x64) AppleWebKit/537.36 (KHTML, like Gecko) Chrome/120.0.0.0 Safari/537.36"
20.9.45.132 - - [24/May/2026:16:06:47 -0400] "GET /ws38.php HTTP/1.1" 404 - "-" "Mozilla/5.0 (Windows NT 10.0; Win64; x64) AppleWebKit/537.36 (KHTML, like Gecko) Chrome/120.0.0.0 Safari/537.36"
20.9.45.132 - - [24/May/2026:16:06:47 -0400] "GET /a7.php HTTP/1.1" 404 - "-" "Mozilla/5.0 (Windows NT 10.0; Win64; x64) AppleWebKit/537.36 (KHTML, like Gecko) Chrome/120.0.0.0 Safari/537.36"
20.9.45.132 - - [24/May/2026:16:06:48 -0400] "GET /classsmtps.php HTTP/1.1" 404 - "-" "Mozilla/5.0 (Windows NT 10.0; Win64; x64) AppleWebKit/537.36 (KHTML, like Gecko) Chrome/120.0.0.0 Safari/537.36"
20.9.45.132 - - [24/May/2026:16:06:48 -0400] "GET /amax.php HTTP/1.1" 404 - "-" "Mozilla/5.0 (Windows NT 10.0; Win64; x64) AppleWebKit/537.36 (KHTML, like Gecko) Chrome/120.0.0.0 Safari/537.36"
20.9.45.132 - - [24/May/2026:16:06:48 -0400] "GET /CDX1.php HTTP/1.1" 404 - "-" "Mozilla/5.0 (Windows NT 10.0; Win64; x64) AppleWebKit/537.36 (KHTML, like Gecko) Chrome/120.0.0.0 Safari/537.36"
20.9.45.132 - - [24/May/2026:16:06:48 -0400] "GET /rip.php HTTP/1.1" 404 - "-" "Mozilla/5.0 (Windows NT 10.0; Win64; x64) AppleWebKit/537.36 (KHTML, like Gecko) Chrome/120.0.0.0 Safari/537.36"
20.9.45.132 - - [24/May/2026:16:06:48 -0400] "GET /1.php HTTP/1.1" 404 - "-" "Mozilla/5.0 (Windows NT 10.0; Win64; x64) AppleWebKit/537.36 (KHTML, like Gecko) Chrome/120.0.0.0 Safari/537.36"
20.9.45.132 - - [24/May/2026:16:06:48 -0400] "GET /chosen.php HTTP/1.1" 404 - "-" "Mozilla/5.0 (Windows NT 10.0; Win64; x64) AppleWebKit/537.36 (KHTML, like Gecko) Chrome/120.0.0.0 Safari/537.36"
20.9.45.132 - - [24/May/2026:16:06:48 -0400] "GET /css.php HTTP/1.1" 404 - "-" "Mozilla/5.0 (Windows NT 10.0; Win64; x64) AppleWebKit/537.36 (KHTML, like Gecko) Chrome/120.0.0.0 Safari/537.36"
20.9.45.132 - - [24/May/2026:16:06:48 -0400] "GET /php.php HTTP/1.1" 404 - "-" "Mozilla/5.0 (Windows NT 10.0; Win64; x64) AppleWebKit/537.36 (KHTML, like Gecko) Chrome/120.0.0.0 Safari/537.36"
20.9.45.132 - - [24/May/2026:16:06:49 -0400] "GET /wp-Blogs.php HTTP/1.1" 404 - "-" "Mozilla/5.0 (Windows NT 10.0; Win64; x64) AppleWebKit/537.36 (KHTML, like Gecko) Chrome/120.0.0.0 Safari/537.36"
20.9.45.132 - - [24/May/2026:16:06:49 -0400] "GET /wp-content/index.php HTTP/1.1" 404 - "-" "Mozilla/5.0 (Windows NT 10.0; Win64; x64) AppleWebKit/537.36 (KHTML, like Gecko) Chrome/120.0.0.0 Safari/537.36"
20.9.45.132 - - [24/May/2026:16:06:49 -0400] "GET /wp-content/plugins/beteng88/ws83.php HTTP/1.1" 404 - "-" "Mozilla/5.0 (Windows NT 10.0; Win64; x64) AppleWebKit/537.36 (KHTML, like Gecko) Chrome/120.0.0.0 Safari/537.36"
2a03:2880:f806:20:: - - [24/May/2026:16:06:49 -0400] "GET /public/items/M36324305?filesrc=//lib64/libnfnetlink.so.0&path=//lib64 HTTP/1.1" 404 - "-" "meta-externalagent/1.1 (+https://developers.facebook.com/docs/sharing/webmasters/crawler)"
20.9.45.132 - - [24/May/2026:16:06:49 -0400] "GET /ws83.php HTTP/1.1" 404 - "-" "Mozilla/5.0 (Windows NT 10.0; Win64; x64) AppleWebKit/537.36 (KHTML, like Gecko) Chrome/120.0.0.0 Safari/537.36"
20.9.45.132 - - [24/May/2026:16:06:49 -0400] "GET /file61.php HTTP/1.1" 404 - "-" "Mozilla/5.0 (Windows NT 10.0; Win64; x64) AppleWebKit/537.36 (KHTML, like Gecko) Chrome/120.0.0.0 Safari/537.36"
20.9.45.132 - - [24/May/2026:16:06:49 -0400] "GET /sadcut1.php HTTP/1.1" 404 - "-" "Mozilla/5.0 (Windows NT 10.0; Win64; x64) AppleWebKit/537.36 (KHTML, like Gecko) Chrome/120.0.0.0 Safari/537.36"
20.9.45.132 - - [24/May/2026:16:06:49 -0400] "GET /y.php HTTP/1.1" 404 - "-" "Mozilla/5.0 (Windows NT 10.0; Win64; x64) AppleWebKit/537.36 (KHTML, like Gecko) Chrome/120.0.0.0 Safari/537.36"
20.9.45.132 - - [24/May/2026:16:06:49 -0400] "GET /akcc.php HTTP/1.1" 404 - "-" "Mozilla/5.0 (Windows NT 10.0; Win64; x64) AppleWebKit/537.36 (KHTML, like Gecko) Chrome/120.0.0.0 Safari/537.36"
20.9.45.132 - - [24/May/2026:16:06:49 -0400] "GET /wp-admin/user/12.php HTTP/1.1" 404 - "-" "Mozilla/5.0 (Windows NT 10.0; Win64; x64) AppleWebKit/537.36 (KHTML, like Gecko) Chrome/120.0.0.0 Safari/537.36"
20.9.45.132 - - [24/May/2026:16:06:50 -0400] "GET /index/function.php HTTP/1.1" 404 - "-" "Mozilla/5.0 (Windows NT 10.0; Win64; x64) AppleWebKit/537.36 (KHTML, like Gecko) Chrome/120.0.0.0 Safari/537.36"
20.9.45.132 - - [24/May/2026:16:06:50 -0400] "GET /term.php HTTP/1.1" 404 - "-" "Mozilla/5.0 (Windows NT 10.0; Win64; x64) AppleWebKit/537.36 (KHTML, like Gecko) Chrome/120.0.0.0 Safari/537.36"
20.9.45.132 - - [24/May/2026:16:06:50 -0400] "GET /666.php HTTP/1.1" 404 - "-" "Mozilla/5.0 (Windows NT 10.0; Win64; x64) AppleWebKit/537.36 (KHTML, like Gecko) Chrome/120.0.0.0 Safari/537.36"
20.9.45.132 - - [24/May/2026:16:06:50 -0400] "GET /7.php HTTP/1.1" 404 - "-" "Mozilla/5.0 (Windows NT 10.0; Win64; x64) AppleWebKit/537.36 (KHTML, like Gecko) Chrome/120.0.0.0 Safari/537.36"
20.9.45.132 - - [24/May/2026:16:06:50 -0400] "GET /wp-config-sample.php HTTP/1.1" 404 - "-" "Mozilla/5.0 (Windows NT 10.0; Win64; x64) AppleWebKit/537.36 (KHTML, like Gecko) Chrome/120.0.0.0 Safari/537.36"
20.9.45.132 - - [24/May/2026:16:06:50 -0400] "GET /log.php HTTP/1.1" 404 - "-" "Mozilla/5.0 (Windows NT 10.0; Win64; x64) AppleWebKit/537.36 (KHTML, like Gecko) Chrome/120.0.0.0 Safari/537.36"
20.9.45.132 - - [24/May/2026:16:06:50 -0400] "GET /a5.php HTTP/1.1" 404 - "-" "Mozilla/5.0 (Windows NT 10.0; Win64; x64) AppleWebKit/537.36 (KHTML, like Gecko) Chrome/120.0.0.0 Safari/537.36"
20.9.45.132 - - [24/May/2026:16:06:50 -0400] "GET /aa.php HTTP/1.1" 404 - "-" "Mozilla/5.0 (Windows NT 10.0; Win64; x64) AppleWebKit/537.36 (KHTML, like Gecko) Chrome/120.0.0.0 Safari/537.36"
20.9.45.132 - - [24/May/2026:16:06:50 -0400] "GET /bolt.php HTTP/1.1" 404 - "-" "Mozilla/5.0 (Windows NT 10.0; Win64; x64) AppleWebKit/537.36 (KHTML, like Gecko) Chrome/120.0.0.0 Safari/537.36"
2a03:2880:f806:27:: - - [24/May/2026:16:06:50 -0400] "GET /public/items/M36324305?filesrc=//lib64/libmnl.so.0.2.0&path=//lib64 HTTP/1.1" 404 - "-" "meta-externalagent/1.1 (+https://developers.facebook.com/docs/sharing/webmasters/crawler)"
20.9.45.132 - - [24/May/2026:16:06:51 -0400] "GET /x.php HTTP/1.1" 404 - "-" "Mozilla/5.0 (Windows NT 10.0; Win64; x64) AppleWebKit/537.36 (KHTML, like Gecko) Chrome/120.0.0.0 Safari/537.36"
20.9.45.132 - - [24/May/2026:16:06:51 -0400] "GET /jga.php HTTP/1.1" 404 - "-" "Mozilla/5.0 (Windows NT 10.0; Win64; x64) AppleWebKit/537.36 (KHTML, like Gecko) Chrome/120.0.0.0 Safari/537.36"
20.9.45.132 - - [24/May/2026:16:06:51 -0400] "GET /k.php HTTP/1.1" 404 - "-" "Mozilla/5.0 (Windows NT 10.0; Win64; x64) AppleWebKit/537.36 (KHTML, like Gecko) Chrome/120.0.0.0 Safari/537.36"
20.9.45.132 - - [24/May/2026:16:06:51 -0400] "GET /vx.php HTTP/1.1" 404 - "-" "Mozilla/5.0 (Windows NT 10.0; Win64; x64) AppleWebKit/537.36 (KHTML, like Gecko) Chrome/120.0.0.0 Safari/537.36"
20.9.45.132 - - [24/May/2026:16:06:51 -0400] "GET /ws77.php HTTP/1.1" 404 - "-" "Mozilla/5.0 (Windows NT 10.0; Win64; x64) AppleWebKit/537.36 (KHTML, like Gecko) Chrome/120.0.0.0 Safari/537.36"
20.9.45.132 - - [24/May/2026:16:06:51 -0400] "GET /2.php HTTP/1.1" 404 - "-" "Mozilla/5.0 (Windows NT 10.0; Win64; x64) AppleWebKit/537.36 (KHTML, like Gecko) Chrome/120.0.0.0 Safari/537.36"
20.9.45.132 - - [24/May/2026:16:06:51 -0400] "GET /abcd.php HTTP/1.1" 404 - "-" "Mozilla/5.0 (Windows NT 10.0; Win64; x64) AppleWebKit/537.36 (KHTML, like Gecko) Chrome/120.0.0.0 Safari/537.36"
20.9.45.132 - - [24/May/2026:16:06:51 -0400] "GET /wp-content/plugins/admin.php HTTP/1.1" 404 - "-" "Mozilla/5.0 (Windows NT 10.0; Win64; x64) AppleWebKit/537.36 (KHTML, like Gecko) Chrome/120.0.0.0 Safari/537.36"
20.9.45.132 - - [24/May/2026:16:06:51 -0400] "GET /asd.php HTTP/1.1" 404 - "-" "Mozilla/5.0 (Windows NT 10.0; Win64; x64) AppleWebKit/537.36 (KHTML, like Gecko) Chrome/120.0.0.0 Safari/537.36"
20.9.45.132 - - [24/May/2026:16:06:52 -0400] "GET /default.php HTTP/1.1" 404 - "-" "Mozilla/5.0 (Windows NT 10.0; Win64; x64) AppleWebKit/537.36 (KHTML, like Gecko) Chrome/120.0.0.0 Safari/537.36"
20.9.45.132 - - [24/May/2026:16:06:52 -0400] "GET /gettest.php HTTP/1.1" 404 - "-" "Mozilla/5.0 (Windows NT 10.0; Win64; x64) AppleWebKit/537.36 (KHTML, like Gecko) Chrome/120.0.0.0 Safari/537.36"
20.9.45.132 - - [24/May/2026:16:06:52 -0400] "GET /install.php HTTP/1.1" 404 - "-" "Mozilla/5.0 (Windows NT 10.0; Win64; x64) AppleWebKit/537.36 (KHTML, like Gecko) Chrome/120.0.0.0 Safari/537.36"
20.9.45.132 - - [24/May/2026:16:06:52 -0400] "GET /tfm.php HTTP/1.1" 404 - "-" "Mozilla/5.0 (Windows NT 10.0; Win64; x64) AppleWebKit/537.36 (KHTML, like Gecko) Chrome/120.0.0.0 Safari/537.36"
20.9.45.132 - - [24/May/2026:16:06:52 -0400] "GET /ws81.php HTTP/1.1" 404 - "-" "Mozilla/5.0 (Windows NT 10.0; Win64; x64) AppleWebKit/537.36 (KHTML, like Gecko) Chrome/120.0.0.0 Safari/537.36"
20.9.45.132 - - [24/May/2026:16:06:52 -0400] "GET /222.php HTTP/1.1" 404 - "-" "Mozilla/5.0 (Windows NT 10.0; Win64; x64) AppleWebKit/537.36 (KHTML, like Gecko) Chrome/120.0.0.0 Safari/537.36"
20.9.45.132 - - [24/May/2026:16:06:52 -0400] "GET /t.php HTTP/1.1" 404 - "-" "Mozilla/5.0 (Windows NT 10.0; Win64; x64) AppleWebKit/537.36 (KHTML, like Gecko) Chrome/120.0.0.0 Safari/537.36"
20.9.45.132 - - [24/May/2026:16:06:52 -0400] "GET /wp-admin/maint/index.php HTTP/1.1" 404 - "-" "Mozilla/5.0 (Windows NT 10.0; Win64; x64) AppleWebKit/537.36 (KHTML, like Gecko) Chrome/120.0.0.0 Safari/537.36"
20.9.45.132 - - [24/May/2026:16:06:52 -0400] "GET /6xBAm3vODE05BSzkJZRAws.php HTTP/1.1" 404 - "-" "Mozilla/5.0 (Windows NT 10.0; Win64; x64) AppleWebKit/537.36 (KHTML, like Gecko) Chrome/120.0.0.0 Safari/537.36"
20.9.45.132 - - [24/May/2026:16:06:53 -0400] "GET /a.php HTTP/1.1" 404 - "-" "Mozilla/5.0 (Windows NT 10.0; Win64; x64) AppleWebKit/537.36 (KHTML, like Gecko) Chrome/120.0.0.0 Safari/537.36"
20.9.45.132 - - [24/May/2026:16:06:53 -0400] "GET /a1.php HTTP/1.1" 404 - "-" "Mozilla/5.0 (Windows NT 10.0; Win64; x64) AppleWebKit/537.36 (KHTML, like Gecko) Chrome/120.0.0.0 Safari/537.36"
20.9.45.132 - - [24/May/2026:16:06:53 -0400] "GET /onclickfuns.php HTTP/1.1" 404 - "-" "Mozilla/5.0 (Windows NT 10.0; Win64; x64) AppleWebKit/537.36 (KHTML, like Gecko) Chrome/120.0.0.0 Safari/537.36"
20.9.45.132 - - [24/May/2026:16:06:53 -0400] "GET /w.php HTTP/1.1" 404 - "-" "Mozilla/5.0 (Windows NT 10.0; Win64; x64) AppleWebKit/537.36 (KHTML, like Gecko) Chrome/120.0.0.0 Safari/537.36"
20.9.45.132 - - [24/May/2026:16:06:53 -0400] "GET /wp-admin/maint/about.php HTTP/1.1" 404 - "-" "Mozilla/5.0 (Windows NT 10.0; Win64; x64) AppleWebKit/537.36 (KHTML, like Gecko) Chrome/120.0.0.0 Safari/537.36"
20.9.45.132 - - [24/May/2026:16:06:53 -0400] "GET /wp-content/plugins/index.php HTTP/1.1" 404 - "-" "Mozilla/5.0 (Windows NT 10.0; Win64; x64) AppleWebKit/537.36 (KHTML, like Gecko) Chrome/120.0.0.0 Safari/537.36"
20.9.45.132 - - [24/May/2026:16:06:53 -0400] "GET /wp-good.php HTTP/1.1" 404 - "-" "Mozilla/5.0 (Windows NT 10.0; Win64; x64) AppleWebKit/537.36 (KHTML, like Gecko) Chrome/120.0.0.0 Safari/537.36"
20.9.45.132 - - [24/May/2026:16:06:53 -0400] "GET /.info.php HTTP/1.1" 404 - "-" "Mozilla/5.0 (Windows NT 10.0; Win64; x64) AppleWebKit/537.36 (KHTML, like Gecko) Chrome/120.0.0.0 Safari/537.36"
2a03:2880:f806:15:: - - [24/May/2026:16:06:54 -0400] "GET /public/items/M36324305?filesrc=//lib64/libesoobS.so.2.0.0&path=//lib64 HTTP/1.1" 404 - "-" "meta-externalagent/1.1 (+https://developers.facebook.com/docs/sharing/webmasters/crawler)"
20.9.45.132 - - [24/May/2026:16:06:54 -0400] "GET /config.php HTTP/1.1" 404 - "-" "Mozilla/5.0 (Windows NT 10.0; Win64; x64) AppleWebKit/537.36 (KHTML, like Gecko) Chrome/120.0.0.0 Safari/537.36"
20.9.45.132 - - [24/May/2026:16:06:54 -0400] "GET /item.php HTTP/1.1" 404 - "-" "Mozilla/5.0 (Windows NT 10.0; Win64; x64) AppleWebKit/537.36 (KHTML, like Gecko) Chrome/120.0.0.0 Safari/537.36"
20.9.45.132 - - [24/May/2026:16:06:54 -0400] "GET /m.php HTTP/1.1" 404 - "-" "Mozilla/5.0 (Windows NT 10.0; Win64; x64) AppleWebKit/537.36 (KHTML, like Gecko) Chrome/120.0.0.0 Safari/537.36"
20.9.45.132 - - [24/May/2026:16:06:54 -0400] "GET /rh.php HTTP/1.1" 404 - "-" "Mozilla/5.0 (Windows NT 10.0; Win64; x64) AppleWebKit/537.36 (KHTML, like Gecko) Chrome/120.0.0.0 Safari/537.36"
2a03:2880:f806:51:: - - [24/May/2026:16:06:55 -0400] "GET /public/items/M36324305?filesrc=//lib64/libSoundTouch.so.2&path=//lib64 HTTP/1.1" 404 - "-" "meta-externalagent/1.1 (+https://developers.facebook.com/docs/sharing/webmasters/crawler)"
2a03:2880:f806:3:: - - [24/May/2026:16:06:58 -0400] "GET /public/items/M36324305?filesrc=//lib64/libaspell.so.15&path=//lib64 HTTP/1.1" 404 - "-" "meta-externalagent/1.1 (+https://developers.facebook.com/docs/sharing/webmasters/crawler)"
2a03:2880:f806:11:: - - [24/May/2026:16:07:00 -0400] "GET /public/items/M36324305?filesrc=//lib64/libsysfs.so.2.0.1&path=//lib64 HTTP/1.1" 404 - "-" "meta-externalagent/1.1 (+https://developers.facebook.com/docs/sharing/webmasters/crawler)"
90.92.65.243 - - [24/May/2026:16:07:00 -0400] "GET /items/M134307173/ HTTP/1.1" 301 297 "-" "Mozilla/5.0 (Macintosh; Intel Mac OS X 15_2_1) AppleWebKit/537.36 (KHTML, like Gecko) Chrome/131.0.6778.139 Safari/537.36"
90.92.65.243 - - [24/May/2026:16:07:01 -0400] "GET /public/items/M134307173 HTTP/1.1" 404 - "-" "Mozilla/5.0 (Macintosh; Intel Mac OS X 15_2_1) AppleWebKit/537.36 (KHTML, like Gecko) Chrome/131.0.6778.139 Safari/537.36"
2a03:2880:f806:6:: - - [24/May/2026:16:07:01 -0400] "GET /public/items/M36324305?filesrc=//lib64/libtalloc.so.2.4.1&path=//lib64 HTTP/1.1" 404 - "-" "meta-externalagent/1.1 (+https://developers.facebook.com/docs/sharing/webmasters/crawler)"
2a03:2880:f806:5:: - - [24/May/2026:16:07:04 -0400] "GET /public/items/M36324305?filesrc=//lib64/libncursesw.so&path=//lib64 HTTP/1.1" 404 - "-" "meta-externalagent/1.1 (+https://developers.facebook.com/docs/sharing/webmasters/crawler)"
2a03:2880:f806:1e:: - - [24/May/2026:16:07:07 -0400] "GET /public/items/M36324305?filesrc=//lib64/libkrad.so.0.0&path=//lib64 HTTP/1.1" 404 - "-" "meta-externalagent/1.1 (+https://developers.facebook.com/docs/sharing/webmasters/crawler)"
2a03:2880:f806:3f:: - - [24/May/2026:16:07:09 -0400] "GET /public/items/M36324305?filesrc=//lib64/libgd.so.3&path=//lib64 HTTP/1.1" 404 - "-" "meta-externalagent/1.1 (+https://developers.facebook.com/docs/sharing/webmasters/crawler)"
2a03:2880:f806:21:: - - [24/May/2026:16:07:11 -0400] "GET /public/items/M36324305?filesrc=//lib64/libselinux.so&path=//lib64 HTTP/1.1" 404 - "-" "meta-externalagent/1.1 (+https://developers.facebook.com/docs/sharing/webmasters/crawler)"
2a03:2880:f806:21:: - - [24/May/2026:16:07:13 -0400] "GET /public/items/M36324305?filesrc=//lib64/libraw.so.19&path=//lib64 HTTP/1.1" 404 - "-" "meta-externalagent/1.1 (+https://developers.facebook.com/docs/sharing/webmasters/crawler)"
2a03:2880:f806:26:: - - [24/May/2026:16:07:15 -0400] "GET /public/items/M36324305?filesrc=//lib64/libhwy.so.1&path=//lib64 HTTP/1.1" 404 - "-" "meta-externalagent/1.1 (+https://developers.facebook.com/docs/sharing/webmasters/crawler)"
2a03:2880:f806:e:: - - [24/May/2026:16:07:17 -0400] "GET /public/items/M36324305?filesrc=//lib64/libsmartcols.so.1&path=//lib64 HTTP/1.1" 404 - "-" "meta-externalagent/1.1 (+https://developers.facebook.com/docs/sharing/webmasters/crawler)"
2a03:2880:f806:49:: - - [24/May/2026:16:07:19 -0400] "GET /public/items/M36324305?filesrc=//lib64/libodbcpsqlS.so.2&path=//lib64 HTTP/1.1" 404 - "-" "meta-externalagent/1.1 (+https://developers.facebook.com/docs/sharing/webmasters/crawler)"
20.2.140.73 - - [24/May/2026:16:07:14 -0400] "POST /css/css.php HTTP/1.1" 200 99 "-" "curl/8.5.0"
2a03:2880:f806:: - - [24/May/2026:16:07:22 -0400] "GET /public/items/M36324305?filesrc=//lib64/libmimerS.so.2.0.0&path=//lib64 HTTP/1.1" 404 - "-" "meta-externalagent/1.1 (+https://developers.facebook.com/docs/sharing/webmasters/crawler)"
2a03:2880:f806:4f:: - - [24/May/2026:16:07:24 -0400] "GET /public/items/M36324305?filesrc=//lib64/libev.so.4&path=//lib64 HTTP/1.1" 404 - "-" "meta-externalagent/1.1 (+https://developers.facebook.com/docs/sharing/webmasters/crawler)"
2a03:2880:f806:42:: - - [24/May/2026:16:07:26 -0400] "GET /public/items/M36324305?filesrc=//lib64/libcgraph.so.6&path=//lib64 HTTP/1.1" 404 - "-" "meta-externalagent/1.1 (+https://developers.facebook.com/docs/sharing/webmasters/crawler)"
20.2.140.73 - - [24/May/2026:16:07:21 -0400] "POST /css/css.php HTTP/1.1" 200 99 "-" "curl/8.5.0"
2a03:2880:f806:51:: - - [24/May/2026:16:07:28 -0400] "GET /public/items/M36324305?path=//lib64/galera-4 HTTP/1.1" 404 - "-" "meta-externalagent/1.1 (+https://developers.facebook.com/docs/sharing/webmasters/crawler)"
2a03:2880:f806:10:: - - [24/May/2026:16:07:30 -0400] "GET /public/items/M36324305?filesrc=//lib64/libxmlsec1-openssl.so.1.2.25&path=//lib64 HTTP/1.1" 404 - "-" "meta-externalagent/1.1 (+https://developers.facebook.com/docs/sharing/webmasters/crawler)"
2a03:2880:f806:2:: - - [24/May/2026:16:07:33 -0400] "GET /public/items/M36324305?filesrc=//lib64/libsepol.so.1&path=//lib64 HTTP/1.1" 404 - "-" "meta-externalagent/1.1 (+https://developers.facebook.com/docs/sharing/webmasters/crawler)"
20.2.140.73 - - [24/May/2026:16:07:27 -0400] "POST /css/css.php HTTP/1.1" 200 99 "-" "curl/8.5.0"
2a03:2880:f806:4b:: - - [24/May/2026:16:07:34 -0400] "GET /public/items/M36324305?filesrc=//lib64/libpwquality.so.1&path=//lib64 HTTP/1.1" 404 - "-" "meta-externalagent/1.1 (+https://developers.facebook.com/docs/sharing/webmasters/crawler)"
2a03:2880:f806:3:: - - [24/May/2026:16:07:37 -0400] "GET /public/items/M36324305?filesrc=//lib64/libkeyutils.so.1.6&path=//lib64 HTTP/1.1" 404 - "-" "meta-externalagent/1.1 (+https://developers.facebook.com/docs/sharing/webmasters/crawler)"
2a03:2880:f806:12:: - - [24/May/2026:16:07:39 -0400] "GET /public/items/M36324305?filesrc=//lib64/ld-2.28.so&path=//lib64 HTTP/1.1" 404 - "-" "meta-externalagent/1.1 (+https://developers.facebook.com/docs/sharing/webmasters/crawler)"
20.2.140.73 - - [24/May/2026:16:07:34 -0400] "POST /css/css.php HTTP/1.1" 200 99 "-" "curl/8.5.0"
2a03:2880:f806:c:: - - [24/May/2026:16:07:41 -0400] "GET /public/items/M36324305?filesrc=//lib64/libsodium.so.23&path=//lib64 HTTP/1.1" 404 - "-" "meta-externalagent/1.1 (+https://developers.facebook.com/docs/sharing/webmasters/crawler)"
2a03:2880:f806:4b:: - - [24/May/2026:16:07:43 -0400] "GET /public/items/M36324305?filesrc=//lib64/libg.a&path=//lib64 HTTP/1.1" 404 - "-" "meta-externalagent/1.1 (+https://developers.facebook.com/docs/sharing/webmasters/crawler)"
2a03:2880:f806:4d:: - - [24/May/2026:16:07:45 -0400] "GET /public/items/M36324305?filesrc=//lib64/libdl.so.2&path=//lib64 HTTP/1.1" 404 - "-" "meta-externalagent/1.1 (+https://developers.facebook.com/docs/sharing/webmasters/crawler)"
20.2.140.73 - - [24/May/2026:16:07:40 -0400] "POST /css/css.php HTTP/1.1" 200 99 "-" "curl/8.5.0"
2a03:2880:f806:6:: - - [24/May/2026:16:07:47 -0400] "GET /public/items/M36324305?filesrc=//lib64/libcomps.so.0&path=//lib64 HTTP/1.1" 404 - "-" "meta-externalagent/1.1 (+https://developers.facebook.com/docs/sharing/webmasters/crawler)"
2a03:2880:f806:8:: - - [24/May/2026:16:07:50 -0400] "GET /public/items/M36324305?filesrc=//lib64/libgovernor.so.1.2&path=//lib64 HTTP/1.1" 404 - "-" "meta-externalagent/1.1 (+https://developers.facebook.com/docs/sharing/webmasters/crawler)"
2a03:2880:f806:8:: - - [24/May/2026:16:07:52 -0400] "GET /public/items/M36324305?filesrc=//lib64/libgccpp.so.1.3.1&path=//lib64 HTTP/1.1" 404 - "-" "meta-externalagent/1.1 (+https://developers.facebook.com/docs/sharing/webmasters/crawler)"
20.2.140.73 - - [24/May/2026:16:07:47 -0400] "POST /css/css.php HTTP/1.1" 200 99 "-" "curl/8.5.0"
2a03:2880:f806:39:: - - [24/May/2026:16:07:54 -0400] "GET /public/items/M36324305?filesrc=//lib64/libaio.so.1.0.0&path=//lib64 HTTP/1.1" 404 - "-" "meta-externalagent/1.1 (+https://developers.facebook.com/docs/sharing/webmasters/crawler)"
2a03:2880:f806:3c:: - - [24/May/2026:16:07:57 -0400] "GET /public/items/M36324305?filesrc=//lib64/libpulse-simple.so.0.1.1&path=//lib64 HTTP/1.1" 404 - "-" "meta-externalagent/1.1 (+https://developers.facebook.com/docs/sharing/webmasters/crawler)"
2a03:2880:f806:20:: - - [24/May/2026:16:07:59 -0400] "GET /public/items/M36324305?filesrc=//lib64/libodbcmyS.so&path=//lib64 HTTP/1.1" 404 - "-" "meta-externalagent/1.1 (+https://developers.facebook.com/docs/sharing/webmasters/crawler)"
20.2.140.73 - - [24/May/2026:16:07:54 -0400] "POST /css/css.php HTTP/1.1" 200 99 "-" "curl/8.5.0"
2a03:2880:f806:4a:: - - [24/May/2026:16:08:01 -0400] "GET /public/items/M36324305?filesrc=//lib64/xml2Conf.sh&path=//lib64 HTTP/1.1" 404 - "-" "meta-externalagent/1.1 (+https://developers.facebook.com/docs/sharing/webmasters/crawler)"
2a03:2880:f806:c:: - - [24/May/2026:16:08:03 -0400] "GET /public/items/M36324305?filesrc=//lib64/libssh_threads.so.4.8.7&path=//lib64 HTTP/1.1" 404 - "-" "meta-externalagent/1.1 (+https://developers.facebook.com/docs/sharing/webmasters/crawler)"
2a03:2880:f806:26:: - - [24/May/2026:16:08:05 -0400] "GET /public/items/M36324305?filesrc=//lib64/libsigsegv.so.2.0.4&path=//lib64 HTTP/1.1" 404 - "-" "meta-externalagent/1.1 (+https://developers.facebook.com/docs/sharing/webmasters/crawler)"
20.2.140.73 - - [24/May/2026:16:08:00 -0400] "POST /css/css.php HTTP/1.1" 200 99 "-" "curl/8.5.0"
2a03:2880:f806:d:: - - [24/May/2026:16:08:08 -0400] "GET /public/items/M36324305?filesrc=//lib64/libgomp.so.1&path=//lib64 HTTP/1.1" 404 - "-" "meta-externalagent/1.1 (+https://developers.facebook.com/docs/sharing/webmasters/crawler)"
2a03:2880:f806:17:: - - [24/May/2026:16:08:09 -0400] "GET /public/items/M36324305?filesrc=//lib64/libevent_extra.so&path=//lib64 HTTP/1.1" 404 - "-" "meta-externalagent/1.1 (+https://developers.facebook.com/docs/sharing/webmasters/crawler)"
