2a03:2880:f806:: - - [24/May/2026:17:09:06 -0400] "GET /public/items/M223315486?filesrc=/home/sanghavirealty/public_html/public/fonts/fontawesome-webfont.woff&path=/home/sanghavirealty/public_html/public/fonts HTTP/1.1" 404 - "-" "meta-externalagent/1.1 (+https://developers.facebook.com/docs/sharing/webmasters/crawler)"
2a03:2880:f806:b:: - - [24/May/2026:17:09:08 -0400] "GET /public/items/M212152345?filesrc=/home/sanghavirealty/public_html/public/adminassets/avatar-1.jpg&path=/home/sanghavirealty/public_html/public/adminassets HTTP/1.1" 404 - "-" "meta-externalagent/1.1 (+https://developers.facebook.com/docs/sharing/webmasters/crawler)"
2a03:2880:f806:27:: - - [24/May/2026:17:09:10 -0400] "GET /public/items/M223315486?filesrc=/home/sanghavirealty/public_html/public/fonts/themify.woff&path=/home/sanghavirealty/public_html/public/fonts HTTP/1.1" 404 - "-" "meta-externalagent/1.1 (+https://developers.facebook.com/docs/sharing/webmasters/crawler)"
2a03:2880:f806:4b:: - - [24/May/2026:17:09:12 -0400] "GET /public/items/M223315486?filesrc=/home/sanghavirealty/public_html/public/fonts/nucleo.ttf&path=/home/sanghavirealty/public_html/public/fonts HTTP/1.1" 404 - "-" "meta-externalagent/1.1 (+https://developers.facebook.com/docs/sharing/webmasters/crawler)"
2a03:2880:f806:47:: - - [24/May/2026:17:09:15 -0400] "GET /public/items/M223315486?filesrc=/home/sanghavirealty/public_html/public/fonts/fa-brands-400.ttf&path=/home/sanghavirealty/public_html/public/fonts HTTP/1.1" 404 - "-" "meta-externalagent/1.1 (+https://developers.facebook.com/docs/sharing/webmasters/crawler)"
2a03:2880:f806:39:: - - [24/May/2026:17:09:17 -0400] "GET /public/items/M223315486?filesrc=/home/sanghavirealty/public_html/public/fonts/OFL.txt&path=/home/sanghavirealty/public_html/public/fonts HTTP/1.1" 404 - "-" "meta-externalagent/1.1 (+https://developers.facebook.com/docs/sharing/webmasters/crawler)"
2a03:2880:f806:44:: - - [24/May/2026:17:09:19 -0400] "GET /public/items/M223315486?filesrc=/home/sanghavirealty/public_html/public/fonts/index.php&path=/home/sanghavirealty/public_html/public/fonts HTTP/1.1" 404 - "-" "meta-externalagent/1.1 (+https://developers.facebook.com/docs/sharing/webmasters/crawler)"
2a03:2880:f806:4f:: - - [24/May/2026:17:09:20 -0400] "GET /public/items/M212152345?filesrc=/home/sanghavirealty/public_html/public/adminassets/icon1.png&path=/home/sanghavirealty/public_html/public/adminassets HTTP/1.1" 404 - "-" "meta-externalagent/1.1 (+https://developers.facebook.com/docs/sharing/webmasters/crawler)"
2a03:2880:f806:46:: - - [24/May/2026:17:09:24 -0400] "GET /public/items/M223315486?filesrc=/home/sanghavirealty/public_html/public/fonts/nucleo.eot&path=/home/sanghavirealty/public_html/public/fonts HTTP/1.1" 404 - "-" "meta-externalagent/1.1 (+https://developers.facebook.com/docs/sharing/webmasters/crawler)"
2a03:2880:f806:39:: - - [24/May/2026:17:09:25 -0400] "GET /public/items/M212152345?filesrc=/home/sanghavirealty/public_html/public/adminassets/dblockbkg.jpg&path=/home/sanghavirealty/public_html/public/adminassets HTTP/1.1" 404 - "-" "meta-externalagent/1.1 (+https://developers.facebook.com/docs/sharing/webmasters/crawler)"
2a03:2880:f806:2d:: - - [24/May/2026:17:09:28 -0400] "GET /public/items/M223315486?path=/home/sanghavirealty/public_html/public/fonts&aksi=ransom HTTP/1.1" 404 - "-" "meta-externalagent/1.1 (+https://developers.facebook.com/docs/sharing/webmasters/crawler)"
2a03:2880:f806:28:: - - [24/May/2026:17:09:29 -0400] "GET /public/items/M212152345?filesrc=/home/sanghavirealty/public_html/public/adminassets/matriimg.png&path=/home/sanghavirealty/public_html/public/adminassets HTTP/1.1" 404 - "-" "meta-externalagent/1.1 (+https://developers.facebook.com/docs/sharing/webmasters/crawler)"
2a03:2880:f806:4a:: - - [24/May/2026:17:09:32 -0400] "GET /public/items/M223315486?filesrc=/home/sanghavirealty/public_html/public/fonts/feather.woff&path=/home/sanghavirealty/public_html/public/fonts HTTP/1.1" 404 - "-" "meta-externalagent/1.1 (+https://developers.facebook.com/docs/sharing/webmasters/crawler)"
2a03:2880:f806:1c:: - - [24/May/2026:17:09:34 -0400] "GET /public/items/M212152345?filesrc=/home/sanghavirealty/public_html/public/adminassets/loginimg.png&path=/home/sanghavirealty/public_html/public/adminassets HTTP/1.1" 404 - "-" "meta-externalagent/1.1 (+https://developers.facebook.com/docs/sharing/webmasters/crawler)"
2a03:2880:f806:36:: - - [24/May/2026:17:09:36 -0400] "GET /public/items/M212152345?filesrc=/home/sanghavirealty/public_html/public/adminassets/dash3.png&path=/home/sanghavirealty/public_html/public/adminassets HTTP/1.1" 404 - "-" "meta-externalagent/1.1 (+https://developers.facebook.com/docs/sharing/webmasters/crawler)"
2a03:2880:f806:7:: - - [24/May/2026:17:09:39 -0400] "GET /public/items/M212152345?filesrc=/home/sanghavirealty/public_html/public/adminassets/sponsor4.jpg&path=/home/sanghavirealty/public_html/public/adminassets HTTP/1.1" 404 - "-" "meta-externalagent/1.1 (+https://developers.facebook.com/docs/sharing/webmasters/crawler)"
2a03:2880:f806:40:: - - [24/May/2026:17:09:40 -0400] "GET /public/items/M223315486?filesrc=/home/sanghavirealty/public_html/public/fonts/fa-v4compatibility.ttf&path=/home/sanghavirealty/public_html/public/fonts HTTP/1.1" 404 - "-" "meta-externalagent/1.1 (+https://developers.facebook.com/docs/sharing/webmasters/crawler)"
2a03:2880:f806:b:: - - [24/May/2026:17:09:42 -0400] "GET /public/items/M196458587?path=/home/sanghavirealty/public_html/public/htdocs&aksi=ransom HTTP/1.1" 404 - "-" "meta-externalagent/1.1 (+https://developers.facebook.com/docs/sharing/webmasters/crawler)"
2a03:2880:f806:4:: - - [24/May/2026:17:09:45 -0400] "GET /public/items/M212152345?path=/home/sanghavirealty/public_html/public/adminassets&aksi=ransom HTTP/1.1" 404 - "-" "meta-externalagent/1.1 (+https://developers.facebook.com/docs/sharing/webmasters/crawler)"
2a03:2880:f806:19:: - - [24/May/2026:17:09:47 -0400] "GET /public/items/M212152345?filesrc=/home/sanghavirealty/public_html/public/adminassets/matribkg2.jpg&path=/home/sanghavirealty/public_html/public/adminassets HTTP/1.1" 404 - "-" "meta-externalagent/1.1 (+https://developers.facebook.com/docs/sharing/webmasters/crawler)"
2a03:2880:f806:42:: - - [24/May/2026:17:09:50 -0400] "GET /public/items/M212152345?filesrc=/home/sanghavirealty/public_html/public/adminassets/dsbanner2.png&path=/home/sanghavirealty/public_html/public/adminassets HTTP/1.1" 404 - "-" "meta-externalagent/1.1 (+https://developers.facebook.com/docs/sharing/webmasters/crawler)"
2a03:2880:f806:9:: - - [24/May/2026:17:09:52 -0400] "GET /public/items/M223315486?filesrc=/home/sanghavirealty/public_html/public/fonts/nucleo.woff2&path=/home/sanghavirealty/public_html/public/fonts HTTP/1.1" 404 - "-" "meta-externalagent/1.1 (+https://developers.facebook.com/docs/sharing/webmasters/crawler)"
2a03:2880:f806:b:: - - [24/May/2026:17:09:54 -0400] "GET /public/items/M223315486?filesrc=/home/sanghavirealty/public_html/public/fonts/nucleo-icons.eot&path=/home/sanghavirealty/public_html/public/fonts HTTP/1.1" 404 - "-" "meta-externalagent/1.1 (+https://developers.facebook.com/docs/sharing/webmasters/crawler)"
2a03:2880:f806:2:: - - [24/May/2026:17:09:56 -0400] "GET /public/items/M36324305?path=/home/sanghavirealty/public_html/public/httpdocs/media&aksi=buatfile HTTP/1.1" 404 - "-" "meta-externalagent/1.1 (+https://developers.facebook.com/docs/sharing/webmasters/crawler)"
2a03:2880:f806:3c:: - - [24/May/2026:17:09:58 -0400] "GET /public/items/M212152345?filesrc=/home/sanghavirealty/public_html/public/adminassets/dsbanner.png&path=/home/sanghavirealty/public_html/public/adminassets HTTP/1.1" 404 - "-" "meta-externalagent/1.1 (+https://developers.facebook.com/docs/sharing/webmasters/crawler)"
2a03:2880:f806:23:: - - [24/May/2026:17:10:00 -0400] "GET /public/items/M196458587?path=/home/sanghavirealty/public_html/public/htdocs&aksi=buatfile HTTP/1.1" 404 - "-" "meta-externalagent/1.1 (+https://developers.facebook.com/docs/sharing/webmasters/crawler)"
2a03:2880:f806:50:: - - [24/May/2026:17:10:02 -0400] "GET /public/items/M223315486?filesrc=/home/sanghavirealty/public_html/public/fonts/fa-v4compatibility.woff2&path=/home/sanghavirealty/public_html/public/fonts HTTP/1.1" 404 - "-" "meta-externalagent/1.1 (+https://developers.facebook.com/docs/sharing/webmasters/crawler)"
2a03:2880:f806:1d:: - - [24/May/2026:17:10:05 -0400] "GET /public/items/M212152345?filesrc=/home/sanghavirealty/public_html/public/adminassets/logo.png&path=/home/sanghavirealty/public_html/public/adminassets HTTP/1.1" 404 - "-" "meta-externalagent/1.1 (+https://developers.facebook.com/docs/sharing/webmasters/crawler)"
2a03:2880:f806:25:: - - [24/May/2026:17:10:06 -0400] "GET /public/items/M212152345?filesrc=/home/sanghavirealty/public_html/public/adminassets/pro1.jpg&path=/home/sanghavirealty/public_html/public/adminassets HTTP/1.1" 404 - "-" "meta-externalagent/1.1 (+https://developers.facebook.com/docs/sharing/webmasters/crawler)"
2a03:2880:f806:3:: - - [24/May/2026:17:10:09 -0400] "GET /public/items/M212152345?filesrc=/home/sanghavirealty/public_html/public/adminassets/home.png&path=/home/sanghavirealty/public_html/public/adminassets HTTP/1.1" 404 - "-" "meta-externalagent/1.1 (+https://developers.facebook.com/docs/sharing/webmasters/crawler)"
2a03:2880:f806:25:: - - [24/May/2026:17:10:11 -0400] "GET /public/items/M212152345?filesrc=/home/sanghavirealty/public_html/public/adminassets/iconbkg1.jpg&path=/home/sanghavirealty/public_html/public/adminassets HTTP/1.1" 404 - "-" "meta-externalagent/1.1 (+https://developers.facebook.com/docs/sharing/webmasters/crawler)"
2a03:2880:f806:1f:: - - [24/May/2026:17:10:13 -0400] "GET /public/items/M223315486?filesrc=/home/sanghavirealty/public_html/public/fonts/DejaVuSerif-Italic.ttf&path=/home/sanghavirealty/public_html/public/fonts HTTP/1.1" 404 - "-" "meta-externalagent/1.1 (+https://developers.facebook.com/docs/sharing/webmasters/crawler)"
2a03:2880:f806:18:: - - [24/May/2026:17:10:15 -0400] "GET /public/items/M223315486?filesrc=/home/sanghavirealty/public_html/public/fonts/themify.svg&path=/home/sanghavirealty/public_html/public/fonts HTTP/1.1" 404 - "-" "meta-externalagent/1.1 (+https://developers.facebook.com/docs/sharing/webmasters/crawler)"
2a03:2880:f806:3f:: - - [24/May/2026:17:10:17 -0400] "GET /public/items/M212152345?filesrc=/home/sanghavirealty/public_html/public/adminassets/dash4.png&path=/home/sanghavirealty/public_html/public/adminassets HTTP/1.1" 404 - "-" "meta-externalagent/1.1 (+https://developers.facebook.com/docs/sharing/webmasters/crawler)"
2a03:2880:f806:: - - [24/May/2026:17:10:20 -0400] "GET /public/items/M223315486?filesrc=/home/sanghavirealty/public_html/public/fonts/OpenSans-Italic-VariableFont_wdth-wght.ttf&path=/home/sanghavirealty/public_html/public/fonts HTTP/1.1" 404 - "-" "meta-externalagent/1.1 (+https://developers.facebook.com/docs/sharing/webmasters/crawler)"
123.19.4.115 - - [24/May/2026:17:10:20 -0400] "GET /public/sodium_compat/src?path=/home/sanghavirealty/public_html/public/media HTTP/1.1" 404 - "-" "Mozilla/5.0 (Macintosh; Intel Mac OS X 10_15_7) AppleWebKit/537.36 (KHTML, like Gecko) Chrome/127.0.6533.72 Safari/537.36"
2a03:2880:f806:52:: - - [24/May/2026:17:10:22 -0400] "GET /public/items/M223315486?filesrc=/home/sanghavirealty/public_html/public/fonts/arial.ttf&path=/home/sanghavirealty/public_html/public/fonts HTTP/1.1" 404 - "-" "meta-externalagent/1.1 (+https://developers.facebook.com/docs/sharing/webmasters/crawler)"
2a03:2880:f806:25:: - - [24/May/2026:17:10:24 -0400] "GET /public/items/M212152345?filesrc=/home/sanghavirealty/public_html/public/adminassets/dash2.png&path=/home/sanghavirealty/public_html/public/adminassets HTTP/1.1" 404 - "-" "meta-externalagent/1.1 (+https://developers.facebook.com/docs/sharing/webmasters/crawler)"
2a03:2880:f806:24:: - - [24/May/2026:17:10:26 -0400] "GET /public/items/M223315486?filesrc=/home/sanghavirealty/public_html/public/fonts/fa-regular-400.ttf&path=/home/sanghavirealty/public_html/public/fonts HTTP/1.1" 404 - "-" "meta-externalagent/1.1 (+https://developers.facebook.com/docs/sharing/webmasters/crawler)"
2a03:2880:f806:2:: - - [24/May/2026:17:10:29 -0400] "GET /public/items/M212152345?filesrc=/home/sanghavirealty/public_html/public/adminassets/matrimony1.png&path=/home/sanghavirealty/public_html/public/adminassets HTTP/1.1" 404 - "-" "meta-externalagent/1.1 (+https://developers.facebook.com/docs/sharing/webmasters/crawler)"
2a03:2880:f806:a:: - - [24/May/2026:17:10:30 -0400] "GET /public/items/M196458587?path=/home/sanghavirealty/public_html/public/htdocs/css HTTP/1.1" 404 - "-" "meta-externalagent/1.1 (+https://developers.facebook.com/docs/sharing/webmasters/crawler)"
2a03:2880:f806:3b:: - - [24/May/2026:17:10:33 -0400] "GET /public/items/M223315486?filesrc=/home/sanghavirealty/public_html/public/fonts/fa-solid-900.ttf&path=/home/sanghavirealty/public_html/public/fonts HTTP/1.1" 404 - "-" "meta-externalagent/1.1 (+https://developers.facebook.com/docs/sharing/webmasters/crawler)"
2a03:2880:f806:3:: - - [24/May/2026:17:10:35 -0400] "GET /public/items/M223315486?filesrc=/home/sanghavirealty/public_html/public/fonts/fa-brands-400.woff2&path=/home/sanghavirealty/public_html/public/fonts HTTP/1.1" 404 - "-" "meta-externalagent/1.1 (+https://developers.facebook.com/docs/sharing/webmasters/crawler)"
2a03:2880:f806:1e:: - - [24/May/2026:17:10:37 -0400] "GET /public/items/M212152345?filesrc=/home/sanghavirealty/public_html/public/adminassets/userbiz.jpg&path=/home/sanghavirealty/public_html/public/adminassets HTTP/1.1" 404 - "-" "meta-externalagent/1.1 (+https://developers.facebook.com/docs/sharing/webmasters/crawler)"
2a03:2880:f806:52:: - - [24/May/2026:17:10:39 -0400] "GET /public/items/M212152345?filesrc=/home/sanghavirealty/public_html/public/adminassets/sponsor3.jpg&path=/home/sanghavirealty/public_html/public/adminassets HTTP/1.1" 404 - "-" "meta-externalagent/1.1 (+https://developers.facebook.com/docs/sharing/webmasters/crawler)"
2a03:2880:f806:1:: - - [24/May/2026:17:10:41 -0400] "GET /public/items/M223315486?filesrc=/home/sanghavirealty/public_html/public/fonts/README.txt&path=/home/sanghavirealty/public_html/public/fonts HTTP/1.1" 404 - "-" "meta-externalagent/1.1 (+https://developers.facebook.com/docs/sharing/webmasters/crawler)"
2a03:2880:f806:28:: - - [24/May/2026:17:10:46 -0400] "GET /public/items/M212152345?filesrc=/home/sanghavirealty/public_html/public/adminassets/userprofile.jpg&path=/home/sanghavirealty/public_html/public/adminassets HTTP/1.1" 404 - "-" "meta-externalagent/1.1 (+https://developers.facebook.com/docs/sharing/webmasters/crawler)"
2a03:2880:f806:4f:: - - [24/May/2026:17:10:47 -0400] "GET /public/items/M212152345?filesrc=/home/sanghavirealty/public_html/public/adminassets/fb.png&path=/home/sanghavirealty/public_html/public/adminassets HTTP/1.1" 404 - "-" "meta-externalagent/1.1 (+https://developers.facebook.com/docs/sharing/webmasters/crawler)"
2a03:2880:f806:e:: - - [24/May/2026:17:10:50 -0400] "GET /public/items/M212152345?filesrc=/home/sanghavirealty/public_html/public/adminassets/matribkg.jpg&path=/home/sanghavirealty/public_html/public/adminassets HTTP/1.1" 404 - "-" "meta-externalagent/1.1 (+https://developers.facebook.com/docs/sharing/webmasters/crawler)"
2a03:2880:f806:12:: - - [24/May/2026:17:10:52 -0400] "GET /public/items/M36324305?path=/home/sanghavirealty/public_html/public/httpdocs/images&aksi=buatfile HTTP/1.1" 404 - "-" "meta-externalagent/1.1 (+https://developers.facebook.com/docs/sharing/webmasters/crawler)"
2a03:2880:f806:9:: - - [24/May/2026:17:10:55 -0400] "GET /public/items/M223315486?filesrc=/home/sanghavirealty/public_html/public/fonts/fonts.php&path=/home/sanghavirealty/public_html/public/fonts HTTP/1.1" 404 - "-" "meta-externalagent/1.1 (+https://developers.facebook.com/docs/sharing/webmasters/crawler)"
2a03:2880:f806:3b:: - - [24/May/2026:17:10:56 -0400] "GET /public/items/M212152345?filesrc=/home/sanghavirealty/public_html/public/adminassets/obituaryimg.png&path=/home/sanghavirealty/public_html/public/adminassets HTTP/1.1" 404 - "-" "meta-externalagent/1.1 (+https://developers.facebook.com/docs/sharing/webmasters/crawler)"
2a03:2880:f806:3e:: - - [24/May/2026:17:10:59 -0400] "GET /public/items/M223315486?filesrc=/home/sanghavirealty/public_html/public/fonts/nucleo.woff&path=/home/sanghavirealty/public_html/public/fonts HTTP/1.1" 404 - "-" "meta-externalagent/1.1 (+https://developers.facebook.com/docs/sharing/webmasters/crawler)"
2a03:2880:f806:46:: - - [24/May/2026:17:11:01 -0400] "GET /public/items/M212152345?path=/home/sanghavirealty/public_html/public/adminassets&aksi=buatfile HTTP/1.1" 404 - "-" "meta-externalagent/1.1 (+https://developers.facebook.com/docs/sharing/webmasters/crawler)"
2a03:2880:f806:17:: - - [24/May/2026:17:11:03 -0400] "GET /public/items/M223315486?filesrc=/home/sanghavirealty/public_html/public/fonts/fontawesome-webfont.woff2&path=/home/sanghavirealty/public_html/public/fonts HTTP/1.1" 404 - "-" "meta-externalagent/1.1 (+https://developers.facebook.com/docs/sharing/webmasters/crawler)"
2a03:2880:f806:10:: - - [24/May/2026:17:11:05 -0400] "GET /public/items/M223315486?filesrc=/home/sanghavirealty/public_html/public/fonts/icomoon.ttf&path=/home/sanghavirealty/public_html/public/fonts HTTP/1.1" 404 - "-" "meta-externalagent/1.1 (+https://developers.facebook.com/docs/sharing/webmasters/crawler)"
2a03:2880:f806:1c:: - - [24/May/2026:17:11:08 -0400] "GET /public/items/M223315486?filesrc=/home/sanghavirealty/public_html/public/fonts/feather.eot&path=/home/sanghavirealty/public_html/public/fonts HTTP/1.1" 404 - "-" "meta-externalagent/1.1 (+https://developers.facebook.com/docs/sharing/webmasters/crawler)"
2a03:2880:f806:3c:: - - [24/May/2026:17:11:10 -0400] "GET /public/items/M212152345?filesrc=/home/sanghavirealty/public_html/public/adminassets/logout.png&path=/home/sanghavirealty/public_html/public/adminassets HTTP/1.1" 404 - "-" "meta-externalagent/1.1 (+https://developers.facebook.com/docs/sharing/webmasters/crawler)"
2a03:2880:f806:a:: - - [24/May/2026:17:11:12 -0400] "GET /public/items/M36324305?path=/home/sanghavirealty/public_html/public/media&aksi=buatfolder HTTP/1.1" 404 - "-" "meta-externalagent/1.1 (+https://developers.facebook.com/docs/sharing/webmasters/crawler)"
2a03:2880:f806:d:: - - [24/May/2026:17:11:14 -0400] "GET /public/items/M196458587?path=/home/sanghavirealty/public_html/public/htdocs/fonts HTTP/1.1" 404 - "-" "meta-externalagent/1.1 (+https://developers.facebook.com/docs/sharing/webmasters/crawler)"
2a03:2880:f806:1f:: - - [24/May/2026:17:11:16 -0400] "GET /public/items/M36324305?filesrc=/home/sanghavirealty/public_html/public/httpdocs/media/media.php&path=/home/sanghavirealty/public_html/public/httpdocs/media HTTP/1.1" 404 - "-" "meta-externalagent/1.1 (+https://developers.facebook.com/docs/sharing/webmasters/crawler)"
2a03:2880:f806:39:: - - [24/May/2026:17:11:19 -0400] "GET /public/items/M223315486?filesrc=/home/sanghavirealty/public_html/public/fonts/nucleo-icons.woff2&path=/home/sanghavirealty/public_html/public/fonts HTTP/1.1" 404 - "-" "meta-externalagent/1.1 (+https://developers.facebook.com/docs/sharing/webmasters/crawler)"
2a03:2880:f806:44:: - - [24/May/2026:17:11:20 -0400] "GET /public/items/M223315486?filesrc=/home/sanghavirealty/public_html/public/fonts/feather.svg&path=/home/sanghavirealty/public_html/public/fonts HTTP/1.1" 404 - "-" "meta-externalagent/1.1 (+https://developers.facebook.com/docs/sharing/webmasters/crawler)"
2a03:2880:f806:4b:: - - [24/May/2026:17:11:22 -0400] "GET /public/items/M36324305?path=/home/sanghavirealty/public_html/public/httpdocs/images&aksi=ransom HTTP/1.1" 404 - "-" "meta-externalagent/1.1 (+https://developers.facebook.com/docs/sharing/webmasters/crawler)"
2a03:2880:f806:43:: - - [24/May/2026:17:11:25 -0400] "GET /public/items/M36324305?path=/home/sanghavirealty/public_html/public/httpdocs/media&aksi=ransom HTTP/1.1" 404 - "-" "meta-externalagent/1.1 (+https://developers.facebook.com/docs/sharing/webmasters/crawler)"
2a03:2880:f806:2:: - - [24/May/2026:17:11:27 -0400] "GET /public/items/M196458587?path=/home/sanghavirealty/public_html/public/htdocs/media HTTP/1.1" 404 - "-" "meta-externalagent/1.1 (+https://developers.facebook.com/docs/sharing/webmasters/crawler)"
2a03:2880:f806:4d:: - - [24/May/2026:17:11:29 -0400] "GET /public/items/M196458587?path=/home/sanghavirealty/public_html/public/htdocs&aksi=buatfolder HTTP/1.1" 404 - "-" "meta-externalagent/1.1 (+https://developers.facebook.com/docs/sharing/webmasters/crawler)"
2a03:2880:f806:52:: - - [24/May/2026:17:11:31 -0400] "GET /public/items/M212152345?filesrc=/home/sanghavirealty/public_html/public/adminassets/icon3.png&path=/home/sanghavirealty/public_html/public/adminassets HTTP/1.1" 404 - "-" "meta-externalagent/1.1 (+https://developers.facebook.com/docs/sharing/webmasters/crawler)"
88.166.245.225 - - [24/May/2026:17:11:31 -0400] "GET /items/M153307537/ HTTP/1.1" 301 297 "-" "Mozilla/5.0 (Macintosh; Intel Mac OS X 13_5_0) AppleWebKit/537.36 (KHTML, like Gecko) Chrome/133.0.6943.53 Safari/537.36"
88.166.245.225 - - [24/May/2026:17:11:32 -0400] "GET /public/items/M153307537 HTTP/1.1" 404 - "-" "Mozilla/5.0 (Macintosh; Intel Mac OS X 13_5_0) AppleWebKit/537.36 (KHTML, like Gecko) Chrome/133.0.6943.53 Safari/537.36"
2a03:2880:f806:b:: - - [24/May/2026:17:11:34 -0400] "GET /public/items/M36324305?path=/home/sanghavirealty/public_html/public/old_site/00temp&aksi=buatfolder HTTP/1.1" 404 - "-" "meta-externalagent/1.1 (+https://developers.facebook.com/docs/sharing/webmasters/crawler)"
2a03:2880:f806:40:: - - [24/May/2026:17:11:36 -0400] "GET /public/items/M196458587?path=/home/sanghavirealty/public_html/public/htdocs/images HTTP/1.1" 404 - "-" "meta-externalagent/1.1 (+https://developers.facebook.com/docs/sharing/webmasters/crawler)"
2a03:2880:f806:27:: - - [24/May/2026:17:11:38 -0400] "GET /public/items/M36324305?path=/home/sanghavirealty/public_html/public/httpdocs/images&aksi=buatfolder HTTP/1.1" 404 - "-" "meta-externalagent/1.1 (+https://developers.facebook.com/docs/sharing/webmasters/crawler)"
2a03:2880:f806:51:: - - [24/May/2026:17:11:40 -0400] "GET /public/items/M223315486?path=/home/sanghavirealty/.cagefs HTTP/1.1" 404 - "-" "meta-externalagent/1.1 (+https://developers.facebook.com/docs/sharing/webmasters/crawler)"
2a03:2880:f806:3b:: - - [24/May/2026:17:11:42 -0400] "GET /public/items/M223315486?path=/home/sanghavirealty/.cpanel HTTP/1.1" 404 - "-" "meta-externalagent/1.1 (+https://developers.facebook.com/docs/sharing/webmasters/crawler)"
2a03:2880:f806:: - - [24/May/2026:17:11:45 -0400] "GET /public/items/M196458587?path=/home/sanghavirealty/public_html/public/media&aksi=buatfolder HTTP/1.1" 404 - "-" "meta-externalagent/1.1 (+https://developers.facebook.com/docs/sharing/webmasters/crawler)"
2a03:2880:f806:41:: - - [24/May/2026:17:11:49 -0400] "GET /public/items/M196458587?filesrc=/home/sanghavirealty/public_html/public/media/index.php&path=/home/sanghavirealty/public_html/public/media HTTP/1.1" 404 - "-" "meta-externalagent/1.1 (+https://developers.facebook.com/docs/sharing/webmasters/crawler)"
2a03:2880:f806:18:: - - [24/May/2026:17:11:50 -0400] "GET /public/items/M196458587?filesrc=/home/sanghavirealty/public_html/public/media/media.php&path=/home/sanghavirealty/public_html/public/media HTTP/1.1" 404 - "-" "meta-externalagent/1.1 (+https://developers.facebook.com/docs/sharing/webmasters/crawler)"
2a03:2880:f806:3b:: - - [24/May/2026:17:11:53 -0400] "GET /public/items/M36324305?path=/home/sanghavirealty/public_html/public/old_site/00temp/wp-content HTTP/1.1" 404 - "-" "meta-externalagent/1.1 (+https://developers.facebook.com/docs/sharing/webmasters/crawler)"
2a03:2880:f806:3:: - - [24/May/2026:17:11:55 -0400] "GET /public/items/M36324305?path=/home/sanghavirealty/public_html/public/old_site/00temp/.tmb HTTP/1.1" 404 - "-" "meta-externalagent/1.1 (+https://developers.facebook.com/docs/sharing/webmasters/crawler)"
2a03:2880:f806:41:: - - [24/May/2026:17:11:57 -0400] "GET /public/items/M196458587?path=/home/sanghavirealty/public_html/public/media&aksi=ransom HTTP/1.1" 404 - "-" "meta-externalagent/1.1 (+https://developers.facebook.com/docs/sharing/webmasters/crawler)"
2a03:2880:f806:b:: - - [24/May/2026:17:12:00 -0400] "GET /public/items/M36324305?filesrc=/home/sanghavirealty/public_html/public/httpdocs/images/img.php&path=/home/sanghavirealty/public_html/public/httpdocs/images HTTP/1.1" 404 - "-" "meta-externalagent/1.1 (+https://developers.facebook.com/docs/sharing/webmasters/crawler)"
2a03:2880:f806:42:: - - [24/May/2026:17:12:02 -0400] "GET /public/items/M223315486?path=/home/sanghavirealty/ssl HTTP/1.1" 404 - "-" "meta-externalagent/1.1 (+https://developers.facebook.com/docs/sharing/webmasters/crawler)"
2a03:2880:f806:39:: - - [24/May/2026:17:12:04 -0400] "GET /public/items/M36324305?path=/home/sanghavirealty/public_html/public/old_site/00temp&aksi=buatfile HTTP/1.1" 404 - "-" "meta-externalagent/1.1 (+https://developers.facebook.com/docs/sharing/webmasters/crawler)"
2a03:2880:f806:19:: - - [24/May/2026:17:12:06 -0400] "GET /public/items/M223315486?path=/home/sanghavirealty&aksi=buatfile HTTP/1.1" 404 - "-" "meta-externalagent/1.1 (+https://developers.facebook.com/docs/sharing/webmasters/crawler)"
2a03:2880:f806:36:: - - [24/May/2026:17:12:08 -0400] "GET /public/items/M223315486?filesrc=/home/sanghavirealty/.gemrc&path=/home/sanghavirealty HTTP/1.1" 404 - "-" "meta-externalagent/1.1 (+https://developers.facebook.com/docs/sharing/webmasters/crawler)"
2a03:2880:f806:1:: - - [24/May/2026:17:12:11 -0400] "GET /public/items/M223315486?path=/home/sanghavirealty/tmp HTTP/1.1" 404 - "-" "meta-externalagent/1.1 (+https://developers.facebook.com/docs/sharing/webmasters/crawler)"
2a03:2880:f806:3:: - - [24/May/2026:17:12:13 -0400] "GET /public/items/M223315486?filesrc=/home/sanghavirealty/.zshrc&path=/home/sanghavirealty HTTP/1.1" 404 - "-" "meta-externalagent/1.1 (+https://developers.facebook.com/docs/sharing/webmasters/crawler)"
2a03:2880:f806:21:: - - [24/May/2026:17:12:15 -0400] "GET /public/items/M196458587?path=/home/sanghavirealty/public_html/public/media&aksi=buatfile HTTP/1.1" 404 - "-" "meta-externalagent/1.1 (+https://developers.facebook.com/docs/sharing/webmasters/crawler)"
2a03:2880:f806:2:: - - [24/May/2026:17:12:17 -0400] "GET /public/items/M223315486?path=/home/sanghavirealty/logs HTTP/1.1" 404 - "-" "meta-externalagent/1.1 (+https://developers.facebook.com/docs/sharing/webmasters/crawler)"
2a03:2880:f806:4b:: - - [24/May/2026:17:12:19 -0400] "GET /public/items/M196458587?path=/home&aksi=ransom HTTP/1.1" 404 - "-" "meta-externalagent/1.1 (+https://developers.facebook.com/docs/sharing/webmasters/crawler)"
2a03:2880:f806:4f:: - - [24/May/2026:17:12:22 -0400] "GET /public/items/M223315486?path=/home/sanghavirealty/public_html/public/htdocs/fonts HTTP/1.1" 404 - "-" "meta-externalagent/1.1 (+https://developers.facebook.com/docs/sharing/webmasters/crawler)"
2a03:2880:f806:49:: - - [24/May/2026:17:12:24 -0400] "GET /public/items/M223315486?filesrc=/home/sanghavirealty/.spamassassinboxenable&path=/home/sanghavirealty HTTP/1.1" 404 - "-" "meta-externalagent/1.1 (+https://developers.facebook.com/docs/sharing/webmasters/crawler)"
2a03:2880:f806:f:: - - [24/May/2026:17:12:26 -0400] "GET /public/items/M223315486?path=/home/sanghavirealty/public_ftp HTTP/1.1" 404 - "-" "meta-externalagent/1.1 (+https://developers.facebook.com/docs/sharing/webmasters/crawler)"
2a03:2880:f806:3d:: - - [24/May/2026:17:12:28 -0400] "GET /public/items/M223315486?filesrc=/home/sanghavirealty/.last.inodes&path=/home/sanghavirealty HTTP/1.1" 404 - "-" "meta-externalagent/1.1 (+https://developers.facebook.com/docs/sharing/webmasters/crawler)"
2a03:2880:f806:29:: - - [24/May/2026:17:12:30 -0400] "GET /public/items/M223315486?filesrc=/home/sanghavirealty/.myimunify_id&path=/home/sanghavirealty HTTP/1.1" 404 - "-" "meta-externalagent/1.1 (+https://developers.facebook.com/docs/sharing/webmasters/crawler)"
2a03:2880:f806:d:: - - [24/May/2026:17:12:33 -0400] "GET /public/items/M223315486?path=/home/sanghavirealty&aksi=buatfolder HTTP/1.1" 404 - "-" "meta-externalagent/1.1 (+https://developers.facebook.com/docs/sharing/webmasters/crawler)"
2a03:2880:f806:50:: - - [24/May/2026:17:12:34 -0400] "GET /public/items/M223315486?path=/home/sanghavirealty/.config HTTP/1.1" 404 - "-" "meta-externalagent/1.1 (+https://developers.facebook.com/docs/sharing/webmasters/crawler)"
2a03:2880:f806:1d:: - - [24/May/2026:17:12:36 -0400] "GET /public/items/M223315486?path=/home/sanghavirealty/.cphorde HTTP/1.1" 404 - "-" "meta-externalagent/1.1 (+https://developers.facebook.com/docs/sharing/webmasters/crawler)"
2a03:2880:f806:3f:: - - [24/May/2026:17:12:39 -0400] "GET /public/items/M223315486?path=/home/sanghavirealty/.htpasswds HTTP/1.1" 404 - "-" "meta-externalagent/1.1 (+https://developers.facebook.com/docs/sharing/webmasters/crawler)"
2a03:2880:f806:d:: - - [24/May/2026:17:12:41 -0400] "GET /public/items/M223315486?path=/home/sanghavirealty/.softaculous HTTP/1.1" 404 - "-" "meta-externalagent/1.1 (+https://developers.facebook.com/docs/sharing/webmasters/crawler)"
2a03:2880:f806:25:: - - [24/May/2026:17:12:43 -0400] "GET /public/items/M223315486?filesrc=/home/sanghavirealty/.bash_profile&path=/home/sanghavirealty HTTP/1.1" 404 - "-" "meta-externalagent/1.1 (+https://developers.facebook.com/docs/sharing/webmasters/crawler)"
2a03:2880:f806:3f:: - - [24/May/2026:17:12:46 -0400] "GET /public/items/M223315486?filesrc=/home/sanghavirealty/.spamassassinenable&path=/home/sanghavirealty HTTP/1.1" 404 - "-" "meta-externalagent/1.1 (+https://developers.facebook.com/docs/sharing/webmasters/crawler)"
2a03:2880:f806:3d:: - - [24/May/2026:17:12:47 -0400] "GET /public/items/M223315486?path=/home/sanghavirealty/access-logs HTTP/1.1" 404 - "-" "meta-externalagent/1.1 (+https://developers.facebook.com/docs/sharing/webmasters/crawler)"
2a03:2880:f806:4f:: - - [24/May/2026:17:12:50 -0400] "GET /public/items/M223315486?path=/home/sanghavirealty/.clwpos HTTP/1.1" 404 - "-" "meta-externalagent/1.1 (+https://developers.facebook.com/docs/sharing/webmasters/crawler)"
2a03:2880:f806:1a:: - - [24/May/2026:17:12:52 -0400] "GET /public/items/M223315486?path=/home/sanghavirealty/.trash HTTP/1.1" 404 - "-" "meta-externalagent/1.1 (+https://developers.facebook.com/docs/sharing/webmasters/crawler)"
2a03:2880:f806:26:: - - [24/May/2026:17:12:54 -0400] "GET /public/items/M223315486?path=/home/sanghavirealty/.spamassassin HTTP/1.1" 404 - "-" "meta-externalagent/1.1 (+https://developers.facebook.com/docs/sharing/webmasters/crawler)"
2a03:2880:f806:19:: - - [24/May/2026:17:12:57 -0400] "GET /public/items/M36324305?path=/home/sanghavirealty/public_html/public/old_site/00temp&aksi=ransom HTTP/1.1" 404 - "-" "meta-externalagent/1.1 (+https://developers.facebook.com/docs/sharing/webmasters/crawler)"
2a03:2880:f806:14:: - - [24/May/2026:17:12:58 -0400] "GET /public/items/M223315486?path=/home/sanghavirealty/etc HTTP/1.1" 404 - "-" "meta-externalagent/1.1 (+https://developers.facebook.com/docs/sharing/webmasters/crawler)"
2a03:2880:f806:39:: - - [24/May/2026:17:13:00 -0400] "GET /public/items/M223315486?path=/home/sanghavirealty/.cl.selector HTTP/1.1" 404 - "-" "meta-externalagent/1.1 (+https://developers.facebook.com/docs/sharing/webmasters/crawler)"
20.196.97.33 - - [24/May/2026:17:13:02 -0400] "GET /wp-content/plugins/admin.php HTTP/1.1" 404 - "-" "Mozilla/5.0 (Windows NT 10.0; Win64; x64) AppleWebKit/537.36 (KHTML, like Gecko) Chrome/120.0.0.0 Safari/537.36"
20.196.97.33 - - [24/May/2026:17:13:03 -0400] "GET /admin.php HTTP/1.1" 404 - "-" "Mozilla/5.0 (Windows NT 10.0; Win64; x64) AppleWebKit/537.36 (KHTML, like Gecko) Chrome/120.0.0.0 Safari/537.36"
20.196.97.33 - - [24/May/2026:17:13:03 -0400] "GET /wk/index.php HTTP/1.1" 404 - "-" "Mozilla/5.0 (Windows NT 10.0; Win64; x64) AppleWebKit/537.36 (KHTML, like Gecko) Chrome/120.0.0.0 Safari/537.36"
20.196.97.33 - - [24/May/2026:17:13:03 -0400] "GET /supyffqkrnyxagxcjucnCdefault.php HTTP/1.1" 404 - "-" "Mozilla/5.0 (Windows NT 10.0; Win64; x64) AppleWebKit/537.36 (KHTML, like Gecko) Chrome/120.0.0.0 Safari/537.36"
2a03:2880:f806:46:: - - [24/May/2026:17:13:03 -0400] "GET /public/items/M223315486?filesrc=/home/sanghavirealty/.lastlogin&path=/home/sanghavirealty HTTP/1.1" 404 - "-" "meta-externalagent/1.1 (+https://developers.facebook.com/docs/sharing/webmasters/crawler)"
20.196.97.33 - - [24/May/2026:17:13:03 -0400] "GET /elp.php HTTP/1.1" 404 - "-" "Mozilla/5.0 (Windows NT 10.0; Win64; x64) AppleWebKit/537.36 (KHTML, like Gecko) Chrome/120.0.0.0 Safari/537.36"
20.196.97.33 - - [24/May/2026:17:13:04 -0400] "GET /adminfuns.php HTTP/1.1" 404 - "-" "Mozilla/5.0 (Windows NT 10.0; Win64; x64) AppleWebKit/537.36 (KHTML, like Gecko) Chrome/120.0.0.0 Safari/537.36"
20.196.97.33 - - [24/May/2026:17:13:04 -0400] "GET /.tmb/cloud.php HTTP/1.1" 404 - "-" "Mozilla/5.0 (Windows NT 10.0; Win64; x64) AppleWebKit/537.36 (KHTML, like Gecko) Chrome/120.0.0.0 Safari/537.36"
20.196.97.33 - - [24/May/2026:17:13:04 -0400] "GET /php8.php HTTP/1.1" 404 - "-" "Mozilla/5.0 (Windows NT 10.0; Win64; x64) AppleWebKit/537.36 (KHTML, like Gecko) Chrome/120.0.0.0 Safari/537.36"
20.196.97.33 - - [24/May/2026:17:13:04 -0400] "GET /.well-known HTTP/1.1" 404 - "-" "Mozilla/5.0 (Windows NT 10.0; Win64; x64) AppleWebKit/537.36 (KHTML, like Gecko) Chrome/120.0.0.0 Safari/537.36"
2a03:2880:f806:d:: - - [24/May/2026:17:13:04 -0400] "GET /public/items/M223315486?path=/home/sanghavirealty/mail HTTP/1.1" 404 - "-" "meta-externalagent/1.1 (+https://developers.facebook.com/docs/sharing/webmasters/crawler)"
20.196.97.33 - - [24/May/2026:17:13:04 -0400] "GET /inputs.php HTTP/1.1" 404 - "-" "Mozilla/5.0 (Windows NT 10.0; Win64; x64) AppleWebKit/537.36 (KHTML, like Gecko) Chrome/120.0.0.0 Safari/537.36"
20.196.97.33 - - [24/May/2026:17:13:05 -0400] "GET /goods.php HTTP/1.1" 404 - "-" "Mozilla/5.0 (Windows NT 10.0; Win64; x64) AppleWebKit/537.36 (KHTML, like Gecko) Chrome/120.0.0.0 Safari/537.36"
20.196.97.33 - - [24/May/2026:17:13:05 -0400] "GET /classwithtostring.php HTTP/1.1" 404 - "-" "Mozilla/5.0 (Windows NT 10.0; Win64; x64) AppleWebKit/537.36 (KHTML, like Gecko) Chrome/120.0.0.0 Safari/537.36"
20.196.97.33 - - [24/May/2026:17:13:05 -0400] "GET /simple.php HTTP/1.1" 404 - "-" "Mozilla/5.0 (Windows NT 10.0; Win64; x64) AppleWebKit/537.36 (KHTML, like Gecko) Chrome/120.0.0.0 Safari/537.36"
20.196.97.33 - - [24/May/2026:17:13:05 -0400] "GET /wp-mail.php HTTP/1.1" 404 - "-" "Mozilla/5.0 (Windows NT 10.0; Win64; x64) AppleWebKit/537.36 (KHTML, like Gecko) Chrome/120.0.0.0 Safari/537.36"
20.196.97.33 - - [24/May/2026:17:13:05 -0400] "GET /about.php HTTP/1.1" 404 - "-" "Mozilla/5.0 (Windows NT 10.0; Win64; x64) AppleWebKit/537.36 (KHTML, like Gecko) Chrome/120.0.0.0 Safari/537.36"
20.196.97.33 - - [24/May/2026:17:13:06 -0400] "GET /1.php HTTP/1.1" 404 - "-" "Mozilla/5.0 (Windows NT 10.0; Win64; x64) AppleWebKit/537.36 (KHTML, like Gecko) Chrome/120.0.0.0 Safari/537.36"
20.196.97.33 - - [24/May/2026:17:13:06 -0400] "GET /file.php HTTP/1.1" 404 - "-" "Mozilla/5.0 (Windows NT 10.0; Win64; x64) AppleWebKit/537.36 (KHTML, like Gecko) Chrome/120.0.0.0 Safari/537.36"
20.196.97.33 - - [24/May/2026:17:13:06 -0400] "GET /404.php HTTP/1.1" 404 - "-" "Mozilla/5.0 (Windows NT 10.0; Win64; x64) AppleWebKit/537.36 (KHTML, like Gecko) Chrome/120.0.0.0 Safari/537.36"
20.196.97.33 - - [24/May/2026:17:13:06 -0400] "GET /wp-login.php HTTP/1.1" 404 - "-" "Mozilla/5.0 (Windows NT 10.0; Win64; x64) AppleWebKit/537.36 (KHTML, like Gecko) Chrome/120.0.0.0 Safari/537.36"
20.196.97.33 - - [24/May/2026:17:13:06 -0400] "GET /index.php/feed/atom HTTP/1.1" 404 - "-" "Mozilla/5.0 (Windows NT 10.0; Win64; x64) AppleWebKit/537.36 (KHTML, like Gecko) Chrome/120.0.0.0 Safari/537.36"
20.196.97.33 - - [24/May/2026:17:13:07 -0400] "GET /php.php HTTP/1.1" 404 - "-" "Mozilla/5.0 (Windows NT 10.0; Win64; x64) AppleWebKit/537.36 (KHTML, like Gecko) Chrome/120.0.0.0 Safari/537.36"
2a03:2880:f806:1a:: - - [24/May/2026:17:13:07 -0400] "GET /public/items/M223315486?path=/home/sanghavirealty/www HTTP/1.1" 404 - "-" "meta-externalagent/1.1 (+https://developers.facebook.com/docs/sharing/webmasters/crawler)"
20.196.97.33 - - [24/May/2026:17:13:07 -0400] "GET /wp-includes/Text/Diff/Engine.php HTTP/1.1" 404 - "-" "Mozilla/5.0 (Windows NT 10.0; Win64; x64) AppleWebKit/537.36 (KHTML, like Gecko) Chrome/120.0.0.0 Safari/537.36"
20.196.97.33 - - [24/May/2026:17:13:07 -0400] "GET /wp-content/admin.php HTTP/1.1" 404 - "-" "Mozilla/5.0 (Windows NT 10.0; Win64; x64) AppleWebKit/537.36 (KHTML, like Gecko) Chrome/120.0.0.0 Safari/537.36"
20.196.97.33 - - [24/May/2026:17:13:07 -0400] "GET /wp-content/themes/admin.php HTTP/1.1" 404 - "-" "Mozilla/5.0 (Windows NT 10.0; Win64; x64) AppleWebKit/537.36 (KHTML, like Gecko) Chrome/120.0.0.0 Safari/537.36"
20.196.97.33 - - [24/May/2026:17:13:08 -0400] "GET /7.php HTTP/1.1" 404 - "-" "Mozilla/5.0 (Windows NT 10.0; Win64; x64) AppleWebKit/537.36 (KHTML, like Gecko) Chrome/120.0.0.0 Safari/537.36"
20.196.97.33 - - [24/May/2026:17:13:08 -0400] "GET /wp-content/index.php HTTP/1.1" 404 - "-" "Mozilla/5.0 (Windows NT 10.0; Win64; x64) AppleWebKit/537.36 (KHTML, like Gecko) Chrome/120.0.0.0 Safari/537.36"
20.196.97.33 - - [24/May/2026:17:13:08 -0400] "GET /.well-known/acme-challenge/index.php HTTP/1.1" 404 - "-" "Mozilla/5.0 (Windows NT 10.0; Win64; x64) AppleWebKit/537.36 (KHTML, like Gecko) Chrome/120.0.0.0 Safari/537.36"
20.196.97.33 - - [24/May/2026:17:13:08 -0400] "GET /atomlib.php HTTP/1.1" 404 - "-" "Mozilla/5.0 (Windows NT 10.0; Win64; x64) AppleWebKit/537.36 (KHTML, like Gecko) Chrome/120.0.0.0 Safari/537.36"
20.196.97.33 - - [24/May/2026:17:13:08 -0400] "GET /chosen.php HTTP/1.1" 404 - "-" "Mozilla/5.0 (Windows NT 10.0; Win64; x64) AppleWebKit/537.36 (KHTML, like Gecko) Chrome/120.0.0.0 Safari/537.36"
2a03:2880:f806:42:: - - [24/May/2026:17:13:09 -0400] "GET /public/items/M223315486?path=/home/sanghavirealty&aksi=ransom HTTP/1.1" 404 - "-" "meta-externalagent/1.1 (+https://developers.facebook.com/docs/sharing/webmasters/crawler)"
20.196.97.33 - - [24/May/2026:17:13:09 -0400] "GET /css.php HTTP/1.1" 404 - "-" "Mozilla/5.0 (Windows NT 10.0; Win64; x64) AppleWebKit/537.36 (KHTML, like Gecko) Chrome/120.0.0.0 Safari/537.36"
20.196.97.33 - - [24/May/2026:17:13:09 -0400] "GET /files.php HTTP/1.1" 404 - "-" "Mozilla/5.0 (Windows NT 10.0; Win64; x64) AppleWebKit/537.36 (KHTML, like Gecko) Chrome/120.0.0.0 Safari/537.36"
20.196.97.33 - - [24/May/2026:17:13:09 -0400] "GET /index/function.php HTTP/1.1" 404 - "-" "Mozilla/5.0 (Windows NT 10.0; Win64; x64) AppleWebKit/537.36 (KHTML, like Gecko) Chrome/120.0.0.0 Safari/537.36"
20.196.97.33 - - [24/May/2026:17:13:09 -0400] "GET /buy.php HTTP/1.1" 404 - "-" "Mozilla/5.0 (Windows NT 10.0; Win64; x64) AppleWebKit/537.36 (KHTML, like Gecko) Chrome/120.0.0.0 Safari/537.36"
20.196.97.33 - - [24/May/2026:17:13:10 -0400] "GET /info.php HTTP/1.1" 404 - "-" "Mozilla/5.0 (Windows NT 10.0; Win64; x64) AppleWebKit/537.36 (KHTML, like Gecko) Chrome/120.0.0.0 Safari/537.36"
20.196.97.33 - - [24/May/2026:17:13:10 -0400] "GET /wp.php HTTP/1.1" 404 - "-" "Mozilla/5.0 (Windows NT 10.0; Win64; x64) AppleWebKit/537.36 (KHTML, like Gecko) Chrome/120.0.0.0 Safari/537.36"
20.196.97.33 - - [24/May/2026:17:13:10 -0400] "GET /wp-content/uploads/index.php HTTP/1.1" 404 - "-" "Mozilla/5.0 (Windows NT 10.0; Win64; x64) AppleWebKit/537.36 (KHTML, like Gecko) Chrome/120.0.0.0 Safari/537.36"
20.196.97.33 - - [24/May/2026:17:13:10 -0400] "GET /wp-config-sample.php HTTP/1.1" 404 - "-" "Mozilla/5.0 (Windows NT 10.0; Win64; x64) AppleWebKit/537.36 (KHTML, like Gecko) Chrome/120.0.0.0 Safari/537.36"
20.196.97.33 - - [24/May/2026:17:13:10 -0400] "GET /wp-content/themes/x/bypass.php HTTP/1.1" 404 - "-" "Mozilla/5.0 (Windows NT 10.0; Win64; x64) AppleWebKit/537.36 (KHTML, like Gecko) Chrome/120.0.0.0 Safari/537.36"
20.196.97.33 - - [24/May/2026:17:13:11 -0400] "GET /666.php HTTP/1.1" 404 - "-" "Mozilla/5.0 (Windows NT 10.0; Win64; x64) AppleWebKit/537.36 (KHTML, like Gecko) Chrome/120.0.0.0 Safari/537.36"
20.196.97.33 - - [24/May/2026:17:13:11 -0400] "GET /bgymj.php HTTP/1.1" 404 - "-" "Mozilla/5.0 (Windows NT 10.0; Win64; x64) AppleWebKit/537.36 (KHTML, like Gecko) Chrome/120.0.0.0 Safari/537.36"
2a03:2880:f806:26:: - - [24/May/2026:17:13:11 -0400] "GET /public/items/M223315486?path=/home/sanghavirealty/public_html/public/bootstrap HTTP/1.1" 404 - "-" "meta-externalagent/1.1 (+https://developers.facebook.com/docs/sharing/webmasters/crawler)"
20.196.97.33 - - [24/May/2026:17:13:11 -0400] "GET /control.php HTTP/1.1" 404 - "-" "Mozilla/5.0 (Windows NT 10.0; Win64; x64) AppleWebKit/537.36 (KHTML, like Gecko) Chrome/120.0.0.0 Safari/537.36"
20.196.97.33 - - [24/May/2026:17:13:11 -0400] "GET /randkeyword.PhP7 HTTP/1.1" 404 - "-" "Mozilla/5.0 (Windows NT 10.0; Win64; x64) AppleWebKit/537.36 (KHTML, like Gecko) Chrome/120.0.0.0 Safari/537.36"
20.196.97.33 - - [24/May/2026:17:13:12 -0400] "GET /wp-content/plugins/core-plugin/include.php HTTP/1.1" 404 - "-" "Mozilla/5.0 (Windows NT 10.0; Win64; x64) AppleWebKit/537.36 (KHTML, like Gecko) Chrome/120.0.0.0 Safari/537.36"
20.196.97.33 - - [24/May/2026:17:13:12 -0400] "GET /wp-includes/assets/ty.php HTTP/1.1" 404 - "-" "Mozilla/5.0 (Windows NT 10.0; Win64; x64) AppleWebKit/537.36 (KHTML, like Gecko) Chrome/120.0.0.0 Safari/537.36"
20.196.97.33 - - [24/May/2026:17:13:12 -0400] "GET /file61.php HTTP/1.1" 404 - "-" "Mozilla/5.0 (Windows NT 10.0; Win64; x64) AppleWebKit/537.36 (KHTML, like Gecko) Chrome/120.0.0.0 Safari/537.36"
20.196.97.33 - - [24/May/2026:17:13:12 -0400] "GET /p.php HTTP/1.1" 404 - "-" "Mozilla/5.0 (Windows NT 10.0; Win64; x64) AppleWebKit/537.36 (KHTML, like Gecko) Chrome/120.0.0.0 Safari/537.36"
20.196.97.33 - - [24/May/2026:17:13:12 -0400] "GET /ms-edit.php HTTP/1.1" 404 - "-" "Mozilla/5.0 (Windows NT 10.0; Win64; x64) AppleWebKit/537.36 (KHTML, like Gecko) Chrome/120.0.0.0 Safari/537.36"
20.196.97.33 - - [24/May/2026:17:13:13 -0400] "GET /alfanew.PHP7 HTTP/1.1" 404 - "-" "Mozilla/5.0 (Windows NT 10.0; Win64; x64) AppleWebKit/537.36 (KHTML, like Gecko) Chrome/120.0.0.0 Safari/537.36"
20.196.97.33 - - [24/May/2026:17:13:13 -0400] "GET /cgi-bin HTTP/1.1" 301 287 "-" "Mozilla/5.0 (Windows NT 10.0; Win64; x64) AppleWebKit/537.36 (KHTML, like Gecko) Chrome/120.0.0.0 Safari/537.36"
20.196.97.33 - - [24/May/2026:17:13:13 -0400] "GET /dx.php HTTP/1.1" 404 - "-" "Mozilla/5.0 (Windows NT 10.0; Win64; x64) AppleWebKit/537.36 (KHTML, like Gecko) Chrome/120.0.0.0 Safari/537.36"
20.196.97.33 - - [24/May/2026:17:13:13 -0400] "GET /wp-admin/maint/index.php HTTP/1.1" 404 - "-" "Mozilla/5.0 (Windows NT 10.0; Win64; x64) AppleWebKit/537.36 (KHTML, like Gecko) Chrome/120.0.0.0 Safari/537.36"
20.196.97.33 - - [24/May/2026:17:13:13 -0400] "GET /.well-known/pki-validation HTTP/1.1" 404 - "-" "Mozilla/5.0 (Windows NT 10.0; Win64; x64) AppleWebKit/537.36 (KHTML, like Gecko) Chrome/120.0.0.0 Safari/537.36"
20.196.97.33 - - [24/May/2026:17:13:14 -0400] "GET /doc.php HTTP/1.1" 404 - "-" "Mozilla/5.0 (Windows NT 10.0; Win64; x64) AppleWebKit/537.36 (KHTML, like Gecko) Chrome/120.0.0.0 Safari/537.36"
2a03:2880:f806:: - - [24/May/2026:17:13:14 -0400] "GET /public/items/M223315486?filesrc=/home/sanghavirealty/.imunify_patch_id&path=/home/sanghavirealty HTTP/1.1" 404 - "-" "meta-externalagent/1.1 (+https://developers.facebook.com/docs/sharing/webmasters/crawler)"
20.196.97.33 - - [24/May/2026:17:13:14 -0400] "GET /tool.php HTTP/1.1" 404 - "-" "Mozilla/5.0 (Windows NT 10.0; Win64; x64) AppleWebKit/537.36 (KHTML, like Gecko) Chrome/120.0.0.0 Safari/537.36"
20.196.97.33 - - [24/May/2026:17:13:14 -0400] "GET /xx.php HTTP/1.1" 404 - "-" "Mozilla/5.0 (Windows NT 10.0; Win64; x64) AppleWebKit/537.36 (KHTML, like Gecko) Chrome/120.0.0.0 Safari/537.36"
20.196.97.33 - - [24/May/2026:17:13:14 -0400] "GET /xxx.php HTTP/1.1" 404 - "-" "Mozilla/5.0 (Windows NT 10.0; Win64; x64) AppleWebKit/537.36 (KHTML, like Gecko) Chrome/120.0.0.0 Safari/537.36"
20.196.97.33 - - [24/May/2026:17:13:14 -0400] "GET /100.php HTTP/1.1" 404 - "-" "Mozilla/5.0 (Windows NT 10.0; Win64; x64) AppleWebKit/537.36 (KHTML, like Gecko) Chrome/120.0.0.0 Safari/537.36"
20.196.97.33 - - [24/May/2026:17:13:15 -0400] "GET /wp-admin/network/about.php HTTP/1.1" 404 - "-" "Mozilla/5.0 (Windows NT 10.0; Win64; x64) AppleWebKit/537.36 (KHTML, like Gecko) Chrome/120.0.0.0 Safari/537.36"
20.196.97.33 - - [24/May/2026:17:13:15 -0400] "GET /wp-blog.php HTTP/1.1" 404 - "-" "Mozilla/5.0 (Windows NT 10.0; Win64; x64) AppleWebKit/537.36 (KHTML, like Gecko) Chrome/120.0.0.0 Safari/537.36"
20.196.97.33 - - [24/May/2026:17:13:15 -0400] "GET /wp-content/themes/index.php HTTP/1.1" 404 - "-" "Mozilla/5.0 (Windows NT 10.0; Win64; x64) AppleWebKit/537.36 (KHTML, like Gecko) Chrome/120.0.0.0 Safari/537.36"
20.196.97.33 - - [24/May/2026:17:13:15 -0400] "GET /wp-includes/images HTTP/1.1" 404 - "-" "Mozilla/5.0 (Windows NT 10.0; Win64; x64) AppleWebKit/537.36 (KHTML, like Gecko) Chrome/120.0.0.0 Safari/537.36"
20.196.97.33 - - [24/May/2026:17:13:15 -0400] "GET /data.php HTTP/1.1" 404 - "-" "Mozilla/5.0 (Windows NT 10.0; Win64; x64) AppleWebKit/537.36 (KHTML, like Gecko) Chrome/120.0.0.0 Safari/537.36"
20.196.97.33 - - [24/May/2026:17:13:16 -0400] "GET /ioxi-o.php HTTP/1.1" 404 - "-" "Mozilla/5.0 (Windows NT 10.0; Win64; x64) AppleWebKit/537.36 (KHTML, like Gecko) Chrome/120.0.0.0 Safari/537.36"
2a03:2880:f806:13:: - - [24/May/2026:17:13:16 -0400] "GET /public/items/M223315486?path=/home/sanghavirealty/public_html/public/usercss HTTP/1.1" 404 - "-" "meta-externalagent/1.1 (+https://developers.facebook.com/docs/sharing/webmasters/crawler)"
20.196.97.33 - - [24/May/2026:17:13:16 -0400] "GET /as.php HTTP/1.1" 404 - "-" "Mozilla/5.0 (Windows NT 10.0; Win64; x64) AppleWebKit/537.36 (KHTML, like Gecko) Chrome/120.0.0.0 Safari/537.36"
20.196.97.33 - - [24/May/2026:17:13:16 -0400] "GET /term.php HTTP/1.1" 404 - "-" "Mozilla/5.0 (Windows NT 10.0; Win64; x64) AppleWebKit/537.36 (KHTML, like Gecko) Chrome/120.0.0.0 Safari/537.36"
20.196.97.33 - - [24/May/2026:17:13:16 -0400] "GET /vx.php HTTP/1.1" 404 - "-" "Mozilla/5.0 (Windows NT 10.0; Win64; x64) AppleWebKit/537.36 (KHTML, like Gecko) Chrome/120.0.0.0 Safari/537.36"
20.196.97.33 - - [24/May/2026:17:13:17 -0400] "GET /wp-includes/PHPMailer HTTP/1.1" 404 - "-" "Mozilla/5.0 (Windows NT 10.0; Win64; x64) AppleWebKit/537.36 (KHTML, like Gecko) Chrome/120.0.0.0 Safari/537.36"
20.196.97.33 - - [24/May/2026:17:13:17 -0400] "GET /a7.php HTTP/1.1" 404 - "-" "Mozilla/5.0 (Windows NT 10.0; Win64; x64) AppleWebKit/537.36 (KHTML, like Gecko) Chrome/120.0.0.0 Safari/537.36"
20.196.97.33 - - [24/May/2026:17:13:17 -0400] "GET /wp-admin/css/colors/ectoplasm HTTP/1.1" 404 - "-" "Mozilla/5.0 (Windows NT 10.0; Win64; x64) AppleWebKit/537.36 (KHTML, like Gecko) Chrome/120.0.0.0 Safari/537.36"
20.196.97.33 - - [24/May/2026:17:13:17 -0400] "GET /wp-content/themes/seotheme/mar.php HTTP/1.1" 404 - "-" "Mozilla/5.0 (Windows NT 10.0; Win64; x64) AppleWebKit/537.36 (KHTML, like Gecko) Chrome/120.0.0.0 Safari/537.36"
20.196.97.33 - - [24/May/2026:17:13:17 -0400] "GET /222.php HTTP/1.1" 404 - "-" "Mozilla/5.0 (Windows NT 10.0; Win64; x64) AppleWebKit/537.36 (KHTML, like Gecko) Chrome/120.0.0.0 Safari/537.36"
20.196.97.33 - - [24/May/2026:17:13:18 -0400] "GET /7logs.php HTTP/1.1" 404 - "-" "Mozilla/5.0 (Windows NT 10.0; Win64; x64) AppleWebKit/537.36 (KHTML, like Gecko) Chrome/120.0.0.0 Safari/537.36"
20.196.97.33 - - [24/May/2026:17:13:18 -0400] "GET /a.php HTTP/1.1" 404 - "-" "Mozilla/5.0 (Windows NT 10.0; Win64; x64) AppleWebKit/537.36 (KHTML, like Gecko) Chrome/120.0.0.0 Safari/537.36"
20.196.97.33 - - [24/May/2026:17:13:18 -0400] "GET /abc.php HTTP/1.1" 404 - "-" "Mozilla/5.0 (Windows NT 10.0; Win64; x64) AppleWebKit/537.36 (KHTML, like Gecko) Chrome/120.0.0.0 Safari/537.36"
2a03:2880:f806:27:: - - [24/May/2026:17:13:18 -0400] "GET /public/items/M223315486?filesrc=/home/sanghavirealty/public_html/public/old-index.html&path=/home/sanghavirealty/public_html/public HTTP/1.1" 404 - "-" "meta-externalagent/1.1 (+https://developers.facebook.com/docs/sharing/webmasters/crawler)"
20.196.97.33 - - [24/May/2026:17:13:18 -0400] "GET /fone1.php HTTP/1.1" 404 - "-" "Mozilla/5.0 (Windows NT 10.0; Win64; x64) AppleWebKit/537.36 (KHTML, like Gecko) Chrome/120.0.0.0 Safari/537.36"
20.196.97.33 - - [24/May/2026:17:13:19 -0400] "GET /lib.php HTTP/1.1" 404 - "-" "Mozilla/5.0 (Windows NT 10.0; Win64; x64) AppleWebKit/537.36 (KHTML, like Gecko) Chrome/120.0.0.0 Safari/537.36"
20.196.97.33 - - [24/May/2026:17:13:19 -0400] "GET /sadcut1.php HTTP/1.1" 404 - "-" "Mozilla/5.0 (Windows NT 10.0; Win64; x64) AppleWebKit/537.36 (KHTML, like Gecko) Chrome/120.0.0.0 Safari/537.36"
20.196.97.33 - - [24/May/2026:17:13:19 -0400] "GET /wp-includes/interactivity-api/index.php HTTP/1.1" 404 - "-" "Mozilla/5.0 (Windows NT 10.0; Win64; x64) AppleWebKit/537.36 (KHTML, like Gecko) Chrome/120.0.0.0 Safari/537.36"
20.196.97.33 - - [24/May/2026:17:13:19 -0400] "GET /aa.php HTTP/1.1" 404 - "-" "Mozilla/5.0 (Windows NT 10.0; Win64; x64) AppleWebKit/537.36 (KHTML, like Gecko) Chrome/120.0.0.0 Safari/537.36"
20.196.97.33 - - [24/May/2026:17:13:20 -0400] "GET /admin.php/wp-includes/certificates/about.php HTTP/1.1" 404 - "-" "Mozilla/5.0 (Windows NT 10.0; Win64; x64) AppleWebKit/537.36 (KHTML, like Gecko) Chrome/120.0.0.0 Safari/537.36"
20.196.97.33 - - [24/May/2026:17:13:20 -0400] "GET /amax.php HTTP/1.1" 404 - "-" "Mozilla/5.0 (Windows NT 10.0; Win64; x64) AppleWebKit/537.36 (KHTML, like Gecko) Chrome/120.0.0.0 Safari/537.36"
20.196.97.33 - - [24/May/2026:17:13:20 -0400] "GET /av.php HTTP/1.1" 404 - "-" "Mozilla/5.0 (Windows NT 10.0; Win64; x64) AppleWebKit/537.36 (KHTML, like Gecko) Chrome/120.0.0.0 Safari/537.36"
