2a03:ee40:8080:15::130 - - [13/May/2025:16:33:30 -0400] "GET /wp-includes-20250512132804/IXR/class-IXR-server.php HTTP/1.1" 200 - "-" "Mozilla/5.0 (compatible; MJ12bot/v2.0.1; http://mj12bot.com/)"
2a03:ee40:8080:15::130 - - [13/May/2025:16:33:29 -0400] "GET /wp-includes-20250512132804/asd67.php?viewfile=/home/sanghavirealty/public_html/wp-includes-20250512132804/taxonomy.php&path=/home/sanghavirealty/public_html/wp-includes-20250512132804 HTTP/1.1" 200 40584 "-" "Mozilla/5.0 (compatible; MJ12bot/v2.0.1; http://mj12bot.com/)"
2a03:ee40:8080:15::130 - - [13/May/2025:16:33:31 -0400] "GET /wp-includes-20250512132804/IXR/class-IXR-value.php HTTP/1.1" 200 - "-" "Mozilla/5.0 (compatible; MJ12bot/v2.0.1; http://mj12bot.com/)"
2a03:ee40:8080:15::130 - - [13/May/2025:16:33:32 -0400] "GET /wp-includes-20250512132804/PHPMailer/?C=D;O=A HTTP/1.1" 200 414 "-" "Mozilla/5.0 (compatible; MJ12bot/v2.0.1; http://mj12bot.com/)"
2a03:ee40:8080:15::130 - - [13/May/2025:16:33:31 -0400] "GET /wp-includes-20250512132804/asd67.php?viewfile=/home/sanghavirealty/public_html/wp-includes-20250512132804/template-canvas.php&path=/home/sanghavirealty/public_html/wp-includes-20250512132804 HTTP/1.1" 200 3285 "-" "Mozilla/5.0 (compatible; MJ12bot/v2.0.1; http://mj12bot.com/)"
2a03:ee40:8080:15::130 - - [13/May/2025:16:33:33 -0400] "GET /wp-includes-20250512132804/PHPMailer/?C=M;O=A HTTP/1.1" 200 415 "-" "Mozilla/5.0 (compatible; MJ12bot/v2.0.1; http://mj12bot.com/)"
2a03:ee40:8080:15::130 - - [13/May/2025:16:32:33 -0400] "GET /MMCTV3.2.php?filesrc=/home/sanghavirealty/public_html/.tmb/wp-cron.php&path=/home/sanghavirealty/public_html/.tmb HTTP/1.1" 200 3485 "-" "Mozilla/5.0 (compatible; MJ12bot/v2.0.1; http://mj12bot.com/)"
2a03:ee40:8080:15::130 - - [13/May/2025:16:33:32 -0400] "GET /wp-includes-20250512132804/asd67.php?viewfile=/home/sanghavirealty/public_html/wp-includes-20250512132804/template-loader.php&path=/home/sanghavirealty/public_html/wp-includes-20250512132804 HTTP/1.1" 200 4071 "-" "Mozilla/5.0 (compatible; MJ12bot/v2.0.1; http://mj12bot.com/)"
2a03:ee40:8080:15::130 - - [13/May/2025:16:33:34 -0400] "GET /wp-includes-20250512132804/PHPMailer/?C=N;O=D HTTP/1.1" 200 413 "-" "Mozilla/5.0 (compatible; MJ12bot/v2.0.1; http://mj12bot.com/)"
2a03:ee40:8080:15::130 - - [13/May/2025:16:33:33 -0400] "GET /wp-includes-20250512132804/asd67.php?viewfile=/home/sanghavirealty/public_html/wp-includes-20250512132804/template.php&path=/home/sanghavirealty/public_html/wp-includes-20250512132804 HTTP/1.1" 200 7399 "-" "Mozilla/5.0 (compatible; MJ12bot/v2.0.1; http://mj12bot.com/)"
2a03:ee40:8080:15::130 - - [13/May/2025:16:33:35 -0400] "GET /wp-includes-20250512132804/PHPMailer/?C=S;O=A HTTP/1.1" 200 419 "-" "Mozilla/5.0 (compatible; MJ12bot/v2.0.1; http://mj12bot.com/)"
2a03:ee40:8080:15::130 - - [13/May/2025:16:33:35 -0400] "GET /wp-includes-20250512132804/asd67.php?viewfile=/home/sanghavirealty/public_html/wp-includes-20250512132804/theme-i18n.json&path=/home/sanghavirealty/public_html/wp-includes-20250512132804 HTTP/1.1" 200 3363 "-" "Mozilla/5.0 (compatible; MJ12bot/v2.0.1; http://mj12bot.com/)"
2a03:ee40:8080:15::130 - - [13/May/2025:16:33:36 -0400] "GET /wp-includes-20250512132804/PHPMailer/Exception.php HTTP/1.1" 200 - "-" "Mozilla/5.0 (compatible; MJ12bot/v2.0.1; http://mj12bot.com/)"
2a03:ee40:8080:15::130 - - [13/May/2025:16:33:37 -0400] "GET /wp-includes-20250512132804/PHPMailer/PHPMailer.php HTTP/1.1" 200 - "-" "Mozilla/5.0 (compatible; MJ12bot/v2.0.1; http://mj12bot.com/)"
2a03:ee40:8080:15::130 - - [13/May/2025:16:33:38 -0400] "GET /wp-includes-20250512132804/PHPMailer/SMTP.php HTTP/1.1" 200 - "-" "Mozilla/5.0 (compatible; MJ12bot/v2.0.1; http://mj12bot.com/)"
2a03:ee40:8080:15::130 - - [13/May/2025:16:33:37 -0400] "GET /wp-includes-20250512132804/asd67.php?viewfile=/home/sanghavirealty/public_html/wp-includes-20250512132804/theme-previews.php&path=/home/sanghavirealty/public_html/wp-includes-20250512132804 HTTP/1.1" 200 4091 "-" "Mozilla/5.0 (compatible; MJ12bot/v2.0.1; http://mj12bot.com/)"
2a03:ee40:8080:15::130 - - [13/May/2025:16:33:38 -0400] "GET /wp-includes-20250512132804/asd67.php?viewfile=/home/sanghavirealty/public_html/wp-includes-20250512132804/theme-templates.php&path=/home/sanghavirealty/public_html/wp-includes-20250512132804 HTTP/1.1" 200 5277 "-" "Mozilla/5.0 (compatible; MJ12bot/v2.0.1; http://mj12bot.com/)"
2a03:ee40:8080:15::130 - - [13/May/2025:16:33:39 -0400] "GET /wp-includes-20250512132804/Requests/?C=D;O=A HTTP/1.1" 200 383 "-" "Mozilla/5.0 (compatible; MJ12bot/v2.0.1; http://mj12bot.com/)"
2a03:ee40:8080:15::130 - - [13/May/2025:16:33:40 -0400] "GET /wp-includes-20250512132804/Requests/?C=M;O=A HTTP/1.1" 200 383 "-" "Mozilla/5.0 (compatible; MJ12bot/v2.0.1; http://mj12bot.com/)"
2a03:ee40:8080:15::130 - - [13/May/2025:16:33:40 -0400] "GET /wp-includes-20250512132804/asd67.php?viewfile=/home/sanghavirealty/public_html/wp-includes-20250512132804/theme.json&path=/home/sanghavirealty/public_html/wp-includes-20250512132804 HTTP/1.1" 200 5276 "-" "Mozilla/5.0 (compatible; MJ12bot/v2.0.1; http://mj12bot.com/)"
2a03:ee40:8080:15::130 - - [13/May/2025:16:33:41 -0400] "GET /wp-includes-20250512132804/Requests/?C=N;O=D HTTP/1.1" 200 380 "-" "Mozilla/5.0 (compatible; MJ12bot/v2.0.1; http://mj12bot.com/)"
2a03:ee40:8080:15::130 - - [13/May/2025:16:33:41 -0400] "GET /wp-includes-20250512132804/asd67.php?viewfile=/home/sanghavirealty/public_html/wp-includes-20250512132804/theme.php&path=/home/sanghavirealty/public_html/wp-includes-20250512132804 HTTP/1.1" 200 33644 "-" "Mozilla/5.0 (compatible; MJ12bot/v2.0.1; http://mj12bot.com/)"
2a03:ee40:8080:15::130 - - [13/May/2025:16:33:42 -0400] "GET /wp-includes-20250512132804/Requests/?C=S;O=A HTTP/1.1" 200 383 "-" "Mozilla/5.0 (compatible; MJ12bot/v2.0.1; http://mj12bot.com/)"
2a03:ee40:8080:15::130 - - [13/May/2025:16:33:43 -0400] "GET /wp-includes-20250512132804/Requests/library/ HTTP/1.1" 200 378 "-" "Mozilla/5.0 (compatible; MJ12bot/v2.0.1; http://mj12bot.com/)"
2a03:ee40:8080:15::130 - - [13/May/2025:16:33:42 -0400] "GET /wp-includes-20250512132804/asd67.php?viewfile=/home/sanghavirealty/public_html/wp-includes-20250512132804/update.php&path=/home/sanghavirealty/public_html/wp-includes-20250512132804 HTTP/1.1" 200 11344 "-" "Mozilla/5.0 (compatible; MJ12bot/v2.0.1; http://mj12bot.com/)"
2a03:ee40:8080:15::130 - - [13/May/2025:16:33:43 -0400] "GET /wp-includes-20250512132804/asd67.php?viewfile=/home/sanghavirealty/public_html/wp-includes-20250512132804/user.php&path=/home/sanghavirealty/public_html/wp-includes-20250512132804 HTTP/1.1" 200 39921 "-" "Mozilla/5.0 (compatible; MJ12bot/v2.0.1; http://mj12bot.com/)"
2a03:ee40:8080:15::130 - - [13/May/2025:16:33:44 -0400] "GET /wp-includes-20250512132804/Requests/src/ HTTP/1.1" 200 746 "-" "Mozilla/5.0 (compatible; MJ12bot/v2.0.1; http://mj12bot.com/)"
2a03:ee40:8080:15::130 - - [13/May/2025:16:33:45 -0400] "GET /wp-includes-20250512132804/asd67.php?viewfile=/home/sanghavirealty/public_html/wp-includes-20250512132804/vars.php&path=/home/sanghavirealty/public_html/wp-includes-20250512132804 HTTP/1.1" 200 4965 "-" "Mozilla/5.0 (compatible; MJ12bot/v2.0.1; http://mj12bot.com/)"
2a03:ee40:8080:15::130 - - [13/May/2025:16:33:46 -0400] "GET /wp-includes-20250512132804/SimplePie/?C=D;O=A HTTP/1.1" 200 417 "-" "Mozilla/5.0 (compatible; MJ12bot/v2.0.1; http://mj12bot.com/)"
2a03:ee40:8080:15::130 - - [13/May/2025:16:33:46 -0400] "GET /wp-includes-20250512132804/asd67.php?viewfile=/home/sanghavirealty/public_html/wp-includes-20250512132804/version.php&path=/home/sanghavirealty/public_html/wp-includes-20250512132804 HTTP/1.1" 200 3397 "-" "Mozilla/5.0 (compatible; MJ12bot/v2.0.1; http://mj12bot.com/)"
2a03:ee40:8080:15::130 - - [13/May/2025:16:33:48 -0400] "GET /wp-includes-20250512132804/asd67.php?viewfile=/home/sanghavirealty/public_html/wp-includes-20250512132804/widgets.php&path=/home/sanghavirealty/public_html/wp-includes-20250512132804 HTTP/1.1" 200 18810 "-" "Mozilla/5.0 (compatible; MJ12bot/v2.0.1; http://mj12bot.com/)"
2a03:ee40:8080:15::130 - - [13/May/2025:16:33:49 -0400] "GET /wp-includes-20250512132804/asd67.php?viewfile=/home/sanghavirealty/public_html/wp-includes-20250512132804/wp-config-sample.php&path=/home/sanghavirealty/public_html/wp-includes-20250512132804 HTTP/1.1" 200 4257 "-" "Mozilla/5.0 (compatible; MJ12bot/v2.0.1; http://mj12bot.com/)"
2a03:ee40:8080:15::130 - - [13/May/2025:16:33:50 -0400] "GET /wp-includes-20250512132804/asd67.php?viewfile=/home/sanghavirealty/public_html/wp-includes-20250512132804/wp-db.php&path=/home/sanghavirealty/public_html/wp-includes-20250512132804 HTTP/1.1" 200 3225 "-" "Mozilla/5.0 (compatible; MJ12bot/v2.0.1; http://mj12bot.com/)"
2a03:ee40:8080:15::130 - - [13/May/2025:16:33:51 -0400] "GET /wp-includes-20250512132804/asd67.php?viewfile=/home/sanghavirealty/public_html/wp-includes-20250512132804/wp-diff.php&path=/home/sanghavirealty/public_html/wp-includes-20250512132804 HTTP/1.1" 200 3293 "-" "Mozilla/5.0 (compatible; MJ12bot/v2.0.1; http://mj12bot.com/)"
2a03:ee40:8080:15::130 - - [13/May/2025:16:33:53 -0400] "GET /wp-includes-20250512132804/assets/?C=D;O=A HTTP/1.1" 200 488 "-" "Mozilla/5.0 (compatible; MJ12bot/v2.0.1; http://mj12bot.com/)"
2a03:ee40:8080:15::130 - - [13/May/2025:16:32:53 -0400] "GET /MMCTV3.2.php?filesrc=/home/sanghavirealty/public_html/.tmb/wp-settings.php&path=/home/sanghavirealty/public_html/.tmb HTTP/1.1" 200 1404 "-" "Mozilla/5.0 (compatible; MJ12bot/v2.0.1; http://mj12bot.com/)"
2a03:ee40:8080:15::130 - - [13/May/2025:16:33:54 -0400] "GET /wp-includes-20250512132804/assets/?C=M;O=A HTTP/1.1" 200 485 "-" "Mozilla/5.0 (compatible; MJ12bot/v2.0.1; http://mj12bot.com/)"
2a03:ee40:8080:15::130 - - [13/May/2025:16:33:55 -0400] "GET /wp-includes-20250512132804/assets/?C=N;O=D HTTP/1.1" 200 492 "-" "Mozilla/5.0 (compatible; MJ12bot/v2.0.1; http://mj12bot.com/)"
2a03:ee40:8080:15::130 - - [13/May/2025:16:33:56 -0400] "GET /wp-includes-20250512132804/assets/?C=S;O=A HTTP/1.1" 200 489 "-" "Mozilla/5.0 (compatible; MJ12bot/v2.0.1; http://mj12bot.com/)"
2a03:ee40:8080:15::130 - - [13/May/2025:16:33:57 -0400] "GET /wp-includes-20250512132804/assets/script-loader-packages.min.php HTTP/1.1" 200 - "-" "Mozilla/5.0 (compatible; MJ12bot/v2.0.1; http://mj12bot.com/)"
54.36.149.14 - - [13/May/2025:16:34:14 -0400] "GET /goods.php?shopdetail/324514459 HTTP/1.1" 404 - "-" "Mozilla/5.0 (compatible; AhrefsBot/7.0; +http://ahrefs.com/robot/)"
2a03:ee40:8080:15::130 - - [13/May/2025:16:33:15 -0400] "GET /MMCTV3.2.php?filesrc=/home/sanghavirealty/public_html/ai1wm-backups/index.html&path=/home/sanghavirealty/public_html/ai1wm-backups HTTP/1.1" 200 1427 "-" "Mozilla/5.0 (compatible; MJ12bot/v2.0.1; http://mj12bot.com/)"
2a03:ee40:8080:15::130 - - [13/May/2025:16:33:35 -0400] "GET /MMCTV3.2.php?filesrc=/home/sanghavirealty/public_html/ai1wm-backups/index.php&path=/home/sanghavirealty/public_html/ai1wm-backups HTTP/1.1" 200 1427 "-" "Mozilla/5.0 (compatible; MJ12bot/v2.0.1; http://mj12bot.com/)"
2a03:ee40:8080:15::130 - - [13/May/2025:16:34:36 -0400] "GET /MMCTV3.2.php?filesrc=/home/sanghavirealty/public_html/ai1wm-backups/sanghavirealty.in-20240212-072307-zzvqyw.wpress&path=/home/sanghavirealty/public_html/ai1wm-backups HTTP/1.1" 200 1287 "-" "Mozilla/5.0 (compatible; MJ12bot/v2.0.1; http://mj12bot.com/)"
2a03:ee40:8080:15::130 - - [13/May/2025:16:34:52 -0400] "GET /MMCTV3.2.php?filesrc=/home/sanghavirealty/public_html/ai1wm-backups/web.config&path=/home/sanghavirealty/public_html/ai1wm-backups HTTP/1.1" 404 - "-" "Mozilla/5.0 (compatible; MJ12bot/v2.0.1; http://mj12bot.com/)"
2a03:ee40:8080:15::130 - - [13/May/2025:16:33:55 -0400] "GET /MMCTV3.2.php?filesrc=/home/sanghavirealty/public_html/ai1wm-backups/myappdemo.xyz-sanghavi-20240207-085927-hpjctj.wpress&path=/home/sanghavirealty/public_html/ai1wm-backups HTTP/1.1" 200 1439 "-" "Mozilla/5.0 (compatible; MJ12bot/v2.0.1; http://mj12bot.com/)"
2a03:ee40:8080:15::130 - - [13/May/2025:16:34:16 -0400] "GET /MMCTV3.2.php?filesrc=/home/sanghavirealty/public_html/ai1wm-backups/robots.txt&path=/home/sanghavirealty/public_html/ai1wm-backups HTTP/1.1" 200 1438 "-" "Mozilla/5.0 (compatible; MJ12bot/v2.0.1; http://mj12bot.com/)"
139.162.121.226 - - [13/May/2025:16:35:17 -0400] "GET / HTTP/1.1" 200 1391 "-" "Better Uptime Bot Mozilla/5.0 (Windows NT 10.0; Win64; x64) AppleWebKit/537.36 (KHTML, like Gecko) Chrome/74.0.3729.169 Safari/537.36"
2a03:ee40:8080:15::130 - - [13/May/2025:16:34:53 -0400] "GET /MMCTV3.2.php?filesrc=/home/sanghavirealty/public_html/block-supports/align.php&path=/home/sanghavirealty/public_html/block-supports HTTP/1.1" 200 1975 "-" "Mozilla/5.0 (compatible; MJ12bot/v2.0.1; http://mj12bot.com/)"
2a03:ee40:8080:15::130 - - [13/May/2025:16:35:14 -0400] "GET /MMCTV3.2.php?filesrc=/home/sanghavirealty/public_html/block-supports/aria-label.php&path=/home/sanghavirealty/public_html/block-supports HTTP/1.1" 200 1884 "-" "Mozilla/5.0 (compatible; MJ12bot/v2.0.1; http://mj12bot.com/)"
2a03:ee40:8080:15::130 - - [13/May/2025:16:35:35 -0400] "GET /MMCTV3.2.php?filesrc=/home/sanghavirealty/public_html/block-supports/background.php&path=/home/sanghavirealty/public_html/block-supports HTTP/1.1" 200 2669 "-" "Mozilla/5.0 (compatible; MJ12bot/v2.0.1; http://mj12bot.com/)"
2a03:ee40:8080:15::130 - - [13/May/2025:16:35:55 -0400] "GET /MMCTV3.2.php?filesrc=/home/sanghavirealty/public_html/block-supports/block-style-variations.php&path=/home/sanghavirealty/public_html/block-supports HTTP/1.1" 200 4370 "-" "Mozilla/5.0 (compatible; MJ12bot/v2.0.1; http://mj12bot.com/)"
2a03:ee40:8080:15::130 - - [13/May/2025:16:36:16 -0400] "GET /MMCTV3.2.php?filesrc=/home/sanghavirealty/public_html/block-supports/border.php&path=/home/sanghavirealty/public_html/block-supports HTTP/1.1" 200 3079 "-" "Mozilla/5.0 (compatible; MJ12bot/v2.0.1; http://mj12bot.com/)"
2a03:ee40:8080:15::130 - - [13/May/2025:16:36:37 -0400] "GET /MMCTV3.2.php?filesrc=/home/sanghavirealty/public_html/block-supports/colors.php&path=/home/sanghavirealty/public_html/block-supports HTTP/1.1" 200 2636 "-" "Mozilla/5.0 (compatible; MJ12bot/v2.0.1; http://mj12bot.com/)"
54.36.149.86 - - [13/May/2025:16:37:39 -0400] "GET /goods.php?shopdetail/324857559 HTTP/1.1" 404 - "-" "Mozilla/5.0 (compatible; AhrefsBot/7.0; +http://ahrefs.com/robot/)"
2a03:ee40:8080:15::130 - - [13/May/2025:16:36:58 -0400] "GET /MMCTV3.2.php?filesrc=/home/sanghavirealty/public_html/block-supports/custom-classname.php&path=/home/sanghavirealty/public_html/block-supports HTTP/1.1" 200 1908 "-" "Mozilla/5.0 (compatible; MJ12bot/v2.0.1; http://mj12bot.com/)"
2a03:ee40:8080:15::130 - - [13/May/2025:16:37:18 -0400] "GET /MMCTV3.2.php?filesrc=/home/sanghavirealty/public_html/block-supports/dimensions.php&path=/home/sanghavirealty/public_html/block-supports HTTP/1.1" 200 3023 "-" "Mozilla/5.0 (compatible; MJ12bot/v2.0.1; http://mj12bot.com/)"
2a03:ee40:8080:15::130 - - [13/May/2025:16:37:39 -0400] "GET /MMCTV3.2.php?filesrc=/home/sanghavirealty/public_html/block-supports/duotone.php&path=/home/sanghavirealty/public_html/block-supports HTTP/1.1" 200 2667 "-" "Mozilla/5.0 (compatible; MJ12bot/v2.0.1; http://mj12bot.com/)"
2a03:ee40:8080:15::130 - - [13/May/2025:16:37:59 -0400] "GET /MMCTV3.2.php?filesrc=/home/sanghavirealty/public_html/block-supports/elements.php&path=/home/sanghavirealty/public_html/block-supports HTTP/1.1" 200 3684 "-" "Mozilla/5.0 (compatible; MJ12bot/v2.0.1; http://mj12bot.com/)"
2a03:2880:f800:17:: - - [13/May/2025:16:39:07 -0400] "GET / HTTP/1.1" 200 1391 "-" "meta-externalagent/1.1 (+https://developers.facebook.com/docs/sharing/webmasters/crawler)"
157.173.113.43 - - [13/May/2025:16:39:20 -0400] "GET /wp-login.php HTTP/1.1" 500 - "-" "GRequests/0.10"
2a03:ee40:8080:15::130 - - [13/May/2025:16:38:20 -0400] "GET /MMCTV3.2.php?filesrc=/home/sanghavirealty/public_html/block-supports/error_log&path=/home/sanghavirealty/public_html/block-supports HTTP/1.1" 200 7023 "-" "Mozilla/5.0 (compatible; MJ12bot/v2.0.1; http://mj12bot.com/)"
157.173.113.43 - - [13/May/2025:16:39:21 -0400] "POST /wp-login.php HTTP/1.1" 500 - "-" "GRequests/0.10"
157.173.113.43 - - [13/May/2025:16:39:21 -0400] "GET /wp-admin/ HTTP/1.1" 404 - "-" "GRequests/0.10"
54.36.148.40 - - [13/May/2025:16:39:31 -0400] "GET /goods.php?shopdetail/324891959 HTTP/1.1" 404 - "-" "Mozilla/5.0 (compatible; AhrefsBot/7.0; +http://ahrefs.com/robot/)"
2a03:2880:f800:1a:: - - [13/May/2025:16:39:34 -0400] "GET /wp-settings-20250512192841.php HTTP/1.1" 500 - "-" "meta-externalagent/1.1 (+https://developers.facebook.com/docs/sharing/webmasters/crawler)"
2a03:ee40:8080:15::130 - - [13/May/2025:16:38:40 -0400] "GET /MMCTV3.2.php?filesrc=/home/sanghavirealty/public_html/block-supports/generated-classname.php&path=/home/sanghavirealty/public_html/block-supports HTTP/1.1" 200 2076 "-" "Mozilla/5.0 (compatible; MJ12bot/v2.0.1; http://mj12bot.com/)"
2a03:2880:f800:16:: - - [13/May/2025:16:39:58 -0400] "GET /load-styles.php HTTP/1.1" 500 - "-" "meta-externalagent/1.1 (+https://developers.facebook.com/docs/sharing/webmasters/crawler)"
2a03:ee40:8080:15::130 - - [13/May/2025:16:39:00 -0400] "GET /MMCTV3.2.php?filesrc=/home/sanghavirealty/public_html/block-supports/layout.php&path=/home/sanghavirealty/public_html/block-supports HTTP/1.1" 200 10532 "-" "Mozilla/5.0 (compatible; MJ12bot/v2.0.1; http://mj12bot.com/)"
2a03:ee40:8080:15::130 - - [13/May/2025:16:39:21 -0400] "GET /MMCTV3.2.php?filesrc=/home/sanghavirealty/public_html/block-supports/position.php&path=/home/sanghavirealty/public_html/block-supports HTTP/1.1" 200 2861 "-" "Mozilla/5.0 (compatible; MJ12bot/v2.0.1; http://mj12bot.com/)"
2a03:ee40:8080:15::130 - - [13/May/2025:16:39:41 -0400] "GET /MMCTV3.2.php?filesrc=/home/sanghavirealty/public_html/block-supports/settings.php&path=/home/sanghavirealty/public_html/block-supports HTTP/1.1" 200 2852 "-" "Mozilla/5.0 (compatible; MJ12bot/v2.0.1; http://mj12bot.com/)"
2a03:ee40:8080:15::130 - - [13/May/2025:16:40:01 -0400] "GET /MMCTV3.2.php?filesrc=/home/sanghavirealty/public_html/block-supports/shadow.php&path=/home/sanghavirealty/public_html/block-supports HTTP/1.1" 200 2093 "-" "Mozilla/5.0 (compatible; MJ12bot/v2.0.1; http://mj12bot.com/)"
54.36.149.40 - - [13/May/2025:16:41:19 -0400] "GET /goods.php?shopdetail/325055959 HTTP/1.1" 404 - "-" "Mozilla/5.0 (compatible; AhrefsBot/7.0; +http://ahrefs.com/robot/)"
2a03:ee40:8080:15::130 - - [13/May/2025:16:40:21 -0400] "GET /MMCTV3.2.php?filesrc=/home/sanghavirealty/public_html/block-supports/spacing.php&path=/home/sanghavirealty/public_html/block-supports HTTP/1.1" 200 2303 "-" "Mozilla/5.0 (compatible; MJ12bot/v2.0.1; http://mj12bot.com/)"
2a03:ee40:8080:15::130 - - [13/May/2025:16:40:42 -0400] "GET /MMCTV3.2.php?filesrc=/home/sanghavirealty/public_html/block-supports/typography.php&path=/home/sanghavirealty/public_html/block-supports HTTP/1.1" 200 7978 "-" "Mozilla/5.0 (compatible; MJ12bot/v2.0.1; http://mj12bot.com/)"
2a03:ee40:8080:15::130 - - [13/May/2025:16:41:03 -0400] "GET /MMCTV3.2.php?filesrc=/home/sanghavirealty/public_html/block-supports/utils.php&path=/home/sanghavirealty/public_html/block-supports HTTP/1.1" 200 1844 "-" "Mozilla/5.0 (compatible; MJ12bot/v2.0.1; http://mj12bot.com/)"
2a03:ee40:8080:15::130 - - [13/May/2025:16:41:24 -0400] "GET /MMCTV3.2.php?filesrc=/home/sanghavirealty/public_html/cgi-bin-20250512152210/index.html_&path=/home/sanghavirealty/public_html/cgi-bin-20250512152210 HTTP/1.1" 200 1427 "-" "Mozilla/5.0 (compatible; MJ12bot/v2.0.1; http://mj12bot.com/)"
209.141.62.163 - - [13/May/2025:16:42:43 -0400] "GET /wp-login.php HTTP/1.1" 500 - "-" "Mozilla/5.0 (Windows NT 6.1) AppleWebKit/537.36 (KHTML, like Gecko) Chrome/35.0.1916.153 Safari/537.36"
2a03:ee40:8080:15::130 - - [13/May/2025:16:41:45 -0400] "GET /MMCTV3.2.php?filesrc=/home/sanghavirealty/public_html/cgi-bin-20250512152210/readme.html&path=/home/sanghavirealty/public_html/cgi-bin-20250512152210 HTTP/1.1" 200 4487 "-" "Mozilla/5.0 (compatible; MJ12bot/v2.0.1; http://mj12bot.com/)"
54.36.148.112 - - [13/May/2025:16:42:59 -0400] "GET /goods.php?shopdetail/326210059 HTTP/1.1" 404 - "-" "Mozilla/5.0 (compatible; AhrefsBot/7.0; +http://ahrefs.com/robot/)"
2a03:ee40:8080:15::130 - - [13/May/2025:16:42:05 -0400] "GET /MMCTV3.2.php?filesrc=/home/sanghavirealty/public_html/namespaced/Compat.php&path=/home/sanghavirealty/public_html/namespaced HTTP/1.1" 200 1450 "-" "Mozilla/5.0 (compatible; MJ12bot/v2.0.1; http://mj12bot.com/)"
2a03:ee40:8080:15::130 - - [13/May/2025:16:42:26 -0400] "GET /MMCTV3.2.php?filesrc=/home/sanghavirealty/public_html/namespaced/Crypto.php&path=/home/sanghavirealty/public_html/namespaced HTTP/1.1" 200 1453 "-" "Mozilla/5.0 (compatible; MJ12bot/v2.0.1; http://mj12bot.com/)"
2a03:ee40:8080:15::130 - - [13/May/2025:16:42:46 -0400] "GET /MMCTV3.2.php?filesrc=/home/sanghavirealty/public_html/namespaced/File.php&path=/home/sanghavirealty/public_html/namespaced HTTP/1.1" 200 1452 "-" "Mozilla/5.0 (compatible; MJ12bot/v2.0.1; http://mj12bot.com/)"
2a03:2880:f800:12:: - - [13/May/2025:16:44:03 -0400] "GET /readme-20250512170237.html HTTP/1.1" 200 3023 "-" "meta-externalagent/1.1 (+https://developers.facebook.com/docs/sharing/webmasters/crawler)"
2a03:ee40:8080:15::130 - - [13/May/2025:16:43:06 -0400] "GET /MMCTV3.2.php?filesrc=/home/sanghavirealty/public_html/namespaced/class-walker-category-dropdown.php&path=/home/sanghavirealty/public_html/namespaced HTTP/1.1" 200 2469 "-" "Mozilla/5.0 (compatible; MJ12bot/v2.0.1; http://mj12bot.com/)"
2a03:2880:f800:2:: - - [13/May/2025:16:44:18 -0400] "GET /wp-activate-20250512133658.php HTTP/1.1" 500 - "-" "meta-externalagent/1.1 (+https://developers.facebook.com/docs/sharing/webmasters/crawler)"
2a03:ee40:8080:15::130 - - [13/May/2025:16:43:27 -0400] "GET /MMCTV3.2.php?filesrc=/home/sanghavirealty/public_html/namespaced/error_log&path=/home/sanghavirealty/public_html/namespaced HTTP/1.1" 200 2948 "-" "Mozilla/5.0 (compatible; MJ12bot/v2.0.1; http://mj12bot.com/)"
2a03:ee40:8080:15::130 - - [13/May/2025:16:43:48 -0400] "GET /MMCTV3.2.php?filesrc=/home/sanghavirealty/public_html/sodium_compat/LICENSE&path=/home/sanghavirealty/public_html/sodium_compat HTTP/1.1" 200 1965 "-" "Mozilla/5.0 (compatible; MJ12bot/v2.0.1; http://mj12bot.com/)"
2a03:ee40:8080:15::130 - - [13/May/2025:16:44:49 -0400] "GET /MMCTV3.2.php?filesrc=/home/sanghavirealty/public_html/sodium_compat/composer.json&path=/home/sanghavirealty/public_html/sodium_compat HTTP/1.1" 404 - "-" "Mozilla/5.0 (compatible; MJ12bot/v2.0.1; http://mj12bot.com/)"
54.36.148.5 - - [13/May/2025:16:44:50 -0400] "GET /goods.php?shopdetail/326559059 HTTP/1.1" 404 - "-" "Mozilla/5.0 (compatible; AhrefsBot/7.0; +http://ahrefs.com/robot/)"
2a03:ee40:8080:15::130 - - [13/May/2025:16:44:08 -0400] "GET /MMCTV3.2.php?filesrc=/home/sanghavirealty/public_html/sodium_compat/autoload-php7.php&path=/home/sanghavirealty/public_html/sodium_compat HTTP/1.1" 200 1822 "-" "Mozilla/5.0 (compatible; MJ12bot/v2.0.1; http://mj12bot.com/)"
2a03:ee40:8080:15::130 - - [13/May/2025:16:44:29 -0400] "GET /MMCTV3.2.php?filesrc=/home/sanghavirealty/public_html/sodium_compat/autoload.php&path=/home/sanghavirealty/public_html/sodium_compat HTTP/1.1" 200 2393 "-" "Mozilla/5.0 (compatible; MJ12bot/v2.0.1; http://mj12bot.com/)"
2a03:ee40:8080:15::130 - - [13/May/2025:16:44:50 -0400] "GET /MMCTV3.2.php?filesrc=/home/sanghavirealty/public_html/src/Compat.php&path=/home/sanghavirealty/public_html/src HTTP/1.1" 200 19525 "-" "Mozilla/5.0 (compatible; MJ12bot/v2.0.1; http://mj12bot.com/)"
2a03:ee40:8080:15::130 - - [13/May/2025:16:45:10 -0400] "GET /MMCTV3.2.php?filesrc=/home/sanghavirealty/public_html/src/Crypto.php&path=/home/sanghavirealty/public_html/src HTTP/1.1" 200 7983 "-" "Mozilla/5.0 (compatible; MJ12bot/v2.0.1; http://mj12bot.com/)"
2a03:ee40:8080:15::130 - - [13/May/2025:16:45:31 -0400] "GET /MMCTV3.2.php?filesrc=/home/sanghavirealty/public_html/src/Crypto32.php&path=/home/sanghavirealty/public_html/src HTTP/1.1" 200 7982 "-" "Mozilla/5.0 (compatible; MJ12bot/v2.0.1; http://mj12bot.com/)"
54.36.148.2 - - [13/May/2025:16:46:36 -0400] "GET /goods.php?shopdetail/326728659 HTTP/1.1" 404 - "-" "Mozilla/5.0 (compatible; AhrefsBot/7.0; +http://ahrefs.com/robot/)"
2a03:ee40:8080:15::130 - - [13/May/2025:16:45:52 -0400] "GET /MMCTV3.2.php?filesrc=/home/sanghavirealty/public_html/src/File.php&path=/home/sanghavirealty/public_html/src HTTP/1.1" 200 7155 "-" "Mozilla/5.0 (compatible; MJ12bot/v2.0.1; http://mj12bot.com/)"
2a03:ee40:8080:15::130 - - [13/May/2025:16:46:13 -0400] "GET /MMCTV3.2.php?filesrc=/home/sanghavirealty/public_html/src/SodiumException.php&path=/home/sanghavirealty/public_html/src HTTP/1.1" 200 1476 "-" "Mozilla/5.0 (compatible; MJ12bot/v2.0.1; http://mj12bot.com/)"
2a03:ee40:8080:15::130 - - [13/May/2025:16:46:34 -0400] "GET /MMCTV3.2.php?filesrc=/home/sanghavirealty/public_html/src/class-walker-category-dropdown.php&path=/home/sanghavirealty/public_html/src HTTP/1.1" 200 2465 "-" "Mozilla/5.0 (compatible; MJ12bot/v2.0.1; http://mj12bot.com/)"
2a03:ee40:8080:15::130 - - [13/May/2025:16:46:55 -0400] "GET /MMCTV3.2.php?filesrc=/home/sanghavirealty/public_html/src/error_log&path=/home/sanghavirealty/public_html/src HTTP/1.1" 200 1944 "-" "Mozilla/5.0 (compatible; MJ12bot/v2.0.1; http://mj12bot.com/)"
2a03:ee40:8080:15::130 - - [13/May/2025:16:47:15 -0400] "GET /MMCTV3.2.php?filesrc=/home/sanghavirealty/public_html/themes/Divi_Child%20(2).zip&path=/home/sanghavirealty/public_html/themes HTTP/1.1" 200 1411 "-" "Mozilla/5.0 (compatible; MJ12bot/v2.0.1; http://mj12bot.com/)"
54.36.148.79 - - [13/May/2025:16:48:21 -0400] "GET /goods.php?shopdetail/327481159 HTTP/1.1" 404 - "-" "Mozilla/5.0 (compatible; AhrefsBot/7.0; +http://ahrefs.com/robot/)"
2a03:ee40:8080:15::130 - - [13/May/2025:16:47:36 -0400] "GET /MMCTV3.2.php?filesrc=/home/sanghavirealty/public_html/themes/Divi_Child.zip&path=/home/sanghavirealty/public_html/themes HTTP/1.1" 200 1405 "-" "Mozilla/5.0 (compatible; MJ12bot/v2.0.1; http://mj12bot.com/)"
2a03:ee40:8080:15::130 - - [13/May/2025:16:47:57 -0400] "GET /MMCTV3.2.php?filesrc=/home/sanghavirealty/public_html/themes/index.php&path=/home/sanghavirealty/public_html/themes HTTP/1.1" 200 1422 "-" "Mozilla/5.0 (compatible; MJ12bot/v2.0.1; http://mj12bot.com/)"
2a03:2880:f800:1c:: - - [13/May/2025:16:49:16 -0400] "GET /wp-config-sample-20250512165130.php HTTP/1.1" 500 - "-" "meta-externalagent/1.1 (+https://developers.facebook.com/docs/sharing/webmasters/crawler)"
2a03:ee40:8080:15::130 - - [13/May/2025:16:48:18 -0400] "GET /MMCTV3.2.php?filesrc=/home/sanghavirealty/public_html/wp-content/advanced-cache.php&path=/home/sanghavirealty/public_html/wp-content HTTP/1.1" 200 13658 "-" "Mozilla/5.0 (compatible; MJ12bot/v2.0.1; http://mj12bot.com/)"
2a03:2880:f800:1a:: - - [13/May/2025:16:49:25 -0400] "GET /wp-comments-post-20250512202611.php HTTP/1.1" 200 - "-" "meta-externalagent/1.1 (+https://developers.facebook.com/docs/sharing/webmasters/crawler)"
2a03:ee40:8080:15::130 - - [13/May/2025:16:48:39 -0400] "GET /MMCTV3.2.php?filesrc=/home/sanghavirealty/public_html/wp-content/error_log&path=/home/sanghavirealty/public_html/wp-content HTTP/1.1" 200 1834 "-" "Mozilla/5.0 (compatible; MJ12bot/v2.0.1; http://mj12bot.com/)"
45.61.187.134 - - [13/May/2025:16:49:42 -0400] "GET /wp-login.php HTTP/1.1" 500 - "-" "Mozilla/5.0 (iPhone; CPU iPhone OS 7_1_2 like Mac OS X) AppleWebKit/537.51.2 (KHTML, like Gecko) Version/7.0 Mobile/11D257 Safari/9537.53"
2a03:ee40:8080:15::130 - - [13/May/2025:16:48:59 -0400] "GET /MMCTV3.2.php?filesrc=/home/sanghavirealty/public_html/wp-content/index.html_&path=/home/sanghavirealty/public_html/wp-content HTTP/1.1" 200 1412 "-" "Mozilla/5.0 (compatible; MJ12bot/v2.0.1; http://mj12bot.com/)"
54.36.149.24 - - [13/May/2025:16:50:10 -0400] "GET /goods.php?shopdetail/327538159 HTTP/1.1" 404 - "-" "Mozilla/5.0 (compatible; AhrefsBot/7.0; +http://ahrefs.com/robot/)"
2a03:ee40:8080:15::130 - - [13/May/2025:16:49:20 -0400] "GET /MMCTV3.2.php?filesrc=/home/sanghavirealty/public_html/wp-content/index.php&path=/home/sanghavirealty/public_html/wp-content HTTP/1.1" 200 1425 "-" "Mozilla/5.0 (compatible; MJ12bot/v2.0.1; http://mj12bot.com/)"
2a03:ee40:8080:15::130 - - [13/May/2025:16:49:41 -0400] "GET /MMCTV3.2.php?filesrc=/home/sanghavirealty/public_html/wp-content/wp-config-sample.php&path=/home/sanghavirealty/public_html/wp-content HTTP/1.1" 200 2684 "-" "Mozilla/5.0 (compatible; MJ12bot/v2.0.1; http://mj12bot.com/)"
2a03:ee40:8080:15::130 - - [13/May/2025:16:50:01 -0400] "GET /MMCTV3.2.php?filesrc=/home/sanghavirealty/public_html/wp-content/wp-cron.php&path=/home/sanghavirealty/public_html/wp-content HTTP/1.1" 200 3482 "-" "Mozilla/5.0 (compatible; MJ12bot/v2.0.1; http://mj12bot.com/)"
2a03:ee40:8080:15::130 - - [13/May/2025:16:50:22 -0400] "GET /MMCTV3.2.php?filesrc=/home/sanghavirealty/public_html/wp-content/wp-mail-20250512131706.php&path=/home/sanghavirealty/public_html/wp-content HTTP/1.1" 200 4464 "-" "Mozilla/5.0 (compatible; MJ12bot/v2.0.1; http://mj12bot.com/)"
2a03:ee40:8080:15::130 - - [13/May/2025:16:50:43 -0400] "GET /MMCTV3.2.php?filesrc=/home/sanghavirealty/public_html/wp-includes-20250512132804/admin-bar.php&path=/home/sanghavirealty/public_html/wp-includes-20250512132804 HTTP/1.1" 200 9886 "-" "Mozilla/5.0 (compatible; MJ12bot/v2.0.1; http://mj12bot.com/)"
54.36.148.163 - - [13/May/2025:16:52:02 -0400] "GET /goods.php?shopdetail/327694959 HTTP/1.1" 404 - "-" "Mozilla/5.0 (compatible; AhrefsBot/7.0; +http://ahrefs.com/robot/)"
2a03:ee40:8080:15::130 - - [13/May/2025:16:51:04 -0400] "GET /MMCTV3.2.php?filesrc=/home/sanghavirealty/public_html/wp-includes-20250512132804/asd67.php&path=/home/sanghavirealty/public_html/wp-includes-20250512132804 HTTP/1.1" 200 3815 "-" "Mozilla/5.0 (compatible; MJ12bot/v2.0.1; http://mj12bot.com/)"
2a03:ee40:8080:15::130 - - [13/May/2025:16:51:25 -0400] "GET /MMCTV3.2.php?filesrc=/home/sanghavirealty/public_html/wp-includes-20250512132804/atomlib.php&path=/home/sanghavirealty/public_html/wp-includes-20250512132804 HTTP/1.1" 200 4689 "-" "Mozilla/5.0 (compatible; MJ12bot/v2.0.1; http://mj12bot.com/)"
2a03:ee40:8080:15::130 - - [13/May/2025:16:51:46 -0400] "GET /MMCTV3.2.php?filesrc=/home/sanghavirealty/public_html/wp-includes-20250512132804/author-template.php&path=/home/sanghavirealty/public_html/wp-includes-20250512132804 HTTP/1.1" 200 6506 "-" "Mozilla/5.0 (compatible; MJ12bot/v2.0.1; http://mj12bot.com/)"
2a03:ee40:8080:15::130 - - [13/May/2025:16:52:07 -0400] "GET /MMCTV3.2.php?filesrc=/home/sanghavirealty/public_html/wp-includes-20250512132804/block-bindings.php&path=/home/sanghavirealty/public_html/wp-includes-20250512132804 HTTP/1.1" 200 3092 "-" "Mozilla/5.0 (compatible; MJ12bot/v2.0.1; http://mj12bot.com/)"
2a03:ee40:8080:15::130 - - [13/May/2025:16:52:27 -0400] "GET /MMCTV3.2.php?filesrc=/home/sanghavirealty/public_html/wp-includes-20250512132804/block-editor.php&path=/home/sanghavirealty/public_html/wp-includes-20250512132804 HTTP/1.1" 200 8092 "-" "Mozilla/5.0 (compatible; MJ12bot/v2.0.1; http://mj12bot.com/)"
2a03:ee40:8080:15::130 - - [13/May/2025:16:52:48 -0400] "GET /MMCTV3.2.php?filesrc=/home/sanghavirealty/public_html/wp-includes-20250512132804/block-i18n.json&path=/home/sanghavirealty/public_html/wp-includes-20250512132804 HTTP/1.1" 200 1541 "-" "Mozilla/5.0 (compatible; MJ12bot/v2.0.1; http://mj12bot.com/)"
2a03:ee40:8080:15::130 - - [13/May/2025:16:53:09 -0400] "GET /MMCTV3.2.php?filesrc=/home/sanghavirealty/public_html/wp-includes-20250512132804/block-patterns.php&path=/home/sanghavirealty/public_html/wp-includes-20250512132804 HTTP/1.1" 200 4527 "-" "Mozilla/5.0 (compatible; MJ12bot/v2.0.1; http://mj12bot.com/)"
54.36.148.85 - - [13/May/2025:16:54:11 -0400] "GET /goods.php?shopdetail/327921959 HTTP/1.1" 404 - "-" "Mozilla/5.0 (compatible; AhrefsBot/7.0; +http://ahrefs.com/robot/)"
2a03:ee40:8080:15::130 - - [13/May/2025:16:53:31 -0400] "GET /MMCTV3.2.php?filesrc=/home/sanghavirealty/public_html/wp-includes-20250512132804/block-template-utils.php&path=/home/sanghavirealty/public_html/wp-includes-20250512132804 HTTP/1.1" 200 14692 "-" "Mozilla/5.0 (compatible; MJ12bot/v2.0.1; http://mj12bot.com/)"
2a03:ee40:8080:15::130 - - [13/May/2025:16:53:52 -0400] "GET /MMCTV3.2.php?filesrc=/home/sanghavirealty/public_html/wp-includes-20250512132804/block-template.php&path=/home/sanghavirealty/public_html/wp-includes-20250512132804 HTTP/1.1" 200 6317 "-" "Mozilla/5.0 (compatible; MJ12bot/v2.0.1; http://mj12bot.com/)"
2a03:2880:f800:12:: - - [13/May/2025:16:55:11 -0400] "GET /wp-comments-post-20250512211544.php HTTP/1.1" 200 - "-" "meta-externalagent/1.1 (+https://developers.facebook.com/docs/sharing/webmasters/crawler)"
2a03:ee40:8080:15::130 - - [13/May/2025:16:54:13 -0400] "GET /MMCTV3.2.php?filesrc=/home/sanghavirealty/public_html/wp-includes-20250512132804/blocks.php&path=/home/sanghavirealty/public_html/wp-includes-20250512132804 HTTP/1.1" 200 23869 "-" "Mozilla/5.0 (compatible; MJ12bot/v2.0.1; http://mj12bot.com/)"
2a03:2880:f800:17:: - - [13/May/2025:16:55:16 -0400] "GET /wp-login-20250512222023.php HTTP/1.1" 200 - "-" "meta-externalagent/1.1 (+https://developers.facebook.com/docs/sharing/webmasters/crawler)"
2a03:ee40:8080:15::130 - - [13/May/2025:16:54:34 -0400] "GET /MMCTV3.2.php?filesrc=/home/sanghavirealty/public_html/wp-includes-20250512132804/bookmark-template.php&path=/home/sanghavirealty/public_html/wp-includes-20250512132804 HTTP/1.1" 200 4679 "-" "Mozilla/5.0 (compatible; MJ12bot/v2.0.1; http://mj12bot.com/)"
2a03:ee40:8080:15::130 - - [13/May/2025:16:54:55 -0400] "GET /MMCTV3.2.php?filesrc=/home/sanghavirealty/public_html/wp-includes-20250512132804/bookmark.php&path=/home/sanghavirealty/public_html/wp-includes-20250512132804 HTTP/1.1" 200 5689 "-" "Mozilla/5.0 (compatible; MJ12bot/v2.0.1; http://mj12bot.com/)"
54.36.148.27 - - [13/May/2025:16:56:14 -0400] "GET /goods.php?shopdetail/32883559 HTTP/1.1" 404 - "-" "Mozilla/5.0 (compatible; AhrefsBot/7.0; +http://ahrefs.com/robot/)"
2a03:ee40:8080:15::130 - - [13/May/2025:16:55:16 -0400] "GET /MMCTV3.2.php?filesrc=/home/sanghavirealty/public_html/wp-includes-20250512132804/cache-compat.php&path=/home/sanghavirealty/public_html/wp-includes-20250512132804 HTTP/1.1" 200 2751 "-" "Mozilla/5.0 (compatible; MJ12bot/v2.0.1; http://mj12bot.com/)"
2a03:ee40:8080:15::130 - - [13/May/2025:16:55:37 -0400] "GET /MMCTV3.2.php?filesrc=/home/sanghavirealty/public_html/wp-includes-20250512132804/cache.php&path=/home/sanghavirealty/public_html/wp-includes-20250512132804 HTTP/1.1" 200 3971 "-" "Mozilla/5.0 (compatible; MJ12bot/v2.0.1; http://mj12bot.com/)"
2a03:ee40:8080:15::130 - - [13/May/2025:16:55:58 -0400] "GET /MMCTV3.2.php?filesrc=/home/sanghavirealty/public_html/wp-includes-20250512132804/canonical.php&path=/home/sanghavirealty/public_html/wp-includes-20250512132804 HTTP/1.1" 200 10138 "-" "Mozilla/5.0 (compatible; MJ12bot/v2.0.1; http://mj12bot.com/)"
2a03:ee40:8080:15::130 - - [13/May/2025:16:56:18 -0400] "GET /MMCTV3.2.php?filesrc=/home/sanghavirealty/public_html/wp-includes-20250512132804/capabilities.php&path=/home/sanghavirealty/public_html/wp-includes-20250512132804 HTTP/1.1" 200 8693 "-" "Mozilla/5.0 (compatible; MJ12bot/v2.0.1; http://mj12bot.com/)"
2a03:ee40:8080:15::130 - - [13/May/2025:16:56:38 -0400] "GET /MMCTV3.2.php?filesrc=/home/sanghavirealty/public_html/wp-includes-20250512132804/category-template.php&path=/home/sanghavirealty/public_html/wp-includes-20250512132804 HTTP/1.1" 200 14819 "-" "Mozilla/5.0 (compatible; MJ12bot/v2.0.1; http://mj12bot.com/)"
2a03:ee40:8080:15::130 - - [13/May/2025:16:56:58 -0400] "GET /MMCTV3.2.php?filesrc=/home/sanghavirealty/public_html/wp-includes-20250512132804/category.php&path=/home/sanghavirealty/public_html/wp-includes-20250512132804 HTTP/1.1" 200 4991 "-" "Mozilla/5.0 (compatible; MJ12bot/v2.0.1; http://mj12bot.com/)"
54.36.149.61 - - [13/May/2025:16:58:04 -0400] "GET /goods.php?shopdetail/329761959 HTTP/1.1" 404 - "-" "Mozilla/5.0 (compatible; AhrefsBot/7.0; +http://ahrefs.com/robot/)"
2a03:ee40:8080:15::130 - - [13/May/2025:16:57:19 -0400] "GET /MMCTV3.2.php?filesrc=/home/sanghavirealty/public_html/wp-includes-20250512132804/class-IXR.php&path=/home/sanghavirealty/public_html/wp-includes-20250512132804 HTTP/1.1" 200 2574 "-" "Mozilla/5.0 (compatible; MJ12bot/v2.0.1; http://mj12bot.com/)"
2a03:ee40:8080:15::130 - - [13/May/2025:16:57:39 -0400] "GET /MMCTV3.2.php?filesrc=/home/sanghavirealty/public_html/wp-includes-20250512132804/class-avif-info.php&path=/home/sanghavirealty/public_html/wp-includes-20250512132804 HTTP/1.1" 200 7549 "-" "Mozilla/5.0 (compatible; MJ12bot/v2.0.1; http://mj12bot.com/)"
2a03:ee40:8080:15::130 - - [13/May/2025:16:57:59 -0400] "GET /MMCTV3.2.php?filesrc=/home/sanghavirealty/public_html/wp-includes-20250512132804/class-feed.php&path=/home/sanghavirealty/public_html/wp-includes-20250512132804 HTTP/1.1" 200 1638 "-" "Mozilla/5.0 (compatible; MJ12bot/v2.0.1; http://mj12bot.com/)"
2a03:ee40:8080:15::130 - - [13/May/2025:16:58:19 -0400] "GET /MMCTV3.2.php?filesrc=/home/sanghavirealty/public_html/wp-includes-20250512132804/class-http.php&path=/home/sanghavirealty/public_html/wp-includes-20250512132804 HTTP/1.1" 200 1614 "-" "Mozilla/5.0 (compatible; MJ12bot/v2.0.1; http://mj12bot.com/)"
2a03:ee40:8080:15::130 - - [13/May/2025:16:58:39 -0400] "GET /MMCTV3.2.php?filesrc=/home/sanghavirealty/public_html/wp-includes-20250512132804/class-json.php&path=/home/sanghavirealty/public_html/wp-includes-20250512132804 HTTP/1.1" 200 10144 "-" "Mozilla/5.0 (compatible; MJ12bot/v2.0.1; http://mj12bot.com/)"
2a03:ee40:8080:15::130 - - [13/May/2025:16:58:59 -0400] "GET /MMCTV3.2.php?filesrc=/home/sanghavirealty/public_html/wp-includes-20250512132804/class-oembed.php&path=/home/sanghavirealty/public_html/wp-includes-20250512132804 HTTP/1.1" 200 1626 "-" "Mozilla/5.0 (compatible; MJ12bot/v2.0.1; http://mj12bot.com/)"
54.36.148.194 - - [13/May/2025:17:00:01 -0400] "GET /goods.php?shopdetail/330103459 HTTP/1.1" 404 - "-" "Mozilla/5.0 (compatible; AhrefsBot/7.0; +http://ahrefs.com/robot/)"
2a03:ee40:8080:15::130 - - [13/May/2025:16:59:19 -0400] "GET /MMCTV3.2.php?filesrc=/home/sanghavirealty/public_html/wp-includes-20250512132804/class-phpass.php&path=/home/sanghavirealty/public_html/wp-includes-20250512132804 HTTP/1.1" 200 3871 "-" "Mozilla/5.0 (compatible; MJ12bot/v2.0.1; http://mj12bot.com/)"
2a03:ee40:8080:15::130 - - [13/May/2025:16:59:39 -0400] "GET /MMCTV3.2.php?filesrc=/home/sanghavirealty/public_html/wp-includes-20250512132804/class-phpmailer.php&path=/home/sanghavirealty/public_html/wp-includes-20250512132804 HTTP/1.1" 200 1666 "-" "Mozilla/5.0 (compatible; MJ12bot/v2.0.1; http://mj12bot.com/)"
2a03:ee40:8080:15::130 - - [13/May/2025:17:00:00 -0400] "GET /MMCTV3.2.php?filesrc=/home/sanghavirealty/public_html/wp-includes-20250512132804/class-pop3.php&path=/home/sanghavirealty/public_html/wp-includes-20250512132804 HTTP/1.1" 200 6309 "-" "Mozilla/5.0 (compatible; MJ12bot/v2.0.1; http://mj12bot.com/)"
2a03:ee40:8080:15::130 - - [13/May/2025:17:00:20 -0400] "GET /MMCTV3.2.php?filesrc=/home/sanghavirealty/public_html/wp-includes-20250512132804/class-requests.php&path=/home/sanghavirealty/public_html/wp-includes-20250512132804 HTTP/1.1" 200 2232 "-" "Mozilla/5.0 (compatible; MJ12bot/v2.0.1; http://mj12bot.com/)"
2a03:ee40:8080:15::130 - - [13/May/2025:17:00:40 -0400] "GET /MMCTV3.2.php?filesrc=/home/sanghavirealty/public_html/wp-includes-20250512132804/class-simplepie.php&path=/home/sanghavirealty/public_html/wp-includes-20250512132804 HTTP/1.1" 200 1668 "-" "Mozilla/5.0 (compatible; MJ12bot/v2.0.1; http://mj12bot.com/)"
54.36.148.47 - - [13/May/2025:17:01:42 -0400] "GET /goods.php?shopdetail/331008759 HTTP/1.1" 404 - "-" "Mozilla/5.0 (compatible; AhrefsBot/7.0; +http://ahrefs.com/robot/)"
2a03:2880:f800:17:: - - [13/May/2025:17:01:58 -0400] "GET /wp-mail-20250512131706-20250512152909.php HTTP/1.1" 500 - "-" "meta-externalagent/1.1 (+https://developers.facebook.com/docs/sharing/webmasters/crawler)"
2a03:ee40:8080:15::130 - - [13/May/2025:17:01:00 -0400] "GET /MMCTV3.2.php?filesrc=/home/sanghavirealty/public_html/wp-includes-20250512132804/class-smtp.php&path=/home/sanghavirealty/public_html/wp-includes-20250512132804 HTTP/1.1" 200 1613 "-" "Mozilla/5.0 (compatible; MJ12bot/v2.0.1; http://mj12bot.com/)"
2a03:ee40:8080:15::130 - - [13/May/2025:17:01:21 -0400] "GET /MMCTV3.2.php?filesrc=/home/sanghavirealty/public_html/wp-includes-20250512132804/class-snoopy.php&path=/home/sanghavirealty/public_html/wp-includes-20250512132804 HTTP/1.1" 200 9678 "-" "Mozilla/5.0 (compatible; MJ12bot/v2.0.1; http://mj12bot.com/)"
2a03:2880:f800:5:: - - [13/May/2025:17:02:29 -0400] "GET /wp-links-opml-20250512212635.php HTTP/1.1" 200 - "-" "meta-externalagent/1.1 (+https://developers.facebook.com/docs/sharing/webmasters/crawler)"
2a03:ee40:8080:15::130 - - [13/May/2025:17:01:40 -0400] "GET /MMCTV3.2.php?filesrc=/home/sanghavirealty/public_html/wp-includes-20250512132804/class-walker-category-dropdown.php&path=/home/sanghavirealty/public_html/wp-includes-20250512132804 HTTP/1.1" 200 2478 "-" "Mozilla/5.0 (compatible; MJ12bot/v2.0.1; http://mj12bot.com/)"
2a03:ee40:8080:15::130 - - [13/May/2025:17:02:00 -0400] "GET /MMCTV3.2.php?filesrc=/home/sanghavirealty/public_html/wp-includes-20250512132804/class-walker-category.php&path=/home/sanghavirealty/public_html/wp-includes-20250512132804 HTTP/1.1" 200 3814 "-" "Mozilla/5.0 (compatible; MJ12bot/v2.0.1; http://mj12bot.com/)"
2a03:ee40:8080:15::130 - - [13/May/2025:17:02:20 -0400] "GET /MMCTV3.2.php?filesrc=/home/sanghavirealty/public_html/wp-includes-20250512132804/class-walker-comment.php&path=/home/sanghavirealty/public_html/wp-includes-20250512132804 HTTP/1.1" 200 4698 "-" "Mozilla/5.0 (compatible; MJ12bot/v2.0.1; http://mj12bot.com/)"
2a03:ee40:8080:15::130 - - [13/May/2025:17:02:41 -0400] "GET /MMCTV3.2.php?filesrc=/home/sanghavirealty/public_html/wp-includes-20250512132804/class-walker-nav-menu.php&path=/home/sanghavirealty/public_html/wp-includes-20250512132804 HTTP/1.1" 200 4090 "-" "Mozilla/5.0 (compatible; MJ12bot/v2.0.1; http://mj12bot.com/)"
54.36.148.141 - - [13/May/2025:17:03:45 -0400] "GET /goods.php?shopdetail/331501659 HTTP/1.1" 404 - "-" "Mozilla/5.0 (compatible; AhrefsBot/7.0; +http://ahrefs.com/robot/)"
2a03:ee40:8080:15::130 - - [13/May/2025:17:03:01 -0400] "GET /MMCTV3.2.php?filesrc=/home/sanghavirealty/public_html/wp-includes-20250512132804/class-walker-page-dropdown.php&path=/home/sanghavirealty/public_html/wp-includes-20250512132804 HTTP/1.1" 200 2511 "-" "Mozilla/5.0 (compatible; MJ12bot/v2.0.1; http://mj12bot.com/)"
2a03:ee40:8080:15::130 - - [13/May/2025:17:03:21 -0400] "GET /MMCTV3.2.php?filesrc=/home/sanghavirealty/public_html/wp-includes-20250512132804/class-walker-page.php&path=/home/sanghavirealty/public_html/wp-includes-20250512132804 HTTP/1.1" 200 3464 "-" "Mozilla/5.0 (compatible; MJ12bot/v2.0.1; http://mj12bot.com/)"
2a03:ee40:8080:15::130 - - [13/May/2025:17:03:41 -0400] "GET /MMCTV3.2.php?filesrc=/home/sanghavirealty/public_html/wp-includes-20250512132804/class-wp-admin-bar.php&path=/home/sanghavirealty/public_html/wp-includes-20250512132804 HTTP/1.1" 200 6344 "-" "Mozilla/5.0 (compatible; MJ12bot/v2.0.1; http://mj12bot.com/)"
2a03:ee40:8080:15::130 - - [13/May/2025:17:04:01 -0400] "GET /MMCTV3.2.php?filesrc=/home/sanghavirealty/public_html/wp-includes-20250512132804/class-wp-ajax-response.php&path=/home/sanghavirealty/public_html/wp-includes-20250512132804 HTTP/1.1" 200 3213 "-" "Mozilla/5.0 (compatible; MJ12bot/v2.0.1; http://mj12bot.com/)"
139.162.121.226 - - [13/May/2025:17:05:17 -0400] "GET / HTTP/1.1" 200 1391 "-" "Better Uptime Bot Mozilla/5.0 (Windows NT 10.0; Win64; x64) AppleWebKit/537.36 (KHTML, like Gecko) Chrome/74.0.3729.169 Safari/537.36"
2a03:ee40:8080:15::130 - - [13/May/2025:17:04:21 -0400] "GET /MMCTV3.2.php?filesrc=/home/sanghavirealty/public_html/wp-includes-20250512132804/class-wp-application-passwords.php&path=/home/sanghavirealty/public_html/wp-includes-20250512132804 HTTP/1.1" 200 4670 "-" "Mozilla/5.0 (compatible; MJ12bot/v2.0.1; http://mj12bot.com/)"
2a03:ee40:8080:15::130 - - [13/May/2025:17:04:41 -0400] "GET /MMCTV3.2.php?filesrc=/home/sanghavirealty/public_html/wp-includes-20250512132804/class-wp-block-bindings-registry.php&path=/home/sanghavirealty/public_html/wp-includes-20250512132804 HTTP/1.1" 200 3576 "-" "Mozilla/5.0 (compatible; MJ12bot/v2.0.1; http://mj12bot.com/)"
54.36.149.81 - - [13/May/2025:17:05:54 -0400] "GET /goods.php?shopdetail/331939359 HTTP/1.1" 404 - "-" "Mozilla/5.0 (compatible; AhrefsBot/7.0; +http://ahrefs.com/robot/)"
2a03:ee40:8080:15::130 - - [13/May/2025:17:05:02 -0400] "GET /MMCTV3.2.php?filesrc=/home/sanghavirealty/public_html/wp-includes-20250512132804/class-wp-block-bindings-source.php&path=/home/sanghavirealty/public_html/wp-includes-20250512132804 HTTP/1.1" 200 2396 "-" "Mozilla/5.0 (compatible; MJ12bot/v2.0.1; http://mj12bot.com/)"
2a03:ee40:8080:15::130 - - [13/May/2025:17:05:23 -0400] "GET /MMCTV3.2.php?filesrc=/home/sanghavirealty/public_html/wp-includes-20250512132804/class-wp-block-editor-context.php&path=/home/sanghavirealty/public_html/wp-includes-20250512132804 HTTP/1.1" 200 1941 "-" "Mozilla/5.0 (compatible; MJ12bot/v2.0.1; http://mj12bot.com/)"
2a03:ee40:8080:15::130 - - [13/May/2025:17:05:41 -0400] "GET /MMCTV3.2.php?filesrc=/home/sanghavirealty/public_html/wp-includes-20250512132804/class-wp-block-list.php&path=/home/sanghavirealty/public_html/wp-includes-20250512132804 HTTP/1.1" 200 2563 "-" "Mozilla/5.0 (compatible; MJ12bot/v2.0.1; http://mj12bot.com/)"
2a03:ee40:8080:15::130 - - [13/May/2025:17:06:02 -0400] "GET /MMCTV3.2.php?filesrc=/home/sanghavirealty/public_html/wp-includes-20250512132804/class-wp-block-metadata-registry.php&path=/home/sanghavirealty/public_html/wp-includes-20250512132804 HTTP/1.1" 200 4748 "-" "Mozilla/5.0 (compatible; MJ12bot/v2.0.1; http://mj12bot.com/)"
2a03:ee40:8080:15::130 - - [13/May/2025:17:06:22 -0400] "GET /MMCTV3.2.php?filesrc=/home/sanghavirealty/public_html/wp-includes-20250512132804/class-wp-block-parser-block.php&path=/home/sanghavirealty/public_html/wp-includes-20250512132804 HTTP/1.1" 200 2167 "-" "Mozilla/5.0 (compatible; MJ12bot/v2.0.1; http://mj12bot.com/)"
2a03:ee40:8080:15::130 - - [13/May/2025:17:06:42 -0400] "GET /MMCTV3.2.php?filesrc=/home/sanghavirealty/public_html/wp-includes-20250512132804/class-wp-block-parser-frame.php&path=/home/sanghavirealty/public_html/wp-includes-20250512132804 HTTP/1.1" 200 1981 "-" "Mozilla/5.0 (compatible; MJ12bot/v2.0.1; http://mj12bot.com/)"
54.36.149.88 - - [13/May/2025:17:07:54 -0400] "GET /goods.php?shopdetail/332753159 HTTP/1.1" 404 - "-" "Mozilla/5.0 (compatible; AhrefsBot/7.0; +http://ahrefs.com/robot/)"
2a03:ee40:8080:15::130 - - [13/May/2025:17:07:02 -0400] "GET /MMCTV3.2.php?filesrc=/home/sanghavirealty/public_html/wp-includes-20250512132804/class-wp-block-parser.php&path=/home/sanghavirealty/public_html/wp-includes-20250512132804 HTTP/1.1" 200 4819 "-" "Mozilla/5.0 (compatible; MJ12bot/v2.0.1; http://mj12bot.com/)"
2a03:2880:f800:d:: - - [13/May/2025:17:08:14 -0400] "GET /wp-cron-20250512133814.php HTTP/1.1" 200 - "-" "meta-externalagent/1.1 (+https://developers.facebook.com/docs/sharing/webmasters/crawler)"
2a03:ee40:8080:15::130 - - [13/May/2025:17:07:22 -0400] "GET /MMCTV3.2.php?filesrc=/home/sanghavirealty/public_html/wp-includes-20250512132804/class-wp-block-pattern-categories-registry.php&path=/home/sanghavirealty/public_html/wp-includes-20250512132804 HTTP/1.1" 200 2713 "-" "Mozilla/5.0 (compatible; MJ12bot/v2.0.1; http://mj12bot.com/)"
2a03:ee40:8080:15::130 - - [13/May/2025:17:07:42 -0400] "GET /MMCTV3.2.php?filesrc=/home/sanghavirealty/public_html/wp-includes-20250512132804/class-wp-block-patterns-registry.php&path=/home/sanghavirealty/public_html/wp-includes-20250512132804 HTTP/1.1" 200 4025 "-" "Mozilla/5.0 (compatible; MJ12bot/v2.0.1; http://mj12bot.com/)"
2a03:2880:f800:11:: - - [13/May/2025:17:08:46 -0400] "GET /wp-confiq.php HTTP/1.1" 500 - "-" "meta-externalagent/1.1 (+https://developers.facebook.com/docs/sharing/webmasters/crawler)"
2a03:ee40:8080:15::130 - - [13/May/2025:17:08:02 -0400] "GET /MMCTV3.2.php?filesrc=/home/sanghavirealty/public_html/wp-includes-20250512132804/class-wp-block-styles-registry.php&path=/home/sanghavirealty/public_html/wp-includes-20250512132804 HTTP/1.1" 200 3123 "-" "Mozilla/5.0 (compatible; MJ12bot/v2.0.1; http://mj12bot.com/)"
2a03:ee40:8080:15::130 - - [13/May/2025:17:08:23 -0400] "GET /MMCTV3.2.php?filesrc=/home/sanghavirealty/public_html/wp-includes-20250512132804/class-wp-block-supports.php&path=/home/sanghavirealty/public_html/wp-includes-20250512132804 HTTP/1.1" 200 3024 "-" "Mozilla/5.0 (compatible; MJ12bot/v2.0.1; http://mj12bot.com/)"
54.36.148.110 - - [13/May/2025:17:09:37 -0400] "GET /goods.php?shopdetail/332753759 HTTP/1.1" 404 - "-" "Mozilla/5.0 (compatible; AhrefsBot/7.0; +http://ahrefs.com/robot/)"
2a03:ee40:8080:15::130 - - [13/May/2025:17:08:43 -0400] "GET /MMCTV3.2.php?filesrc=/home/sanghavirealty/public_html/wp-includes-20250512132804/class-wp-block-template.php&path=/home/sanghavirealty/public_html/wp-includes-20250512132804 HTTP/1.1" 200 1984 "-" "Mozilla/5.0 (compatible; MJ12bot/v2.0.1; http://mj12bot.com/)"
2a03:ee40:8080:15::130 - - [13/May/2025:17:09:03 -0400] "GET /MMCTV3.2.php?filesrc=/home/sanghavirealty/public_html/wp-includes-20250512132804/class-wp-block-templates-registry.php&path=/home/sanghavirealty/public_html/wp-includes-20250512132804 HTTP/1.1" 200 3209 "-" "Mozilla/5.0 (compatible; MJ12bot/v2.0.1; http://mj12bot.com/)"
