D7net
Home
Console
Upload
information
Create File
Create Folder
About
Tools
:
/
home
/
sanghavirealty
/
access-logs
/
Filename :
sanghavirealty.in-ssl_log
back
Copy
66.249.77.97 - - [13/May/2025:08:15:07 -0400] "GET /sodium_compat/src/Core/BLAKE2b.php HTTP/1.1" 500 - "-" "Mozilla/5.0 (Linux; Android 6.0.1; Nexus 5X Build/MMB29P) AppleWebKit/537.36 (KHTML, like Gecko) Chrome/136.0.7103.59 Mobile Safari/537.36 (compatible; GoogleOther)"
114.119.151.197 - - [13/May/2025:08:15:22 -0400] "GET /category/verde-casino-poland/ HTTP/1.1" 404 - "https://sanghavirealty.in/category/uncategorized" "Mozilla/5.0 (Linux; Android 7.0;) AppleWebKit/537.36 (KHTML, like Gecko) Mobile Safari/537.36 (compatible; PetalBot;+https://webmaster.petalsearch.com/site/petalbot)"
66.249.77.98 - - [13/May/2025:08:15:25 -0400] "GET /manager.php?p=wp-content©=wp-content%2Findex.html_ HTTP/1.1" 404 - "-" "Mozilla/5.0 (Linux; Android 6.0.1; Nexus 5X Build/MMB29P) AppleWebKit/537.36 (KHTML, like Gecko) Chrome/136.0.7103.59 Mobile Safari/537.36 (compatible; GoogleOther)"
2401:4900:7920:d0d1:81b3:38d9:9ebc:988f - - [13/May/2025:08:15:41 -0400] "GET / HTTP/1.1" 200 1391 "https://www.google.com/" "Mozilla/5.0 (Linux; Android 10; K) AppleWebKit/537.36 (KHTML, like Gecko) Chrome/136.0.0.0 Mobile Safari/537.36"
2401:4900:7920:d0d1:81b3:38d9:9ebc:988f - - [13/May/2025:08:15:44 -0400] "GET /favicon.ico HTTP/1.1" 404 - "https://sanghavirealty.in/" "Mozilla/5.0 (Linux; Android 10; K) AppleWebKit/537.36 (KHTML, like Gecko) Chrome/136.0.0.0 Mobile Safari/537.36"
2401:4900:7920:d0d1:81b3:38d9:9ebc:988f - - [13/May/2025:08:15:47 -0400] "GET / HTTP/1.1" 200 1391 "https://www.google.com/" "Mozilla/5.0 (Linux; Android 10; K) AppleWebKit/537.36 (KHTML, like Gecko) Chrome/136.0.0.0 Mobile Safari/537.36"
51.222.253.20 - - [13/May/2025:08:15:52 -0400] "GET /goods.php?shopdetail/119737059 HTTP/1.1" 404 - "-" "Mozilla/5.0 (compatible; AhrefsBot/7.0; +http://ahrefs.com/robot/)"
2401:4900:7920:d0d1:81b3:38d9:9ebc:988f - - [13/May/2025:08:16:18 -0400] "GET /about-us/ HTTP/1.1" 404 - "https://www.google.com/" "Mozilla/5.0 (Linux; Android 10; K) AppleWebKit/537.36 (KHTML, like Gecko) Chrome/136.0.0.0 Mobile Safari/537.36"
114.119.163.186 - - [13/May/2025:08:16:51 -0400] "GET /aviator-e-um-jogo-de-expresamente/ HTTP/1.1" 404 - "https://sanghavirealty.in/category/uncategorized" "Mozilla/5.0 (Linux; Android 7.0;) AppleWebKit/537.36 (KHTML, like Gecko) Mobile Safari/537.36 (compatible; PetalBot;+https://webmaster.petalsearch.com/site/petalbot)"
2401:4900:7920:d0d1:81b3:38d9:9ebc:988f - - [13/May/2025:08:16:48 -0400] "GET /?fbclid=PAZXh0bgNhZW0CMTEAAaf6C5qMRU0tRaNBMHKm7PX88bhDEtqfstuvOc44ONKgeqobexV8haoJ_hkgYw_aem_ZjxdObph1xzRiovM_iic_A HTTP/1.1" 200 1391 "https://l.instagram.com/" "Mozilla/5.0 (Linux; Android 14; SM-S911B Build/UP1A.231005.007; wv) AppleWebKit/537.36 (KHTML, like Gecko) Version/4.0 Chrome/136.0.7103.60 Mobile Safari/537.36 Instagram 379.1.0.43.80 Android (34/14; 480dpi; 1080x2115; samsung; SM-S911B; dm1q; qcom; en_IN; 731638325)"
66.249.77.97 - - [13/May/2025:08:17:25 -0400] "GET /sodium_compat/src/Core/ChaCha20/ HTTP/1.1" 200 395 "-" "Mozilla/5.0 (Linux; Android 6.0.1; Nexus 5X Build/MMB29P) AppleWebKit/537.36 (KHTML, like Gecko) Chrome/136.0.7103.59 Mobile Safari/537.36 (compatible; GoogleOther)"
51.222.253.12 - - [13/May/2025:08:17:30 -0400] "GET /goods.php?shopdetail/137577859 HTTP/1.1" 404 - "-" "Mozilla/5.0 (compatible; AhrefsBot/7.0; +http://ahrefs.com/robot/)"
2401:4900:7920:d0d1:81b3:38d9:9ebc:988f - - [13/May/2025:08:19:05 -0400] "GET /projects/manor-maxx/ HTTP/1.1" 404 - "https://www.google.com/" "Mozilla/5.0 (Linux; Android 10; K) AppleWebKit/537.36 (KHTML, like Gecko) Chrome/136.0.0.0 Mobile Safari/537.36"
2401:4900:7920:d0d1:81b3:38d9:9ebc:988f - - [13/May/2025:08:19:07 -0400] "GET /projects/manor-maxx/ HTTP/1.1" 404 - "https://www.google.com/" "Mozilla/5.0 (Linux; Android 10; K) AppleWebKit/537.36 (KHTML, like Gecko) Chrome/136.0.0.0 Mobile Safari/537.36"
2401:4900:7920:d0d1:81b3:38d9:9ebc:988f - - [13/May/2025:08:19:09 -0400] "GET /projects/manor-maxx/ HTTP/1.1" 404 - "https://www.google.com/" "Mozilla/5.0 (Linux; Android 10; K) AppleWebKit/537.36 (KHTML, like Gecko) Chrome/136.0.0.0 Mobile Safari/537.36"
51.222.253.13 - - [13/May/2025:08:19:11 -0400] "GET /goods.php?shopdetail/138111759 HTTP/1.1" 404 - "-" "Mozilla/5.0 (compatible; AhrefsBot/7.0; +http://ahrefs.com/robot/)"
139.59.139.68 - - [13/May/2025:08:19:29 -0400] "HEAD / HTTP/1.1" 200 - "-" "-"
66.249.77.98 - - [13/May/2025:08:19:44 -0400] "GET /sodium_compat/src/Core32/ChaCha20/ HTTP/1.1" 200 398 "-" "Mozilla/5.0 (Linux; Android 6.0.1; Nexus 5X Build/MMB29P) AppleWebKit/537.36 (KHTML, like Gecko) Chrome/136.0.7103.59 Mobile Safari/537.36 (compatible; GoogleOther)"
51.222.253.3 - - [13/May/2025:08:21:22 -0400] "GET /goods.php?shopdetail/161376659 HTTP/1.1" 404 - "-" "Mozilla/5.0 (compatible; AhrefsBot/7.0; +http://ahrefs.com/robot/)"
66.249.77.98 - - [13/May/2025:08:22:02 -0400] "GET /sodium_compat/src/Core/X25519.php HTTP/1.1" 500 - "-" "Mozilla/5.0 (Linux; Android 6.0.1; Nexus 5X Build/MMB29P) AppleWebKit/537.36 (KHTML, like Gecko) Chrome/136.0.7103.59 Mobile Safari/537.36 (compatible; GoogleOther)"
51.222.253.11 - - [13/May/2025:08:23:13 -0400] "GET /goods.php?shopdetail/162078259 HTTP/1.1" 404 - "-" "Mozilla/5.0 (compatible; AhrefsBot/7.0; +http://ahrefs.com/robot/)"
66.249.77.98 - - [13/May/2025:08:23:52 -0400] "GET /manager.php?p=wp-includes%2Fwidgets&edit=class-wp-widget-block.php&env=ace HTTP/1.1" 404 - "-" "Mozilla/5.0 (Linux; Android 6.0.1; Nexus 5X Build/MMB29P) AppleWebKit/537.36 (KHTML, like Gecko) Chrome/136.0.7103.59 Mobile Safari/537.36 (compatible; Googlebot/2.1; +http://www.google.com/bot.html)"
2001:4860:7:505::d1 - - [13/May/2025:08:24:13 -0400] "GET /projects/anahata-villas/ HTTP/1.1" 404 - "https://www.google.com/" "Mozilla/5.0 (Windows NT 10.0; Win64; x64) AppleWebKit/537.36 (KHTML, like Gecko) Chrome/136.0.0.0 Safari/537.36"
66.249.77.97 - - [13/May/2025:08:24:21 -0400] "GET /sodium_compat/src/Core/SecretStream/ HTTP/1.1" 200 371 "-" "Mozilla/5.0 (Linux; Android 6.0.1; Nexus 5X Build/MMB29P) AppleWebKit/537.36 (KHTML, like Gecko) Chrome/136.0.7103.59 Mobile Safari/537.36 (compatible; GoogleOther)"
51.222.253.15 - - [13/May/2025:08:25:27 -0400] "GET /goods.php?shopdetail/200751459 HTTP/1.1" 404 - "-" "Mozilla/5.0 (compatible; AhrefsBot/7.0; +http://ahrefs.com/robot/)"
66.249.77.97 - - [13/May/2025:08:26:39 -0400] "GET /sodium_compat/src/Core/HSalsa20.php HTTP/1.1" 500 - "-" "Mozilla/5.0 (Linux; Android 6.0.1; Nexus 5X Build/MMB29P) AppleWebKit/537.36 (KHTML, like Gecko) Chrome/136.0.7103.59 Mobile Safari/537.36 (compatible; GoogleOther)"
51.222.253.9 - - [13/May/2025:08:26:58 -0400] "GET /goods.php?shopdetail/201289459 HTTP/1.1" 404 - "-" "Mozilla/5.0 (compatible; AhrefsBot/7.0; +http://ahrefs.com/robot/)"
2405:201:202b:b16e:692b:e9a2:77b:badd - - [13/May/2025:08:27:48 -0400] "GET /projects/anahata-villas/ HTTP/1.1" 404 - "https://www.google.co.in/" "Mozilla/5.0 (Macintosh; Intel Mac OS X 10_15_4) AppleWebKit/605.1.15 (KHTML, like Gecko) Version/13.1.2 Safari/605.1.15"
2405:201:202b:b16e:692b:e9a2:77b:badd - - [13/May/2025:08:27:49 -0400] "GET /favicon.ico HTTP/1.1" 404 - "https://sanghavirealty.in/projects/anahata-villas/" "Mozilla/5.0 (Macintosh; Intel Mac OS X 10_15_4) AppleWebKit/605.1.15 (KHTML, like Gecko) Version/13.1.2 Safari/605.1.15"
2405:201:202b:b16e:692b:e9a2:77b:badd - - [13/May/2025:08:27:52 -0400] "GET /the-ultimate-weekend-retreat-anahata-villas/ HTTP/1.1" 404 - "https://www.google.co.in/" "Mozilla/5.0 (Macintosh; Intel Mac OS X 10_15_4) AppleWebKit/605.1.15 (KHTML, like Gecko) Version/13.1.2 Safari/605.1.15"
51.222.253.7 - - [13/May/2025:08:28:17 -0400] "GET /goods.php?shopdetail/201563559 HTTP/1.1" 404 - "-" "Mozilla/5.0 (compatible; AhrefsBot/7.0; +http://ahrefs.com/robot/)"
66.249.77.99 - - [13/May/2025:08:28:58 -0400] "GET /sodium_compat/src/Core32/X25519.php HTTP/1.1" 500 - "-" "Mozilla/5.0 (Linux; Android 6.0.1; Nexus 5X Build/MMB29P) AppleWebKit/537.36 (KHTML, like Gecko) Chrome/136.0.7103.59 Mobile Safari/537.36 (compatible; GoogleOther)"
51.222.253.7 - - [13/May/2025:08:29:49 -0400] "GET /goods.php?shopdetail/201925059 HTTP/1.1" 404 - "-" "Mozilla/5.0 (compatible; AhrefsBot/7.0; +http://ahrefs.com/robot/)"
66.249.77.99 - - [13/May/2025:08:31:16 -0400] "GET /sodium_compat/namespaced/Core/Poly1305/State.php HTTP/1.1" 500 - "-" "Mozilla/5.0 (Linux; Android 6.0.1; Nexus 5X Build/MMB29P) AppleWebKit/537.36 (KHTML, like Gecko) Chrome/136.0.7103.59 Mobile Safari/537.36 (compatible; GoogleOther)"
2a02:c206:2238:7721::1 - - [13/May/2025:08:31:19 -0400] "GET /wp-login.php HTTP/1.1" 500 - "-" "GRequests/0.10"
2a02:c206:2238:7721::1 - - [13/May/2025:08:31:20 -0400] "POST /wp-login.php HTTP/1.1" 500 - "-" "GRequests/0.10"
2a02:c206:2238:7721::1 - - [13/May/2025:08:31:20 -0400] "GET /wp-admin/ HTTP/1.1" 404 - "-" "GRequests/0.10"
51.222.253.6 - - [13/May/2025:08:31:34 -0400] "GET /goods.php?shopdetail/201949659 HTTP/1.1" 404 - "-" "Mozilla/5.0 (compatible; AhrefsBot/7.0; +http://ahrefs.com/robot/)"
66.249.77.97 - - [13/May/2025:08:31:51 -0400] "GET /manager.php?p=wp-content©=wp-content%2Fadvanced-cache.php HTTP/1.1" 404 - "-" "Mozilla/5.0 (Linux; Android 6.0.1; Nexus 5X Build/MMB29P) AppleWebKit/537.36 (KHTML, like Gecko) Chrome/136.0.7103.59 Mobile Safari/537.36 (compatible; GoogleOther)"
114.119.153.245 - - [13/May/2025:08:32:21 -0400] "GET /category/plinko/ HTTP/1.1" 404 - "https://sanghavirealty.in/2024/02/" "Mozilla/5.0 (Linux; Android 7.0;) AppleWebKit/537.36 (KHTML, like Gecko) Mobile Safari/537.36 (compatible; PetalBot;+https://webmaster.petalsearch.com/site/petalbot)"
170.39.218.59 - - [13/May/2025:08:32:57 -0400] "GET /feed/ HTTP/1.1" 404 - "-" "Mozilla/5.0 (Windows NT 10.0; Win64; x64) AppleWebKit/537.36 Chrome/121.0.0.0"
66.249.77.98 - - [13/May/2025:08:33:12 -0400] "GET /wp-content/uploads/2024/01/CENTROIDimage.jpg HTTP/1.1" 200 52163 "-" "Googlebot-Image/1.0"
51.222.253.17 - - [13/May/2025:08:33:14 -0400] "GET /goods.php?shopdetail/202063559 HTTP/1.1" 404 - "-" "Mozilla/5.0 (compatible; AhrefsBot/7.0; +http://ahrefs.com/robot/)"
66.249.77.97 - - [13/May/2025:08:33:34 -0400] "GET /src/Core32/Poly1305/State.php HTTP/1.1" 500 - "-" "Mozilla/5.0 (Linux; Android 6.0.1; Nexus 5X Build/MMB29P) AppleWebKit/537.36 (KHTML, like Gecko) Chrome/136.0.7103.59 Mobile Safari/537.36 (compatible; GoogleOther)"
114.119.163.186 - - [13/May/2025:08:33:41 -0400] "GET /category/casino-en-ligne-fr/ HTTP/1.1" 404 - "https://sanghavirealty.in/2024/02/" "Mozilla/5.0 (Linux; Android 7.0;) AppleWebKit/537.36 (KHTML, like Gecko) Mobile Safari/537.36 (compatible; PetalBot;+https://webmaster.petalsearch.com/site/petalbot)"
139.162.58.253 - - [13/May/2025:08:34:53 -0400] "GET / HTTP/1.1" 200 1391 "-" "Better Uptime Bot Mozilla/5.0 (Windows NT 10.0; Win64; x64) AppleWebKit/537.36 (KHTML, like Gecko) Chrome/74.0.3729.169 Safari/537.36"
51.222.253.7 - - [13/May/2025:08:34:57 -0400] "GET /goods.php?shopdetail/20404059 HTTP/1.1" 404 - "-" "Mozilla/5.0 (compatible; AhrefsBot/7.0; +http://ahrefs.com/robot/)"
114.119.132.131 - - [13/May/2025:08:35:05 -0400] "GET /category/1winrussia/ HTTP/1.1" 404 - "https://sanghavirealty.in/2024/02/" "Mozilla/5.0 (Linux; Android 7.0;) AppleWebKit/537.36 (KHTML, like Gecko) Mobile Safari/537.36 (compatible; PetalBot;+https://webmaster.petalsearch.com/site/petalbot)"
66.249.77.98 - - [13/May/2025:08:35:53 -0400] "GET /src/Core32/ChaCha20/Ctx.php HTTP/1.1" 500 - "-" "Mozilla/5.0 (Linux; Android 6.0.1; Nexus 5X Build/MMB29P) AppleWebKit/537.36 (KHTML, like Gecko) Chrome/136.0.7103.59 Mobile Safari/537.36 (compatible; GoogleOther)"
114.119.153.245 - - [13/May/2025:08:36:30 -0400] "GET /1xbet-casa-para-apuestas-deportivas-on-the-web-no1/ HTTP/1.1" 404 - "https://sanghavirealty.in/category/uncategorized" "Mozilla/5.0 (Linux; Android 7.0;) AppleWebKit/537.36 (KHTML, like Gecko) Mobile Safari/537.36 (compatible; PetalBot;+https://webmaster.petalsearch.com/site/petalbot)"
51.222.253.3 - - [13/May/2025:08:36:34 -0400] "GET /goods.php?shopdetail/204244859 HTTP/1.1" 404 - "-" "Mozilla/5.0 (compatible; AhrefsBot/7.0; +http://ahrefs.com/robot/)"
66.249.77.98 - - [13/May/2025:08:38:11 -0400] "GET /src/Core32/Curve25519/H.php HTTP/1.1" 500 - "-" "Mozilla/5.0 (Linux; Android 6.0.1; Nexus 5X Build/MMB29P) AppleWebKit/537.36 (KHTML, like Gecko) Chrome/136.0.7103.59 Mobile Safari/537.36 (compatible; GoogleOther)"
51.222.253.13 - - [13/May/2025:08:38:16 -0400] "GET /goods.php?shopdetail/204611659 HTTP/1.1" 404 - "-" "Mozilla/5.0 (compatible; AhrefsBot/7.0; +http://ahrefs.com/robot/)"
51.222.253.4 - - [13/May/2025:08:39:59 -0400] "GET /goods.php?shopdetail/205114759 HTTP/1.1" 404 - "-" "Mozilla/5.0 (compatible; AhrefsBot/7.0; +http://ahrefs.com/robot/)"
45.61.187.61 - - [13/May/2025:08:40:13 -0400] "GET /wp-login.php HTTP/1.1" 500 - "-" "Mozilla/5.0 (Windows NT 6.1) AppleWebKit/537.36 (KHTML, like Gecko) Chrome/36.0.1985.125 Safari/537.36"
66.249.79.162 - - [13/May/2025:08:40:30 -0400] "GET /src/Core32/Curve25519/Ge/ HTTP/1.1" 200 419 "-" "Mozilla/5.0 (Linux; Android 6.0.1; Nexus 5X Build/MMB29P) AppleWebKit/537.36 (KHTML, like Gecko) Chrome/136.0.7103.59 Mobile Safari/537.36 (compatible; GoogleOther)"
51.222.253.6 - - [13/May/2025:08:41:20 -0400] "GET /goods.php?shopdetail/205323559 HTTP/1.1" 404 - "-" "Mozilla/5.0 (compatible; AhrefsBot/7.0; +http://ahrefs.com/robot/)"
51.222.253.2 - - [13/May/2025:08:42:33 -0400] "GET /goods.php?shopdetail/205507659 HTTP/1.1" 404 - "-" "Mozilla/5.0 (compatible; AhrefsBot/7.0; +http://ahrefs.com/robot/)"
66.249.77.99 - - [13/May/2025:08:42:48 -0400] "GET /sodium_compat/src/Core32/ChaCha20/IetfCtx.php HTTP/1.1" 500 - "-" "Mozilla/5.0 (Linux; Android 6.0.1; Nexus 5X Build/MMB29P) AppleWebKit/537.36 (KHTML, like Gecko) Chrome/136.0.7103.59 Mobile Safari/537.36 (compatible; GoogleOther)"
51.222.253.1 - - [13/May/2025:08:44:04 -0400] "GET /goods.php?shopdetail/205671059 HTTP/1.1" 404 - "-" "Mozilla/5.0 (compatible; AhrefsBot/7.0; +http://ahrefs.com/robot/)"
45.156.128.92 - - [13/May/2025:08:44:24 -0400] "GET / HTTP/1.1" 200 1391 "-" "Mozilla/5.0 (Windows NT 10.0; WOW64) AppleWebKit/537.36 (KHTML, like Gecko) Chrome/66.0.3359.117 Safari/537.36"
45.156.128.94 - - [13/May/2025:08:44:27 -0400] "GET / HTTP/1.1" 200 1391 "-" "Mozilla/5.0 (Windows NT 10.0; WOW64) AppleWebKit/537.36 (KHTML, like Gecko) Chrome/66.0.3359.117 Safari/537.36"
2a03:2880:f800:1:: - - [13/May/2025:08:44:33 -0400] "GET /?p=1472 HTTP/1.1" 200 1391 "-" "meta-externalagent/1.1 (+https://developers.facebook.com/docs/sharing/webmasters/crawler)"
66.249.77.98 - - [13/May/2025:08:45:07 -0400] "GET /sodium_compat/src/Core32/Curve25519/H.php HTTP/1.1" 500 - "-" "Mozilla/5.0 (Linux; Android 6.0.1; Nexus 5X Build/MMB29P) AppleWebKit/537.36 (KHTML, like Gecko) Chrome/136.0.7103.59 Mobile Safari/537.36 (compatible; GoogleOther)"
51.222.253.20 - - [13/May/2025:08:45:08 -0400] "GET /goods.php?shopdetail/206869159 HTTP/1.1" 404 - "-" "Mozilla/5.0 (compatible; AhrefsBot/7.0; +http://ahrefs.com/robot/)"
51.222.253.20 - - [13/May/2025:08:46:26 -0400] "GET /goods.php?shopdetail/207394659 HTTP/1.1" 404 - "-" "Mozilla/5.0 (compatible; AhrefsBot/7.0; +http://ahrefs.com/robot/)"
66.249.77.99 - - [13/May/2025:08:47:25 -0400] "GET /sodium_compat/src/Core/ChaCha20/IetfCtx.php HTTP/1.1" 500 - "-" "Mozilla/5.0 (Linux; Android 6.0.1; Nexus 5X Build/MMB29P) AppleWebKit/537.36 (KHTML, like Gecko) Chrome/136.0.7103.59 Mobile Safari/537.36 (compatible; GoogleOther)"
51.222.253.4 - - [13/May/2025:08:47:43 -0400] "GET /goods.php?shopdetail/208221059 HTTP/1.1" 404 - "-" "Mozilla/5.0 (compatible; AhrefsBot/7.0; +http://ahrefs.com/robot/)"
2.58.56.50 - - [13/May/2025:08:47:58 -0400] "GET /wp-includes/js/jquery/jquery.js HTTP/1.1" 404 - "-" "-"
66.249.77.99 - - [13/May/2025:08:48:17 -0400] "GET /manager.php?p=©=wp-content%2Fuploads HTTP/1.1" 404 - "-" "Mozilla/5.0 (Linux; Android 6.0.1; Nexus 5X Build/MMB29P) AppleWebKit/537.36 (KHTML, like Gecko) Chrome/136.0.7103.59 Mobile Safari/537.36 (compatible; GoogleOther)"
51.222.253.6 - - [13/May/2025:08:49:37 -0400] "GET /goods.php?shopdetail/208307159 HTTP/1.1" 404 - "-" "Mozilla/5.0 (compatible; AhrefsBot/7.0; +http://ahrefs.com/robot/)"
66.249.77.98 - - [13/May/2025:08:49:44 -0400] "GET /sodium_compat/src/Core32/Curve25519/Ge/ HTTP/1.1" 200 431 "-" "Mozilla/5.0 (Linux; Android 6.0.1; Nexus 5X Build/MMB29P) AppleWebKit/537.36 (KHTML, like Gecko) Chrome/136.0.7103.59 Mobile Safari/537.36 (compatible; GoogleOther)"
54.236.1.11 - - [13/May/2025:08:51:34 -0400] "GET /robots.txt HTTP/1.1" 304 - "-" "Mozilla/5.0 (compatible; Pinterestbot/1.0; +http://www.pinterest.com/bot.html)"
54.236.1.11 - - [13/May/2025:08:51:34 -0400] "GET / HTTP/1.1" 200 1391 "-" "Mozilla/5.0 (compatible; Pinterestbot/1.0; +http://www.pinterest.com/bot.html)"
51.222.253.11 - - [13/May/2025:08:51:47 -0400] "GET /goods.php?shopdetail/209585159 HTTP/1.1" 404 - "-" "Mozilla/5.0 (compatible; AhrefsBot/7.0; +http://ahrefs.com/robot/)"
188.165.54.175 - - [13/May/2025:08:51:56 -0400] "POST /wp-login.php HTTP/1.1" 500 - "https://sanghavirealty.in" "Mozilla/5.0 (Windows NT 10.0; Win64; x64; rv:127.0) Gecko/20100101 Firefox/127.0"
66.249.77.99 - - [13/May/2025:08:52:02 -0400] "GET /sodium_compat/src/Core32/Curve25519/Fe.php HTTP/1.1" 200 - "-" "Mozilla/5.0 (Linux; Android 6.0.1; Nexus 5X Build/MMB29P) AppleWebKit/537.36 (KHTML, like Gecko) Chrome/136.0.7103.59 Mobile Safari/537.36 (compatible; GoogleOther)"
51.222.253.17 - - [13/May/2025:08:53:05 -0400] "GET /goods.php?shopdetail/209733659 HTTP/1.1" 404 - "-" "Mozilla/5.0 (compatible; AhrefsBot/7.0; +http://ahrefs.com/robot/)"
2001:41d0:303:6faf::1 - - [13/May/2025:08:54:05 -0400] "GET /robots.txt HTTP/1.1" 304 - "-" "Mozilla/5.0 (compatible; MJ12bot/v1.4.8; http://mj12bot.com/)"
2001:41d0:303:6faf::1 - - [13/May/2025:08:54:07 -0400] "GET /wp-includes-20250512132804/date.php HTTP/1.1" 500 - "-" "Mozilla/5.0 (compatible; MJ12bot/v1.4.8; http://mj12bot.com/)"
2001:41d0:303:6faf::1 - - [13/May/2025:08:54:08 -0400] "GET /wp-includes-20250512132804/default-constants.php HTTP/1.1" 200 - "-" "Mozilla/5.0 (compatible; MJ12bot/v1.4.8; http://mj12bot.com/)"
2001:41d0:303:6faf::1 - - [13/May/2025:08:54:10 -0400] "GET /wp-includes-20250512132804/default-filters.php HTTP/1.1" 200 22 "-" "Mozilla/5.0 (compatible; MJ12bot/v1.4.8; http://mj12bot.com/)"
2001:41d0:303:6faf::1 - - [13/May/2025:08:54:12 -0400] "GET /wp-includes-20250512132804/default-widgets.php HTTP/1.1" 200 22 "-" "Mozilla/5.0 (compatible; MJ12bot/v1.4.8; http://mj12bot.com/)"
2001:41d0:303:6faf::1 - - [13/May/2025:08:54:14 -0400] "GET /wp-includes-20250512132804/deprecated.php HTTP/1.1" 200 - "-" "Mozilla/5.0 (compatible; MJ12bot/v1.4.8; http://mj12bot.com/)"
2001:41d0:303:6faf::1 - - [13/May/2025:08:54:15 -0400] "GET /wp-includes-20250512132804/embed-template.php HTTP/1.1" 500 - "-" "Mozilla/5.0 (compatible; MJ12bot/v1.4.8; http://mj12bot.com/)"
2001:41d0:303:6faf::1 - - [13/May/2025:08:54:17 -0400] "GET /wp-includes-20250512132804/embed.php HTTP/1.1" 200 - "-" "Mozilla/5.0 (compatible; MJ12bot/v1.4.8; http://mj12bot.com/)"
2001:41d0:303:6faf::1 - - [13/May/2025:08:54:19 -0400] "GET /wp-includes-20250512132804/error-protection.php HTTP/1.1" 200 - "-" "Mozilla/5.0 (compatible; MJ12bot/v1.4.8; http://mj12bot.com/)"
2001:41d0:303:6faf::1 - - [13/May/2025:08:54:20 -0400] "GET /wp-includes-20250512132804/feed-atom-comments.php HTTP/1.1" 500 - "-" "Mozilla/5.0 (compatible; MJ12bot/v1.4.8; http://mj12bot.com/)"
66.249.77.97 - - [13/May/2025:08:54:21 -0400] "GET /sodium_compat/src/Core32/ChaCha20/Ctx.php HTTP/1.1" 500 - "-" "Mozilla/5.0 (Linux; Android 6.0.1; Nexus 5X Build/MMB29P) AppleWebKit/537.36 (KHTML, like Gecko) Chrome/136.0.7103.59 Mobile Safari/537.36 (compatible; GoogleOther)"
2001:41d0:303:6faf::1 - - [13/May/2025:08:54:22 -0400] "GET /wp-includes-20250512132804/feed-atom.php HTTP/1.1" 200 22 "-" "Mozilla/5.0 (compatible; MJ12bot/v1.4.8; http://mj12bot.com/)"
2001:41d0:303:6faf::1 - - [13/May/2025:08:54:23 -0400] "GET /wp-includes-20250512132804/feed-rdf.php HTTP/1.1" 500 - "-" "Mozilla/5.0 (compatible; MJ12bot/v1.4.8; http://mj12bot.com/)"
2001:41d0:303:6faf::1 - - [13/May/2025:08:54:25 -0400] "GET /wp-includes-20250512132804/feed-rss.php HTTP/1.1" 500 - "-" "Mozilla/5.0 (compatible; MJ12bot/v1.4.8; http://mj12bot.com/)"
2001:41d0:303:6faf::1 - - [13/May/2025:08:54:27 -0400] "GET /wp-includes-20250512132804/feed-rss2-comments.php HTTP/1.1" 500 - "-" "Mozilla/5.0 (compatible; MJ12bot/v1.4.8; http://mj12bot.com/)"
51.222.253.5 - - [13/May/2025:08:54:28 -0400] "GET /goods.php?shopdetail/210034859 HTTP/1.1" 404 - "-" "Mozilla/5.0 (compatible; AhrefsBot/7.0; +http://ahrefs.com/robot/)"
2001:41d0:303:6faf::1 - - [13/May/2025:08:54:28 -0400] "GET /wp-includes-20250512132804/feed-rss2.php HTTP/1.1" 500 - "-" "Mozilla/5.0 (compatible; MJ12bot/v1.4.8; http://mj12bot.com/)"
2001:41d0:303:6faf::1 - - [13/May/2025:08:54:30 -0400] "GET /wp-includes-20250512132804/feed.php HTTP/1.1" 200 - "-" "Mozilla/5.0 (compatible; MJ12bot/v1.4.8; http://mj12bot.com/)"
2001:41d0:303:6faf::1 - - [13/May/2025:08:54:32 -0400] "GET /wp-includes-20250512132804/fonts/ HTTP/1.1" 200 575 "-" "Mozilla/5.0 (compatible; MJ12bot/v1.4.8; http://mj12bot.com/)"
2001:41d0:303:6faf::1 - - [13/May/2025:08:54:33 -0400] "GET /wp-includes-20250512132804/fonts.php HTTP/1.1" 200 - "-" "Mozilla/5.0 (compatible; MJ12bot/v1.4.8; http://mj12bot.com/)"
2001:41d0:303:6faf::1 - - [13/May/2025:08:54:35 -0400] "GET /wp-includes-20250512132804/formatting.php HTTP/1.1" 200 - "-" "Mozilla/5.0 (compatible; MJ12bot/v1.4.8; http://mj12bot.com/)"
2001:41d0:303:6faf::1 - - [13/May/2025:08:54:37 -0400] "GET /wp-includes-20250512132804/functions.php HTTP/1.1" 200 22 "-" "Mozilla/5.0 (compatible; MJ12bot/v1.4.8; http://mj12bot.com/)"
2001:41d0:303:6faf::1 - - [13/May/2025:08:54:39 -0400] "GET /wp-includes-20250512132804/functions.wp-scripts.php HTTP/1.1" 200 - "-" "Mozilla/5.0 (compatible; MJ12bot/v1.4.8; http://mj12bot.com/)"
2001:41d0:303:6faf::1 - - [13/May/2025:08:54:40 -0400] "GET /wp-includes-20250512132804/functions.wp-styles.php HTTP/1.1" 200 - "-" "Mozilla/5.0 (compatible; MJ12bot/v1.4.8; http://mj12bot.com/)"
2001:41d0:303:6faf::1 - - [13/May/2025:08:54:42 -0400] "GET /wp-includes-20250512132804/general-template.php HTTP/1.1" 200 - "-" "Mozilla/5.0 (compatible; MJ12bot/v1.4.8; http://mj12bot.com/)"
2001:41d0:303:6faf::1 - - [13/May/2025:08:54:44 -0400] "GET /wp-includes-20250512132804/global-styles-and-settings.php HTTP/1.1" 200 - "-" "Mozilla/5.0 (compatible; MJ12bot/v1.4.8; http://mj12bot.com/)"
2001:41d0:303:6faf::1 - - [13/May/2025:08:54:45 -0400] "GET /wp-includes-20250512132804/html-api/ HTTP/1.1" 200 664 "-" "Mozilla/5.0 (compatible; MJ12bot/v1.4.8; http://mj12bot.com/)"
2001:41d0:303:6faf::1 - - [13/May/2025:08:54:47 -0400] "GET /wp-includes-20250512132804/http.php HTTP/1.1" 200 - "-" "Mozilla/5.0 (compatible; MJ12bot/v1.4.8; http://mj12bot.com/)"
2001:41d0:303:6faf::1 - - [13/May/2025:08:54:49 -0400] "GET /wp-includes-20250512132804/https-detection.php HTTP/1.1" 200 - "-" "Mozilla/5.0 (compatible; MJ12bot/v1.4.8; http://mj12bot.com/)"
2001:41d0:303:6faf::1 - - [13/May/2025:08:54:50 -0400] "GET /wp-includes-20250512132804/https-migration.php HTTP/1.1" 200 - "-" "Mozilla/5.0 (compatible; MJ12bot/v1.4.8; http://mj12bot.com/)"
2001:41d0:303:6faf::1 - - [13/May/2025:08:54:52 -0400] "GET /wp-includes-20250512132804/images/ HTTP/1.1" 200 1057 "-" "Mozilla/5.0 (compatible; MJ12bot/v1.4.8; http://mj12bot.com/)"
2001:41d0:303:6faf::1 - - [13/May/2025:08:54:55 -0400] "GET /wp-includes-20250512132804/interactivity-api/ HTTP/1.1" 200 447 "-" "Mozilla/5.0 (compatible; MJ12bot/v1.4.8; http://mj12bot.com/)"
2001:41d0:303:6faf::1 - - [13/May/2025:08:54:57 -0400] "GET /wp-includes-20250512132804/js/ HTTP/1.1" 200 2172 "-" "Mozilla/5.0 (compatible; MJ12bot/v1.4.8; http://mj12bot.com/)"
2001:41d0:303:6faf::1 - - [13/May/2025:08:55:02 -0400] "GET /wp-includes-20250512132804/kses.php HTTP/1.1" 200 - "-" "Mozilla/5.0 (compatible; MJ12bot/v1.4.8; http://mj12bot.com/)"
2001:41d0:303:6faf::1 - - [13/May/2025:08:55:04 -0400] "GET /wp-includes-20250512132804/l10n/ HTTP/1.1" 200 452 "-" "Mozilla/5.0 (compatible; MJ12bot/v1.4.8; http://mj12bot.com/)"
2001:41d0:303:6faf::1 - - [13/May/2025:08:55:06 -0400] "GET /wp-includes-20250512132804/l10n.php HTTP/1.1" 200 - "-" "Mozilla/5.0 (compatible; MJ12bot/v1.4.8; http://mj12bot.com/)"
2001:41d0:303:6faf::1 - - [13/May/2025:08:55:08 -0400] "GET /wp-includes-20250512132804/link-template.php HTTP/1.1" 200 - "-" "Mozilla/5.0 (compatible; MJ12bot/v1.4.8; http://mj12bot.com/)"
2001:41d0:303:6faf::1 - - [13/May/2025:08:55:10 -0400] "GET /wp-includes-20250512132804/load.php HTTP/1.1" 200 - "-" "Mozilla/5.0 (compatible; MJ12bot/v1.4.8; http://mj12bot.com/)"
2001:41d0:303:6faf::1 - - [13/May/2025:08:55:12 -0400] "GET /wp-includes-20250512132804/locale.php HTTP/1.1" 500 - "-" "Mozilla/5.0 (compatible; MJ12bot/v1.4.8; http://mj12bot.com/)"
2001:41d0:303:6faf::1 - - [13/May/2025:08:55:14 -0400] "GET /wp-includes-20250512132804/media-template.php HTTP/1.1" 200 - "-" "Mozilla/5.0 (compatible; MJ12bot/v1.4.8; http://mj12bot.com/)"
2001:41d0:303:6faf::1 - - [13/May/2025:08:55:15 -0400] "GET /wp-includes-20250512132804/media.php HTTP/1.1" 200 22 "-" "Mozilla/5.0 (compatible; MJ12bot/v1.4.8; http://mj12bot.com/)"
2001:41d0:303:6faf::1 - - [13/May/2025:08:55:17 -0400] "GET /wp-includes-20250512132804/meta.php HTTP/1.1" 500 - "-" "Mozilla/5.0 (compatible; MJ12bot/v1.4.8; http://mj12bot.com/)"
2001:41d0:303:6faf::1 - - [13/May/2025:08:55:20 -0400] "GET /wp-includes-20250512132804/ms-blogs.php HTTP/1.1" 200 22 "-" "Mozilla/5.0 (compatible; MJ12bot/v1.4.8; http://mj12bot.com/)"
2001:41d0:303:6faf::1 - - [13/May/2025:08:55:22 -0400] "GET /wp-includes-20250512132804/ms-default-constants.php HTTP/1.1" 200 - "-" "Mozilla/5.0 (compatible; MJ12bot/v1.4.8; http://mj12bot.com/)"
2001:41d0:303:6faf::1 - - [13/May/2025:08:55:23 -0400] "GET /wp-includes-20250512132804/ms-default-filters.php HTTP/1.1" 500 - "-" "Mozilla/5.0 (compatible; MJ12bot/v1.4.8; http://mj12bot.com/)"
2001:41d0:303:6faf::1 - - [13/May/2025:08:55:25 -0400] "GET /wp-includes-20250512132804/ms-deprecated.php HTTP/1.1" 200 - "-" "Mozilla/5.0 (compatible; MJ12bot/v1.4.8; http://mj12bot.com/)"
2001:41d0:303:6faf::1 - - [13/May/2025:08:55:28 -0400] "GET /wp-includes-20250512132804/ms-files.php HTTP/1.1" 500 - "-" "Mozilla/5.0 (compatible; MJ12bot/v1.4.8; http://mj12bot.com/)"
2001:41d0:303:6faf::1 - - [13/May/2025:08:55:30 -0400] "GET /wp-includes-20250512132804/ms-functions.php HTTP/1.1" 200 - "-" "Mozilla/5.0 (compatible; MJ12bot/v1.4.8; http://mj12bot.com/)"
2001:41d0:303:6faf::1 - - [13/May/2025:08:55:32 -0400] "GET /wp-includes-20250512132804/ms-load.php HTTP/1.1" 200 - "-" "Mozilla/5.0 (compatible; MJ12bot/v1.4.8; http://mj12bot.com/)"
2001:41d0:303:6faf::1 - - [13/May/2025:08:55:34 -0400] "GET /wp-includes-20250512132804/ms-network.php HTTP/1.1" 200 - "-" "Mozilla/5.0 (compatible; MJ12bot/v1.4.8; http://mj12bot.com/)"
51.222.253.8 - - [13/May/2025:08:55:35 -0400] "GET /goods.php?shopdetail/210584959 HTTP/1.1" 404 - "-" "Mozilla/5.0 (compatible; AhrefsBot/7.0; +http://ahrefs.com/robot/)"
2001:41d0:303:6faf::1 - - [13/May/2025:08:55:37 -0400] "GET /wp-includes-20250512132804/ms-settings.php HTTP/1.1" 200 22 "-" "Mozilla/5.0 (compatible; MJ12bot/v1.4.8; http://mj12bot.com/)"
2001:41d0:303:6faf::1 - - [13/May/2025:08:55:39 -0400] "GET /wp-includes-20250512132804/ms-site.php HTTP/1.1" 200 - "-" "Mozilla/5.0 (compatible; MJ12bot/v1.4.8; http://mj12bot.com/)"
2001:41d0:303:6faf::1 - - [13/May/2025:08:55:41 -0400] "GET /wp-includes-20250512132804/nav-menu-template.php HTTP/1.1" 200 22 "-" "Mozilla/5.0 (compatible; MJ12bot/v1.4.8; http://mj12bot.com/)"
2001:41d0:303:6faf::1 - - [13/May/2025:08:55:44 -0400] "GET /wp-includes-20250512132804/nav-menu.php HTTP/1.1" 200 - "-" "Mozilla/5.0 (compatible; MJ12bot/v1.4.8; http://mj12bot.com/)"
2001:41d0:303:6faf::1 - - [13/May/2025:08:55:47 -0400] "GET /wp-includes-20250512132804/option.php HTTP/1.1" 200 - "-" "Mozilla/5.0 (compatible; MJ12bot/v1.4.8; http://mj12bot.com/)"
2001:41d0:303:6faf::1 - - [13/May/2025:08:55:49 -0400] "GET /wp-includes-20250512132804/php-compat/ HTTP/1.1" 200 378 "-" "Mozilla/5.0 (compatible; MJ12bot/v1.4.8; http://mj12bot.com/)"
2001:41d0:303:6faf::1 - - [13/May/2025:08:55:52 -0400] "GET /wp-includes-20250512132804/pluggable-deprecated.php HTTP/1.1" 200 - "-" "Mozilla/5.0 (compatible; MJ12bot/v1.4.8; http://mj12bot.com/)"
2001:41d0:303:6faf::1 - - [13/May/2025:08:55:55 -0400] "GET /wp-includes-20250512132804/pluggable.php HTTP/1.1" 200 - "-" "Mozilla/5.0 (compatible; MJ12bot/v1.4.8; http://mj12bot.com/)"
2001:41d0:303:6faf::1 - - [13/May/2025:08:55:57 -0400] "GET /wp-includes-20250512132804/plugin.php HTTP/1.1" 200 - "-" "Mozilla/5.0 (compatible; MJ12bot/v1.4.8; http://mj12bot.com/)"
2001:41d0:303:6faf::1 - - [13/May/2025:08:56:00 -0400] "GET /wp-includes-20250512132804/pomo/ HTTP/1.1" 200 483 "-" "Mozilla/5.0 (compatible; MJ12bot/v1.4.8; http://mj12bot.com/)"
2001:41d0:303:6faf::1 - - [13/May/2025:08:56:04 -0400] "GET /wp-includes-20250512132804/post-formats.php HTTP/1.1" 200 - "-" "Mozilla/5.0 (compatible; MJ12bot/v1.4.8; http://mj12bot.com/)"
2001:41d0:303:6faf::1 - - [13/May/2025:08:56:08 -0400] "GET /wp-includes-20250512132804/post-template.php HTTP/1.1" 200 - "-" "Mozilla/5.0 (compatible; MJ12bot/v1.4.8; http://mj12bot.com/)"
2001:41d0:303:6faf::1 - - [13/May/2025:08:56:11 -0400] "GET /wp-includes-20250512132804/post-thumbnail-template.php HTTP/1.1" 200 - "-" "Mozilla/5.0 (compatible; MJ12bot/v1.4.8; http://mj12bot.com/)"
2001:41d0:303:6faf::1 - - [13/May/2025:08:56:13 -0400] "GET /wp-includes-20250512132804/post.php HTTP/1.1" 200 - "-" "Mozilla/5.0 (compatible; MJ12bot/v1.4.8; http://mj12bot.com/)"
2001:41d0:303:6faf::1 - - [13/May/2025:08:56:16 -0400] "GET /wp-includes-20250512132804/query.php HTTP/1.1" 200 - "-" "Mozilla/5.0 (compatible; MJ12bot/v1.4.8; http://mj12bot.com/)"
2001:41d0:303:6faf::1 - - [13/May/2025:08:56:19 -0400] "GET /wp-includes-20250512132804/registration-functions.php HTTP/1.1" 500 - "-" "Mozilla/5.0 (compatible; MJ12bot/v1.4.8; http://mj12bot.com/)"
2001:41d0:303:6faf::1 - - [13/May/2025:08:56:22 -0400] "GET /wp-includes-20250512132804/registration.php HTTP/1.1" 500 - "-" "Mozilla/5.0 (compatible; MJ12bot/v1.4.8; http://mj12bot.com/)"
2001:41d0:303:6faf::1 - - [13/May/2025:08:56:26 -0400] "GET /wp-includes-20250512132804/rest-api/ HTTP/1.1" 200 491 "-" "Mozilla/5.0 (compatible; MJ12bot/v1.4.8; http://mj12bot.com/)"
2001:41d0:303:6faf::1 - - [13/May/2025:08:56:30 -0400] "GET /wp-includes-20250512132804/rest-api.php HTTP/1.1" 200 - "-" "Mozilla/5.0 (compatible; MJ12bot/v1.4.8; http://mj12bot.com/)"
2001:41d0:303:6faf::1 - - [13/May/2025:08:56:32 -0400] "GET /wp-includes-20250512132804/revision.php HTTP/1.1" 200 - "-" "Mozilla/5.0 (compatible; MJ12bot/v1.4.8; http://mj12bot.com/)"
2001:41d0:303:6faf::1 - - [13/May/2025:08:56:35 -0400] "GET /wp-includes-20250512132804/rewrite.php HTTP/1.1" 200 - "-" "Mozilla/5.0 (compatible; MJ12bot/v1.4.8; http://mj12bot.com/)"
2001:41d0:303:6faf::1 - - [13/May/2025:08:56:38 -0400] "GET /wp-includes-20250512132804/robots-template.php HTTP/1.1" 200 - "-" "Mozilla/5.0 (compatible; MJ12bot/v1.4.8; http://mj12bot.com/)"
66.249.77.97 - - [13/May/2025:08:56:39 -0400] "GET /sodium_compat/src/Core/Curve25519/Ge/P1p1.php HTTP/1.1" 200 - "-" "Mozilla/5.0 (Linux; Android 6.0.1; Nexus 5X Build/MMB29P) AppleWebKit/537.36 (KHTML, like Gecko) Chrome/136.0.7103.59 Mobile Safari/537.36 (compatible; GoogleOther)"
2001:41d0:303:6faf::1 - - [13/May/2025:08:56:40 -0400] "GET /wp-includes-20250512132804/rss-functions.php HTTP/1.1" 200 - "-" "Mozilla/5.0 (compatible; MJ12bot/v1.4.8; http://mj12bot.com/)"
2001:41d0:303:6faf::1 - - [13/May/2025:08:56:42 -0400] "GET /wp-includes-20250512132804/rss.php HTTP/1.1" 500 - "-" "Mozilla/5.0 (compatible; MJ12bot/v1.4.8; http://mj12bot.com/)"
2001:41d0:303:6faf::1 - - [13/May/2025:08:56:45 -0400] "GET /wp-includes-20250512132804/script-loader.php HTTP/1.1" 500 - "-" "Mozilla/5.0 (compatible; MJ12bot/v1.4.8; http://mj12bot.com/)"
51.222.253.17 - - [13/May/2025:08:56:46 -0400] "GET /goods.php?shopdetail/211823559 HTTP/1.1" 404 - "-" "Mozilla/5.0 (compatible; AhrefsBot/7.0; +http://ahrefs.com/robot/)"
2001:41d0:303:6faf::1 - - [13/May/2025:08:56:47 -0400] "GET /wp-includes-20250512132804/script-modules.php HTTP/1.1" 200 - "-" "Mozilla/5.0 (compatible; MJ12bot/v1.4.8; http://mj12bot.com/)"
2001:41d0:303:6faf::1 - - [13/May/2025:08:56:50 -0400] "GET /wp-includes-20250512132804/session.php HTTP/1.1" 500 - "-" "Mozilla/5.0 (compatible; MJ12bot/v1.4.8; http://mj12bot.com/)"
2001:41d0:303:6faf::1 - - [13/May/2025:08:56:53 -0400] "GET /wp-includes-20250512132804/shortcodes.php HTTP/1.1" 200 - "-" "Mozilla/5.0 (compatible; MJ12bot/v1.4.8; http://mj12bot.com/)"
2001:41d0:303:6faf::1 - - [13/May/2025:08:56:56 -0400] "GET /wp-includes-20250512132804/sitemaps/ HTTP/1.1" 200 522 "-" "Mozilla/5.0 (compatible; MJ12bot/v1.4.8; http://mj12bot.com/)"
2001:41d0:303:6faf::1 - - [13/May/2025:08:56:59 -0400] "GET /wp-includes-20250512132804/sitemaps.php HTTP/1.1" 200 - "-" "Mozilla/5.0 (compatible; MJ12bot/v1.4.8; http://mj12bot.com/)"
2001:41d0:303:6faf::1 - - [13/May/2025:08:57:02 -0400] "GET /wp-includes-20250512132804/sodium_compat/ HTTP/1.1" 200 525 "-" "Mozilla/5.0 (compatible; MJ12bot/v1.4.8; http://mj12bot.com/)"
2001:41d0:303:6faf::1 - - [13/May/2025:08:57:06 -0400] "GET /wp-includes-20250512132804/speculative-loading.php HTTP/1.1" 200 - "-" "Mozilla/5.0 (compatible; MJ12bot/v1.4.8; http://mj12bot.com/)"
2001:41d0:303:6faf::1 - - [13/May/2025:08:57:08 -0400] "GET /wp-includes-20250512132804/spl-autoload-compat.php HTTP/1.1" 500 - "-" "Mozilla/5.0 (compatible; MJ12bot/v1.4.8; http://mj12bot.com/)"
2001:41d0:303:6faf::1 - - [13/May/2025:08:57:11 -0400] "GET /wp-includes-20250512132804/style-engine/ HTTP/1.1" 200 463 "-" "Mozilla/5.0 (compatible; MJ12bot/v1.4.8; http://mj12bot.com/)"
2001:41d0:303:6faf::1 - - [13/May/2025:08:57:14 -0400] "GET /wp-includes-20250512132804/style-engine.php HTTP/1.1" 200 - "-" "Mozilla/5.0 (compatible; MJ12bot/v1.4.8; http://mj12bot.com/)"
2001:41d0:303:6faf::1 - - [13/May/2025:08:57:17 -0400] "GET /wp-includes-20250512132804/taxonomy.php HTTP/1.1" 200 - "-" "Mozilla/5.0 (compatible; MJ12bot/v1.4.8; http://mj12bot.com/)"
2001:41d0:303:6faf::1 - - [13/May/2025:08:57:20 -0400] "GET /wp-includes-20250512132804/template-canvas.php HTTP/1.1" 500 - "-" "Mozilla/5.0 (compatible; MJ12bot/v1.4.8; http://mj12bot.com/)"
2001:41d0:303:6faf::1 - - [13/May/2025:08:57:22 -0400] "GET /wp-includes-20250512132804/template-loader.php HTTP/1.1" 500 - "-" "Mozilla/5.0 (compatible; MJ12bot/v1.4.8; http://mj12bot.com/)"
2001:41d0:303:6faf::1 - - [13/May/2025:08:57:24 -0400] "GET /wp-includes-20250512132804/template.php HTTP/1.1" 200 - "-" "Mozilla/5.0 (compatible; MJ12bot/v1.4.8; http://mj12bot.com/)"
2001:41d0:303:6faf::1 - - [13/May/2025:08:57:26 -0400] "GET /wp-includes-20250512132804/theme-compat/ HTTP/1.1" 200 560 "-" "Mozilla/5.0 (compatible; MJ12bot/v1.4.8; http://mj12bot.com/)"
2001:41d0:303:6faf::1 - - [13/May/2025:08:57:28 -0400] "GET /wp-includes-20250512132804/theme-i18n.json HTTP/1.1" 200 393 "-" "Mozilla/5.0 (compatible; MJ12bot/v1.4.8; http://mj12bot.com/)"
2001:41d0:303:6faf::1 - - [13/May/2025:08:57:31 -0400] "GET /wp-includes-20250512132804/theme-previews.php HTTP/1.1" 200 - "-" "Mozilla/5.0 (compatible; MJ12bot/v1.4.8; http://mj12bot.com/)"
2001:41d0:303:6faf::1 - - [13/May/2025:08:57:34 -0400] "GET /wp-includes-20250512132804/theme-templates.php HTTP/1.1" 200 - "-" "Mozilla/5.0 (compatible; MJ12bot/v1.4.8; http://mj12bot.com/)"
2001:41d0:303:6faf::1 - - [13/May/2025:08:57:37 -0400] "GET /wp-includes-20250512132804/theme.json HTTP/1.1" 200 2217 "-" "Mozilla/5.0 (compatible; MJ12bot/v1.4.8; http://mj12bot.com/)"
2001:41d0:303:6faf::1 - - [13/May/2025:08:57:39 -0400] "GET /wp-includes-20250512132804/theme.php HTTP/1.1" 200 - "-" "Mozilla/5.0 (compatible; MJ12bot/v1.4.8; http://mj12bot.com/)"
2001:41d0:303:6faf::1 - - [13/May/2025:08:57:42 -0400] "GET /wp-includes-20250512132804/update.php HTTP/1.1" 200 22 "-" "Mozilla/5.0 (compatible; MJ12bot/v1.4.8; http://mj12bot.com/)"
2001:41d0:303:6faf::1 - - [13/May/2025:08:57:44 -0400] "GET /wp-includes-20250512132804/user.php HTTP/1.1" 200 - "-" "Mozilla/5.0 (compatible; MJ12bot/v1.4.8; http://mj12bot.com/)"
2001:41d0:303:1eb3::1 - - [13/May/2025:08:57:45 -0400] "GET /license.txt HTTP/1.1" 404 - "-" "Mozilla/5.0 (compatible; MJ12bot/v1.4.8; http://mj12bot.com/)"
2001:41d0:303:6faf::1 - - [13/May/2025:08:57:47 -0400] "GET /wp-includes-20250512132804/vars.php HTTP/1.1" 200 22 "-" "Mozilla/5.0 (compatible; MJ12bot/v1.4.8; http://mj12bot.com/)"
2001:41d0:303:6faf::1 - - [13/May/2025:08:57:49 -0400] "GET /wp-includes-20250512132804/version.php HTTP/1.1" 200 - "-" "Mozilla/5.0 (compatible; MJ12bot/v1.4.8; http://mj12bot.com/)"
2001:41d0:303:6faf::1 - - [13/May/2025:08:57:51 -0400] "GET /wp-includes-20250512132804/widgets/ HTTP/1.1" 200 702 "-" "Mozilla/5.0 (compatible; MJ12bot/v1.4.8; http://mj12bot.com/)"
2001:41d0:303:6faf::1 - - [13/May/2025:08:57:54 -0400] "GET /wp-includes-20250512132804/widgets.php HTTP/1.1" 200 - "-" "Mozilla/5.0 (compatible; MJ12bot/v1.4.8; http://mj12bot.com/)"
2001:41d0:303:6faf::1 - - [13/May/2025:08:57:56 -0400] "GET /wp-includes-20250512132804/wp-config-sample.php HTTP/1.1" 500 - "-" "Mozilla/5.0 (compatible; MJ12bot/v1.4.8; http://mj12bot.com/)"
2001:41d0:303:6faf::1 - - [13/May/2025:08:57:59 -0400] "GET /wp-includes-20250512132804/wp-db.php HTTP/1.1" 200 - "-" "Mozilla/5.0 (compatible; MJ12bot/v1.4.8; http://mj12bot.com/)"
2001:41d0:303:6faf::1 - - [13/May/2025:08:58:01 -0400] "GET /wp-includes-20250512132804/wp-diff.php HTTP/1.1" 200 22 "-" "Mozilla/5.0 (compatible; MJ12bot/v1.4.8; http://mj12bot.com/)"
198.54.114.29 - - [13/May/2025:08:58:02 -0400] "POST /wp-login.php HTTP/1.1" 500 - "https://sanghavirealty.in" "Mozilla/5.0 (Macintosh; Intel Mac OS X 13_3) AppleWebKit/537.36 (KHTML, like Gecko) Chrome/126.0.0.0 Safari/537.36 Edg/126.0.0.0"
51.222.253.12 - - [13/May/2025:08:58:02 -0400] "GET /goods.php?shopdetail/212170059 HTTP/1.1" 404 - "-" "Mozilla/5.0 (compatible; AhrefsBot/7.0; +http://ahrefs.com/robot/)"
2001:41d0:303:6faf::1 - - [13/May/2025:08:58:04 -0400] "GET /wp-includes-20250512215901/?C=D;O=A HTTP/1.1" 200 394 "-" "Mozilla/5.0 (compatible; MJ12bot/v1.4.8; http://mj12bot.com/)"
2001:41d0:303:6faf::1 - - [13/May/2025:08:58:07 -0400] "GET /wp-includes-20250512215901/?C=M;O=A HTTP/1.1" 200 395 "-" "Mozilla/5.0 (compatible; MJ12bot/v1.4.8; http://mj12bot.com/)"
2001:41d0:303:6faf::1 - - [13/May/2025:08:58:10 -0400] "GET /wp-includes-20250512215901/?C=N;O=D HTTP/1.1" 200 393 "-" "Mozilla/5.0 (compatible; MJ12bot/v1.4.8; http://mj12bot.com/)"
2001:41d0:303:6faf::1 - - [13/May/2025:08:58:14 -0400] "GET /wp-includes-20250512215901/?C=S;O=A HTTP/1.1" 200 395 "-" "Mozilla/5.0 (compatible; MJ12bot/v1.4.8; http://mj12bot.com/)"
2001:41d0:303:6faf::1 - - [13/May/2025:08:58:16 -0400] "GET /wp-includes-20250512215901/cgi-bin/ HTTP/1.1" 200 365 "-" "Mozilla/5.0 (compatible; MJ12bot/v1.4.8; http://mj12bot.com/)"
2001:41d0:303:6faf::1 - - [13/May/2025:08:58:19 -0400] "GET /wp-includes-20250512215901/wp-admin/ HTTP/1.1" 200 - "-" "Mozilla/5.0 (compatible; MJ12bot/v1.4.8; http://mj12bot.com/)"
2001:41d0:303:6faf::1 - - [13/May/2025:08:58:22 -0400] "GET /wp-includes-20250512215901/wp-mail.php HTTP/1.1" 200 - "-" "Mozilla/5.0 (compatible; MJ12bot/v1.4.8; http://mj12bot.com/)"
2001:41d0:303:6faf::1 - - [13/May/2025:08:58:24 -0400] "GET /wp-includes/?C=D;O=A HTTP/1.1" 200 425 "-" "Mozilla/5.0 (compatible; MJ12bot/v1.4.8; http://mj12bot.com/)"
2001:41d0:303:6faf::1 - - [13/May/2025:08:58:27 -0400] "GET /wp-includes/?C=M;O=A HTTP/1.1" 200 425 "-" "Mozilla/5.0 (compatible; MJ12bot/v1.4.8; http://mj12bot.com/)"
2001:41d0:303:6faf::1 - - [13/May/2025:08:58:30 -0400] "GET /wp-includes/?C=N;O=D HTTP/1.1" 200 426 "-" "Mozilla/5.0 (compatible; MJ12bot/v1.4.8; http://mj12bot.com/)"
2001:41d0:303:6faf::1 - - [13/May/2025:08:58:34 -0400] "GET /wp-includes/?C=S;O=A HTTP/1.1" 200 425 "-" "Mozilla/5.0 (compatible; MJ12bot/v1.4.8; http://mj12bot.com/)"
2001:41d0:303:6faf::1 - - [13/May/2025:08:58:39 -0400] "GET /wp-includes/cgi-bin/ HTTP/1.1" 200 352 "-" "Mozilla/5.0 (compatible; MJ12bot/v1.4.8; http://mj12bot.com/)"
2001:41d0:303:6faf::1 - - [13/May/2025:08:58:42 -0400] "GET /wp-includes/fonts/ HTTP/1.1" 200 350 "-" "Mozilla/5.0 (compatible; MJ12bot/v1.4.8; http://mj12bot.com/)"
2001:41d0:303:6faf::1 - - [13/May/2025:08:58:45 -0400] "GET /wp-includes/wp-admin/ HTTP/1.1" 500 - "-" "Mozilla/5.0 (compatible; MJ12bot/v1.4.8; http://mj12bot.com/)"
2001:41d0:303:6faf::1 - - [13/May/2025:08:58:47 -0400] "GET /wp-includes/wp-mail.php HTTP/1.1" 500 - "-" "Mozilla/5.0 (compatible; MJ12bot/v1.4.8; http://mj12bot.com/)"
66.249.77.98 - - [13/May/2025:08:58:58 -0400] "GET /sodium_compat/src/Core/AES/ HTTP/1.1" 200 411 "-" "Mozilla/5.0 (Linux; Android 6.0.1; Nexus 5X Build/MMB29P) AppleWebKit/537.36 (KHTML, like Gecko) Chrome/136.0.7103.59 Mobile Safari/537.36 (compatible; GoogleOther)"
51.222.253.15 - - [13/May/2025:08:59:20 -0400] "GET /goods.php?shopdetail/212220859 HTTP/1.1" 404 - "-" "Mozilla/5.0 (compatible; AhrefsBot/7.0; +http://ahrefs.com/robot/)"
51.222.253.17 - - [13/May/2025:09:00:32 -0400] "GET /goods.php?shopdetail/212731359 HTTP/1.1" 404 - "-" "Mozilla/5.0 (compatible; AhrefsBot/7.0; +http://ahrefs.com/robot/)"
2001:4860:7:805::e0 - - [13/May/2025:09:00:44 -0400] "GET /projects/centroid/ HTTP/1.1" 404 - "https://www.google.com/" "Mozilla/5.0 (Windows NT 10.0; Win64; x64) AppleWebKit/537.36 (KHTML, like Gecko) Chrome/136.0.0.0 Safari/537.36"
2001:4860:7:805::43 - - [13/May/2025:09:00:55 -0400] "GET /projects/centroid/ HTTP/1.1" 404 - "https://www.google.com/" "Mozilla/5.0 (Windows NT 10.0; Win64; x64) AppleWebKit/537.36 (KHTML, like Gecko) Chrome/136.0.0.0 Safari/537.36"
66.249.77.98 - - [13/May/2025:09:01:16 -0400] "GET /sodium_compat/src/Core/Curve25519/Ge/Precomp.php HTTP/1.1" 200 - "-" "Mozilla/5.0 (Linux; Android 6.0.1; Nexus 5X Build/MMB29P) AppleWebKit/537.36 (KHTML, like Gecko) Chrome/136.0.7103.59 Mobile Safari/537.36 (compatible; GoogleOther)"
51.222.253.3 - - [13/May/2025:09:01:35 -0400] "GET /goods.php?shopdetail/213817059 HTTP/1.1" 404 - "-" "Mozilla/5.0 (compatible; AhrefsBot/7.0; +http://ahrefs.com/robot/)"
172.200.183.139 - - [13/May/2025:09:02:33 -0400] "GET / HTTP/1.1" 200 1391 "-" "Python/3.9 aiohttp/3.10.6"
51.222.253.8 - - [13/May/2025:09:02:39 -0400] "GET /goods.php?shopdetail/213900359 HTTP/1.1" 404 - "-" "Mozilla/5.0 (compatible; AhrefsBot/7.0; +http://ahrefs.com/robot/)"
66.249.77.98 - - [13/May/2025:09:03:12 -0400] "GET /wp-content/uploads/2024/12/Manor-Ananda-For-Website.png HTTP/1.1" 200 1653477 "-" "Googlebot-Image/1.0"
66.249.77.98 - - [13/May/2025:09:03:34 -0400] "GET /sodium_compat/src/Core/AEGIS256.php HTTP/1.1" 500 - "-" "Mozilla/5.0 (Linux; Android 6.0.1; Nexus 5X Build/MMB29P) AppleWebKit/537.36 (KHTML, like Gecko) Chrome/136.0.7103.59 Mobile Safari/537.36 (compatible; GoogleOther)"
51.222.253.9 - - [13/May/2025:09:03:39 -0400] "GET /goods.php?shopdetail/214478259 HTTP/1.1" 404 - "-" "Mozilla/5.0 (compatible; AhrefsBot/7.0; +http://ahrefs.com/robot/)"
185.145.245.84 - - [13/May/2025:09:04:07 -0400] "POST /wp-login.php HTTP/1.1" 500 - "https://sanghavirealty.in" "Mozilla/5.0 (Windows NT 10.0; Win64; x64) AppleWebKit/537.36 (KHTML, like Gecko) Chrome/113.0.5672.93 Safari/537.36"
66.249.77.99 - - [13/May/2025:09:04:43 -0400] "GET /manager.php?p=wp-content&view=index.html_ HTTP/1.1" 404 - "-" "Mozilla/5.0 (Linux; Android 6.0.1; Nexus 5X Build/MMB29P) AppleWebKit/537.36 (KHTML, like Gecko) Chrome/136.0.7103.59 Mobile Safari/537.36 (compatible; GoogleOther)"
139.162.121.226 - - [13/May/2025:09:04:53 -0400] "GET / HTTP/1.1" 200 1391 "-" "Better Uptime Bot Mozilla/5.0 (Windows NT 10.0; Win64; x64) AppleWebKit/537.36 (KHTML, like Gecko) Chrome/74.0.3729.169 Safari/537.36"
51.222.253.12 - - [13/May/2025:09:05:01 -0400] "GET /goods.php?shopdetail/214828559 HTTP/1.1" 404 - "-" "Mozilla/5.0 (compatible; AhrefsBot/7.0; +http://ahrefs.com/robot/)"
66.249.77.98 - - [13/May/2025:09:05:53 -0400] "GET /src/Core32/Curve25519/Ge/P3.php HTTP/1.1" 200 - "-" "Mozilla/5.0 (Linux; Android 6.0.1; Nexus 5X Build/MMB29P) AppleWebKit/537.36 (KHTML, like Gecko) Chrome/136.0.7103.59 Mobile Safari/537.36 (compatible; GoogleOther)"
51.222.253.2 - - [13/May/2025:09:06:14 -0400] "GET /goods.php?shopdetail/214949359 HTTP/1.1" 404 - "-" "Mozilla/5.0 (compatible; AhrefsBot/7.0; +http://ahrefs.com/robot/)"
51.222.253.17 - - [13/May/2025:09:07:20 -0400] "GET /goods.php?shopdetail/215423059 HTTP/1.1" 404 - "-" "Mozilla/5.0 (compatible; AhrefsBot/7.0; +http://ahrefs.com/robot/)"
66.249.77.99 - - [13/May/2025:09:08:11 -0400] "GET /src/Core32/Curve25519/Ge/P1p1.php HTTP/1.1" 200 - "-" "Mozilla/5.0 (Linux; Android 6.0.1; Nexus 5X Build/MMB29P) AppleWebKit/537.36 (KHTML, like Gecko) Chrome/136.0.7103.59 Mobile Safari/537.36 (compatible; GoogleOther)"
51.222.253.2 - - [13/May/2025:09:08:36 -0400] "GET /goods.php?shopdetail/216446659 HTTP/1.1" 404 - "-" "Mozilla/5.0 (compatible; AhrefsBot/7.0; +http://ahrefs.com/robot/)"
51.222.253.17 - - [13/May/2025:09:09:32 -0400] "GET /goods.php?shopdetail/216930159 HTTP/1.1" 404 - "-" "Mozilla/5.0 (compatible; AhrefsBot/7.0; +http://ahrefs.com/robot/)"
51.38.119.44 - - [13/May/2025:09:10:09 -0400] "POST /wp-login.php HTTP/1.1" 500 - "https://sanghavirealty.in" "Mozilla/5.0 (Windows NT 10.0; Win64; x64) AppleWebKit/537.36 (KHTML, like Gecko) Chrome/126.0.0.0 Safari/537.36"
66.249.77.98 - - [13/May/2025:09:10:30 -0400] "GET /src/Core32/Curve25519/Ge/Precomp.php HTTP/1.1" 200 - "-" "Mozilla/5.0 (Linux; Android 6.0.1; Nexus 5X Build/MMB29P) AppleWebKit/537.36 (KHTML, like Gecko) Chrome/136.0.7103.59 Mobile Safari/537.36 (compatible; GoogleOther)"
51.222.253.9 - - [13/May/2025:09:10:34 -0400] "GET /goods.php?shopdetail/217655859 HTTP/1.1" 404 - "-" "Mozilla/5.0 (compatible; AhrefsBot/7.0; +http://ahrefs.com/robot/)"
64.233.173.102 - - [13/May/2025:09:10:40 -0400] "GET /.well-known/traffic-advice HTTP/1.1" 404 - "-" "Chrome Privacy Preserving Prefetch Proxy"
2001:4860:7:405::e - - [13/May/2025:09:10:40 -0400] "GET /about-us/ HTTP/1.1" 404 - "https://www.google.com/" "Mozilla/5.0 (Macintosh; Intel Mac OS X 10_15_7) AppleWebKit/537.36 (KHTML, like Gecko) Chrome/136.0.0.0 Safari/537.36"
51.222.253.12 - - [13/May/2025:09:11:41 -0400] "GET /goods.php?shopdetail/218079459 HTTP/1.1" 404 - "-" "Mozilla/5.0 (compatible; AhrefsBot/7.0; +http://ahrefs.com/robot/)"
51.222.253.1 - - [13/May/2025:09:12:39 -0400] "GET /goods.php?shopdetail/218521659 HTTP/1.1" 404 - "-" "Mozilla/5.0 (compatible; AhrefsBot/7.0; +http://ahrefs.com/robot/)"
66.249.77.97 - - [13/May/2025:09:12:48 -0400] "GET /sodium_compat/src/Core32/Curve25519/Ge/P3.php HTTP/1.1" 200 - "-" "Mozilla/5.0 (Linux; Android 6.0.1; Nexus 5X Build/MMB29P) AppleWebKit/537.36 (KHTML, like Gecko) Chrome/136.0.7103.59 Mobile Safari/537.36 (compatible; GoogleOther)"
45.61.185.68 - - [13/May/2025:09:13:23 -0400] "GET /wp-login.php HTTP/1.1" 500 - "-" "Mozilla/5.0 (Macintosh; Intel Mac OS X 10.8; rv:30.0) Gecko/20100101 Firefox/30.0"
2a03:2880:f800:1d:: - - [13/May/2025:09:13:26 -0400] "GET /wp-json/wp/v2/posts/1465 HTTP/1.1" 404 - "-" "meta-externalagent/1.1 (+https://developers.facebook.com/docs/sharing/webmasters/crawler)"
51.222.253.18 - - [13/May/2025:09:13:52 -0400] "GET /goods.php?shopdetail/219405159 HTTP/1.1" 404 - "-" "Mozilla/5.0 (compatible; AhrefsBot/7.0; +http://ahrefs.com/robot/)"
2a03:2880:f800:3:: - - [13/May/2025:09:14:33 -0400] "GET /wp-json/oembed/1.0/embed?url=https%3A%2F%2Fsanghavirealty.in%2Fmostbet-registration%2F HTTP/1.1" 404 - "-" "meta-externalagent/1.1 (+https://developers.facebook.com/docs/sharing/webmasters/crawler)"
51.222.253.6 - - [13/May/2025:09:15:03 -0400] "GET /goods.php?shopdetail/219418059 HTTP/1.1" 404 - "-" "Mozilla/5.0 (compatible; AhrefsBot/7.0; +http://ahrefs.com/robot/)"
66.249.77.98 - - [13/May/2025:09:15:07 -0400] "GET /sodium_compat/src/Core32/Curve25519/Ge/P2.php HTTP/1.1" 200 - "-" "Mozilla/5.0 (Linux; Android 6.0.1; Nexus 5X Build/MMB29P) AppleWebKit/537.36 (KHTML, like Gecko) Chrome/136.0.7103.59 Mobile Safari/537.36 (compatible; GoogleOther)"
198.54.114.126 - - [13/May/2025:09:16:11 -0400] "POST /wp-login.php HTTP/1.1" 500 - "https://sanghavirealty.in" "Mozilla/5.0 (Windows NT 10.0; Win64; x64) AppleWebKit/537.36 (KHTML, like Gecko) Chrome/112.0.5615.138 Safari/537.36 Edg/112.0.1722.68"
51.222.253.4 - - [13/May/2025:09:16:31 -0400] "GET /goods.php?shopdetail/220009859 HTTP/1.1" 404 - "-" "Mozilla/5.0 (compatible; AhrefsBot/7.0; +http://ahrefs.com/robot/)"
66.249.77.97 - - [13/May/2025:09:17:25 -0400] "GET /sodium_compat/src/Core/AES/Expanded.php HTTP/1.1" 500 - "-" "Mozilla/5.0 (Linux; Android 6.0.1; Nexus 5X Build/MMB29P) AppleWebKit/537.36 (KHTML, like Gecko) Chrome/136.0.7103.59 Mobile Safari/537.36 (compatible; GoogleOther)"
51.222.253.9 - - [13/May/2025:09:17:50 -0400] "GET /goods.php?shopdetail/220198759 HTTP/1.1" 404 - "-" "Mozilla/5.0 (compatible; AhrefsBot/7.0; +http://ahrefs.com/robot/)"
51.222.253.8 - - [13/May/2025:09:19:06 -0400] "GET /goods.php?shopdetail/220220259 HTTP/1.1" 404 - "-" "Mozilla/5.0 (compatible; AhrefsBot/7.0; +http://ahrefs.com/robot/)"
51.222.253.6 - - [13/May/2025:09:20:21 -0400] "GET /goods.php?shopdetail/220298859 HTTP/1.1" 404 - "-" "Mozilla/5.0 (compatible; AhrefsBot/7.0; +http://ahrefs.com/robot/)"
