165.227.209.160 - - [13/May/2025:13:34:29 -0400] "GET /wp-content/themes/twentytwentytwo/post.php HTTP/1.1" 404 - "-" "Mozilla/5.0 (Linux; Android 7.0; SM-G892A Build/NRD90M; wv) AppleWebKit/537.36 (KHTML, like Gecko) Version/4.0 Chrome/60.0.3112.107 Mobile Safari/537.36"
165.227.209.160 - - [13/May/2025:13:34:29 -0400] "GET /wp-content/themes/twentytwentytwo/query.php HTTP/1.1" 404 - "-" "Mozilla/5.0 (Linux; Android 7.0; SM-G892A Build/NRD90M; wv) AppleWebKit/537.36 (KHTML, like Gecko) Version/4.0 Chrome/60.0.3112.107 Mobile Safari/537.36"
165.227.209.160 - - [13/May/2025:13:34:29 -0400] "GET /wp-content/themes/twentytwentytwo/option.php HTTP/1.1" 404 - "-" "Mozilla/5.0 (Linux; Android 7.0; SM-G892A Build/NRD90M; wv) AppleWebKit/537.36 (KHTML, like Gecko) Version/4.0 Chrome/60.0.3112.107 Mobile Safari/537.36"
114.10.47.20 - - [13/May/2025:13:34:29 -0400] "GET /ioxi2.php HTTP/1.1" 404 - "www.google.com" "Mozlila/5.0 (Linux; Android 7.0; SM-G892A Build/NRD90M; wv) AppleWebKit/537.36 (KHTML, like Gecko) Version/4.0 Chrome/60.0.3112.107 Mobile Safari/537.36"
165.227.209.160 - - [13/May/2025:13:34:29 -0400] "GET /wp-content/themes/twentytwentytwo/options.php HTTP/1.1" 404 - "-" "Mozilla/5.0 (Linux; Android 7.0; SM-G892A Build/NRD90M; wv) AppleWebKit/537.36 (KHTML, like Gecko) Version/4.0 Chrome/60.0.3112.107 Mobile Safari/537.36"
165.227.209.160 - - [13/May/2025:13:34:29 -0400] "GET /wp-content/themes/twentytwentytwo/meta.php HTTP/1.1" 404 - "-" "Mozilla/5.0 (Linux; Android 7.0; SM-G892A Build/NRD90M; wv) AppleWebKit/537.36 (KHTML, like Gecko) Version/4.0 Chrome/60.0.3112.107 Mobile Safari/537.36"
165.227.209.160 - - [13/May/2025:13:34:30 -0400] "GET /wp-content/themes/twentytwentytwo/load.php HTTP/1.1" 404 - "-" "Mozilla/5.0 (Linux; Android 7.0; SM-G892A Build/NRD90M; wv) AppleWebKit/537.36 (KHTML, like Gecko) Version/4.0 Chrome/60.0.3112.107 Mobile Safari/537.36"
165.227.209.160 - - [13/May/2025:13:34:30 -0400] "GET /wp-content/themes/twentytwentytwo/defend.php HTTP/1.1" 404 - "-" "Mozilla/5.0 (Linux; Android 7.0; SM-G892A Build/NRD90M; wv) AppleWebKit/537.36 (KHTML, like Gecko) Version/4.0 Chrome/60.0.3112.107 Mobile Safari/537.36"
114.10.47.20 - - [13/May/2025:13:34:30 -0400] "GET /wp-content/themes/about.php HTTP/1.1" 404 - "www.google.com" "Mozlila/5.0 (Linux; Android 7.0; SM-G892A Build/NRD90M; wv) AppleWebKit/537.36 (KHTML, like Gecko) Version/4.0 Chrome/60.0.3112.107 Mobile Safari/537.36"
165.227.209.160 - - [13/May/2025:13:34:30 -0400] "GET /wp-content/themes/twentytwentytwo/defense.php HTTP/1.1" 404 - "-" "Mozilla/5.0 (Linux; Android 7.0; SM-G892A Build/NRD90M; wv) AppleWebKit/537.36 (KHTML, like Gecko) Version/4.0 Chrome/60.0.3112.107 Mobile Safari/537.36"
165.227.209.160 - - [13/May/2025:13:34:30 -0400] "GET /wp-content/themes/twentytwentytwo/feed.php HTTP/1.1" 404 - "-" "Mozilla/5.0 (Linux; Android 7.0; SM-G892A Build/NRD90M; wv) AppleWebKit/537.36 (KHTML, like Gecko) Version/4.0 Chrome/60.0.3112.107 Mobile Safari/537.36"
165.227.209.160 - - [13/May/2025:13:34:30 -0400] "GET /wp-content/themes/twentytwentytwo/feed-atom.php HTTP/1.1" 404 - "-" "Mozilla/5.0 (Linux; Android 7.0; SM-G892A Build/NRD90M; wv) AppleWebKit/537.36 (KHTML, like Gecko) Version/4.0 Chrome/60.0.3112.107 Mobile Safari/537.36"
114.10.47.20 - - [13/May/2025:13:34:31 -0400] "GET /wp-content/themes/about.php HTTP/1.1" 404 - "www.google.com" "Mozlila/5.0 (Linux; Android 7.0; SM-G892A Build/NRD90M; wv) AppleWebKit/537.36 (KHTML, like Gecko) Version/4.0 Chrome/60.0.3112.107 Mobile Safari/537.36"
165.227.209.160 - - [13/May/2025:13:34:31 -0400] "GET /wp-content/themes/twentytwentytwo/deprecated.php HTTP/1.1" 404 - "-" "Mozilla/5.0 (Linux; Android 7.0; SM-G892A Build/NRD90M; wv) AppleWebKit/537.36 (KHTML, like Gecko) Version/4.0 Chrome/60.0.3112.107 Mobile Safari/537.36"
165.227.209.160 - - [13/May/2025:13:34:31 -0400] "GET /wp-content/themes/twentytwentytwo/date.php HTTP/1.1" 404 - "-" "Mozilla/5.0 (Linux; Android 7.0; SM-G892A Build/NRD90M; wv) AppleWebKit/537.36 (KHTML, like Gecko) Version/4.0 Chrome/60.0.3112.107 Mobile Safari/537.36"
165.227.209.160 - - [13/May/2025:13:34:31 -0400] "GET /wp-content/themes/twentytwentytwo/class-wp.php HTTP/1.1" 404 - "-" "Mozilla/5.0 (Linux; Android 7.0; SM-G892A Build/NRD90M; wv) AppleWebKit/537.36 (KHTML, like Gecko) Version/4.0 Chrome/60.0.3112.107 Mobile Safari/537.36"
165.227.209.160 - - [13/May/2025:13:34:31 -0400] "GET /wp-content/themes/twentytwentytwo/class-IXR.php HTTP/1.1" 404 - "-" "Mozilla/5.0 (Linux; Android 7.0; SM-G892A Build/NRD90M; wv) AppleWebKit/537.36 (KHTML, like Gecko) Version/4.0 Chrome/60.0.3112.107 Mobile Safari/537.36"
114.10.47.20 - - [13/May/2025:13:34:31 -0400] "GET /4pric.php HTTP/1.1" 404 - "www.google.com" "Mozlila/5.0 (Linux; Android 7.0; SM-G892A Build/NRD90M; wv) AppleWebKit/537.36 (KHTML, like Gecko) Version/4.0 Chrome/60.0.3112.107 Mobile Safari/537.36"
165.227.209.160 - - [13/May/2025:13:34:32 -0400] "GET /wp-content/themes/twentytwentytwo/atomlib.php HTTP/1.1" 404 - "-" "Mozilla/5.0 (Linux; Android 7.0; SM-G892A Build/NRD90M; wv) AppleWebKit/537.36 (KHTML, like Gecko) Version/4.0 Chrome/60.0.3112.107 Mobile Safari/537.36"
165.227.209.160 - - [13/May/2025:13:34:32 -0400] "GET /wp-content/themes/twentytwentytwo/screen.php HTTP/1.1" 404 - "-" "Mozilla/5.0 (Linux; Android 7.0; SM-G892A Build/NRD90M; wv) AppleWebKit/537.36 (KHTML, like Gecko) Version/4.0 Chrome/60.0.3112.107 Mobile Safari/537.36"
165.227.209.160 - - [13/May/2025:13:34:32 -0400] "GET /wp-content/themes/twentytwentytwo/revision.php HTTP/1.1" 404 - "-" "Mozilla/5.0 (Linux; Android 7.0; SM-G892A Build/NRD90M; wv) AppleWebKit/537.36 (KHTML, like Gecko) Version/4.0 Chrome/60.0.3112.107 Mobile Safari/537.36"
114.10.47.20 - - [13/May/2025:13:34:32 -0400] "GET /4pric.php HTTP/1.1" 404 - "www.google.com" "Mozlila/5.0 (Linux; Android 7.0; SM-G892A Build/NRD90M; wv) AppleWebKit/537.36 (KHTML, like Gecko) Version/4.0 Chrome/60.0.3112.107 Mobile Safari/537.36"
165.227.209.160 - - [13/May/2025:13:34:32 -0400] "GET /wp-content/themes/twentytwentytwo/plugin.php HTTP/1.1" 404 - "-" "Mozilla/5.0 (Linux; Android 7.0; SM-G892A Build/NRD90M; wv) AppleWebKit/537.36 (KHTML, like Gecko) Version/4.0 Chrome/60.0.3112.107 Mobile Safari/537.36"
165.227.209.160 - - [13/May/2025:13:34:32 -0400] "GET /wp-content/themes/twentytwentytwo/misc.php HTTP/1.1" 404 - "-" "Mozilla/5.0 (Linux; Android 7.0; SM-G892A Build/NRD90M; wv) AppleWebKit/537.36 (KHTML, like Gecko) Version/4.0 Chrome/60.0.3112.107 Mobile Safari/537.36"
165.227.209.160 - - [13/May/2025:13:34:33 -0400] "GET /wp-content/themes/twentytwentytwo/dashboard.php HTTP/1.1" 404 - "-" "Mozilla/5.0 (Linux; Android 7.0; SM-G892A Build/NRD90M; wv) AppleWebKit/537.36 (KHTML, like Gecko) Version/4.0 Chrome/60.0.3112.107 Mobile Safari/537.36"
114.10.47.20 - - [13/May/2025:13:34:33 -0400] "GET /wp-content/style-css.php HTTP/1.1" 404 - "www.google.com" "Mozlila/5.0 (Linux; Android 7.0; SM-G892A Build/NRD90M; wv) AppleWebKit/537.36 (KHTML, like Gecko) Version/4.0 Chrome/60.0.3112.107 Mobile Safari/537.36"
165.227.209.160 - - [13/May/2025:13:34:33 -0400] "GET /wp-content/themes/twentytwentytwo/ajax.php HTTP/1.1" 404 - "-" "Mozilla/5.0 (Linux; Android 7.0; SM-G892A Build/NRD90M; wv) AppleWebKit/537.36 (KHTML, like Gecko) Version/4.0 Chrome/60.0.3112.107 Mobile Safari/537.36"
165.227.209.160 - - [13/May/2025:13:34:33 -0400] "GET /wp-content/themes/twentytwentytwo/upgrade.php HTTP/1.1" 404 - "-" "Mozilla/5.0 (Linux; Android 7.0; SM-G892A Build/NRD90M; wv) AppleWebKit/537.36 (KHTML, like Gecko) Version/4.0 Chrome/60.0.3112.107 Mobile Safari/537.36"
165.227.209.160 - - [13/May/2025:13:34:33 -0400] "GET /wp-content/themes/twentytwentytwo/update.php HTTP/1.1" 404 - "-" "Mozilla/5.0 (Linux; Android 7.0; SM-G892A Build/NRD90M; wv) AppleWebKit/537.36 (KHTML, like Gecko) Version/4.0 Chrome/60.0.3112.107 Mobile Safari/537.36"
114.10.47.20 - - [13/May/2025:13:34:33 -0400] "GET /wp-content/style-css.php HTTP/1.1" 404 - "www.google.com" "Mozlila/5.0 (Linux; Android 7.0; SM-G892A Build/NRD90M; wv) AppleWebKit/537.36 (KHTML, like Gecko) Version/4.0 Chrome/60.0.3112.107 Mobile Safari/537.36"
165.227.209.160 - - [13/May/2025:13:34:33 -0400] "GET /wp-content/themes/twentytwentytwo/alfates.php HTTP/1.1" 404 - "-" "Mozilla/5.0 (Linux; Android 7.0; SM-G892A Build/NRD90M; wv) AppleWebKit/537.36 (KHTML, like Gecko) Version/4.0 Chrome/60.0.3112.107 Mobile Safari/537.36"
165.227.209.160 - - [13/May/2025:13:34:34 -0400] "GET /wp-content/themes/twentytwentytwo/tesla.php HTTP/1.1" 404 - "-" "Mozilla/5.0 (Linux; Android 7.0; SM-G892A Build/NRD90M; wv) AppleWebKit/537.36 (KHTML, like Gecko) Version/4.0 Chrome/60.0.3112.107 Mobile Safari/537.36"
165.227.209.160 - - [13/May/2025:13:34:34 -0400] "GET /wp-content/themes/twentytwentytwo/indoxploit.php HTTP/1.1" 404 - "-" "Mozilla/5.0 (Linux; Android 7.0; SM-G892A Build/NRD90M; wv) AppleWebKit/537.36 (KHTML, like Gecko) Version/4.0 Chrome/60.0.3112.107 Mobile Safari/537.36"
165.227.209.160 - - [13/May/2025:13:34:34 -0400] "GET /wp-content/themes/twentytwentytwo/digi.php HTTP/1.1" 404 - "-" "Mozilla/5.0 (Linux; Android 7.0; SM-G892A Build/NRD90M; wv) AppleWebKit/537.36 (KHTML, like Gecko) Version/4.0 Chrome/60.0.3112.107 Mobile Safari/537.36"
114.10.47.20 - - [13/May/2025:13:34:34 -0400] "GET /oxi-rex.php HTTP/1.1" 404 - "www.google.com" "Mozlila/5.0 (Linux; Android 7.0; SM-G892A Build/NRD90M; wv) AppleWebKit/537.36 (KHTML, like Gecko) Version/4.0 Chrome/60.0.3112.107 Mobile Safari/537.36"
165.227.209.160 - - [13/May/2025:13:34:34 -0400] "GET /wp-content/themes/twentytwentytwo/mass.php HTTP/1.1" 404 - "-" "Mozilla/5.0 (Linux; Android 7.0; SM-G892A Build/NRD90M; wv) AppleWebKit/537.36 (KHTML, like Gecko) Version/4.0 Chrome/60.0.3112.107 Mobile Safari/537.36"
165.227.209.160 - - [13/May/2025:13:34:34 -0400] "GET /wp-content/themes/twentytwentytwo/fox.php HTTP/1.1" 404 - "-" "Mozilla/5.0 (Linux; Android 7.0; SM-G892A Build/NRD90M; wv) AppleWebKit/537.36 (KHTML, like Gecko) Version/4.0 Chrome/60.0.3112.107 Mobile Safari/537.36"
114.119.148.154 - - [13/May/2025:13:34:34 -0400] "GET /category/1win-turkiye/ HTTP/1.1" 404 - "https://sanghavirealty.in/category/uncategorized" "Mozilla/5.0 (Linux; Android 7.0;) AppleWebKit/537.36 (KHTML, like Gecko) Mobile Safari/537.36 (compatible; PetalBot;+https://webmaster.petalsearch.com/site/petalbot)"
165.227.209.160 - - [13/May/2025:13:34:34 -0400] "GET /wp-content/themes/twentytwentytwo/wso.php HTTP/1.1" 404 - "-" "Mozilla/5.0 (Linux; Android 7.0; SM-G892A Build/NRD90M; wv) AppleWebKit/537.36 (KHTML, like Gecko) Version/4.0 Chrome/60.0.3112.107 Mobile Safari/537.36"
165.227.209.160 - - [13/May/2025:13:34:35 -0400] "GET /wp-content/themes/twentytwentytwo/wso1.php HTTP/1.1" 404 - "-" "Mozilla/5.0 (Linux; Android 7.0; SM-G892A Build/NRD90M; wv) AppleWebKit/537.36 (KHTML, like Gecko) Version/4.0 Chrome/60.0.3112.107 Mobile Safari/537.36"
165.227.209.160 - - [13/May/2025:13:34:35 -0400] "GET /wp-content/themes/twentytwentytwo/goblok.php HTTP/1.1" 404 - "-" "Mozilla/5.0 (Linux; Android 7.0; SM-G892A Build/NRD90M; wv) AppleWebKit/537.36 (KHTML, like Gecko) Version/4.0 Chrome/60.0.3112.107 Mobile Safari/537.36"
114.10.47.20 - - [13/May/2025:13:34:35 -0400] "GET /oxi-rex.php HTTP/1.1" 404 - "www.google.com" "Mozlila/5.0 (Linux; Android 7.0; SM-G892A Build/NRD90M; wv) AppleWebKit/537.36 (KHTML, like Gecko) Version/4.0 Chrome/60.0.3112.107 Mobile Safari/537.36"
165.227.209.160 - - [13/May/2025:13:34:35 -0400] "GET /wp-content/themes/twentytwentytwo/jancok.php HTTP/1.1" 404 - "-" "Mozilla/5.0 (Linux; Android 7.0; SM-G892A Build/NRD90M; wv) AppleWebKit/537.36 (KHTML, like Gecko) Version/4.0 Chrome/60.0.3112.107 Mobile Safari/537.36"
165.227.209.160 - - [13/May/2025:13:34:35 -0400] "GET /wp-content/themes/twentytwentytwo/memek.php HTTP/1.1" 404 - "-" "Mozilla/5.0 (Linux; Android 7.0; SM-G892A Build/NRD90M; wv) AppleWebKit/537.36 (KHTML, like Gecko) Version/4.0 Chrome/60.0.3112.107 Mobile Safari/537.36"
165.227.209.160 - - [13/May/2025:13:34:36 -0400] "GET /wp-content/themes/twentytwentytwo/anjing.php HTTP/1.1" 404 - "-" "Mozilla/5.0 (Linux; Android 7.0; SM-G892A Build/NRD90M; wv) AppleWebKit/537.36 (KHTML, like Gecko) Version/4.0 Chrome/60.0.3112.107 Mobile Safari/537.36"
114.10.47.20 - - [13/May/2025:13:34:36 -0400] "GET /wp-content/themes/twenty/twenty.php HTTP/1.1" 404 - "www.google.com" "Mozlila/5.0 (Linux; Android 7.0; SM-G892A Build/NRD90M; wv) AppleWebKit/537.36 (KHTML, like Gecko) Version/4.0 Chrome/60.0.3112.107 Mobile Safari/537.36"
165.227.209.160 - - [13/May/2025:13:34:36 -0400] "GET /wp-content/themes/twentytwentytwo/tolol.php HTTP/1.1" 404 - "-" "Mozilla/5.0 (Linux; Android 7.0; SM-G892A Build/NRD90M; wv) AppleWebKit/537.36 (KHTML, like Gecko) Version/4.0 Chrome/60.0.3112.107 Mobile Safari/537.36"
165.227.209.160 - - [13/May/2025:13:34:36 -0400] "GET /wp-content/themes/twentytwentytwo/fw.php HTTP/1.1" 404 - "-" "Mozilla/5.0 (Linux; Android 7.0; SM-G892A Build/NRD90M; wv) AppleWebKit/537.36 (KHTML, like Gecko) Version/4.0 Chrome/60.0.3112.107 Mobile Safari/537.36"
165.227.209.160 - - [13/May/2025:13:34:36 -0400] "GET /wp-content/themes/twentytwentytwo/xyz.php HTTP/1.1" 404 - "-" "Mozilla/5.0 (Linux; Android 7.0; SM-G892A Build/NRD90M; wv) AppleWebKit/537.36 (KHTML, like Gecko) Version/4.0 Chrome/60.0.3112.107 Mobile Safari/537.36"
165.227.209.160 - - [13/May/2025:13:34:36 -0400] "GET /wp-content/themes/twentytwentytwo/sym403.php HTTP/1.1" 404 - "-" "Mozilla/5.0 (Linux; Android 7.0; SM-G892A Build/NRD90M; wv) AppleWebKit/537.36 (KHTML, like Gecko) Version/4.0 Chrome/60.0.3112.107 Mobile Safari/537.36"
114.10.47.20 - - [13/May/2025:13:34:36 -0400] "GET /wp-content/themes/twenty/twenty.php HTTP/1.1" 404 - "www.google.com" "Mozlila/5.0 (Linux; Android 7.0; SM-G892A Build/NRD90M; wv) AppleWebKit/537.36 (KHTML, like Gecko) Version/4.0 Chrome/60.0.3112.107 Mobile Safari/537.36"
165.227.209.160 - - [13/May/2025:13:34:37 -0400] "GET /wp-content/themes/twentytwentytwo/symlink.php HTTP/1.1" 404 - "-" "Mozilla/5.0 (Linux; Android 7.0; SM-G892A Build/NRD90M; wv) AppleWebKit/537.36 (KHTML, like Gecko) Version/4.0 Chrome/60.0.3112.107 Mobile Safari/537.36"
165.227.209.160 - - [13/May/2025:13:34:37 -0400] "GET /wp-content/themes/twentytwentytwo/sym.php HTTP/1.1" 404 - "-" "Mozilla/5.0 (Linux; Android 7.0; SM-G892A Build/NRD90M; wv) AppleWebKit/537.36 (KHTML, like Gecko) Version/4.0 Chrome/60.0.3112.107 Mobile Safari/537.36"
165.227.209.160 - - [13/May/2025:13:34:37 -0400] "GET /wp-content/themes/twentytwentytwo/haxor.php HTTP/1.1" 404 - "-" "Mozilla/5.0 (Linux; Android 7.0; SM-G892A Build/NRD90M; wv) AppleWebKit/537.36 (KHTML, like Gecko) Version/4.0 Chrome/60.0.3112.107 Mobile Safari/537.36"
165.227.209.160 - - [13/May/2025:13:34:37 -0400] "GET /wp-content/themes/twentytwentytwo/echo.php HTTP/1.1" 404 - "-" "Mozilla/5.0 (Linux; Android 7.0; SM-G892A Build/NRD90M; wv) AppleWebKit/537.36 (KHTML, like Gecko) Version/4.0 Chrome/60.0.3112.107 Mobile Safari/537.36"
114.10.47.20 - - [13/May/2025:13:34:37 -0400] "GET /updates.php HTTP/1.1" 404 - "www.google.com" "Mozlila/5.0 (Linux; Android 7.0; SM-G892A Build/NRD90M; wv) AppleWebKit/537.36 (KHTML, like Gecko) Version/4.0 Chrome/60.0.3112.107 Mobile Safari/537.36"
165.227.209.160 - - [13/May/2025:13:34:38 -0400] "GET /wp-content/themes/twentytwentytwo/fuck.php HTTP/1.1" 404 - "-" "Mozilla/5.0 (Linux; Android 7.0; SM-G892A Build/NRD90M; wv) AppleWebKit/537.36 (KHTML, like Gecko) Version/4.0 Chrome/60.0.3112.107 Mobile Safari/537.36"
165.227.209.160 - - [13/May/2025:13:34:38 -0400] "GET /wp-content/themes/twentytwentytwo/replace.php HTTP/1.1" 404 - "-" "Mozilla/5.0 (Linux; Android 7.0; SM-G892A Build/NRD90M; wv) AppleWebKit/537.36 (KHTML, like Gecko) Version/4.0 Chrome/60.0.3112.107 Mobile Safari/537.36"
114.10.47.20 - - [13/May/2025:13:34:38 -0400] "GET /updates.php HTTP/1.1" 404 - "www.google.com" "Mozlila/5.0 (Linux; Android 7.0; SM-G892A Build/NRD90M; wv) AppleWebKit/537.36 (KHTML, like Gecko) Version/4.0 Chrome/60.0.3112.107 Mobile Safari/537.36"
165.227.209.160 - - [13/May/2025:13:34:38 -0400] "GET /wp-content/themes/twentytwentytwo/coba.php HTTP/1.1" 404 - "-" "Mozilla/5.0 (Linux; Android 7.0; SM-G892A Build/NRD90M; wv) AppleWebKit/537.36 (KHTML, like Gecko) Version/4.0 Chrome/60.0.3112.107 Mobile Safari/537.36"
165.227.209.160 - - [13/May/2025:13:34:38 -0400] "GET /wp-content/themes/twentytwentytwo/radio.php HTTP/1.1" 404 - "-" "Mozilla/5.0 (Linux; Android 7.0; SM-G892A Build/NRD90M; wv) AppleWebKit/537.36 (KHTML, like Gecko) Version/4.0 Chrome/60.0.3112.107 Mobile Safari/537.36"
165.227.209.160 - - [13/May/2025:13:34:39 -0400] "GET /wp-content/themes/twentytwentytwo/welcome.php HTTP/1.1" 404 - "-" "Mozilla/5.0 (Linux; Android 7.0; SM-G892A Build/NRD90M; wv) AppleWebKit/537.36 (KHTML, like Gecko) Version/4.0 Chrome/60.0.3112.107 Mobile Safari/537.36"
114.10.47.20 - - [13/May/2025:13:34:39 -0400] "GET /libraries/legacy/updates.php HTTP/1.1" 404 - "www.google.com" "Mozlila/5.0 (Linux; Android 7.0; SM-G892A Build/NRD90M; wv) AppleWebKit/537.36 (KHTML, like Gecko) Version/4.0 Chrome/60.0.3112.107 Mobile Safari/537.36"
165.227.209.160 - - [13/May/2025:13:34:39 -0400] "GET /wp-content/themes/twentytwentytwo/+.php HTTP/1.1" 404 - "-" "Mozilla/5.0 (Linux; Android 7.0; SM-G892A Build/NRD90M; wv) AppleWebKit/537.36 (KHTML, like Gecko) Version/4.0 Chrome/60.0.3112.107 Mobile Safari/537.36"
165.227.209.160 - - [13/May/2025:13:34:39 -0400] "GET /wp-content/themes/twentytwentytwo/byte.php HTTP/1.1" 404 - "-" "Mozilla/5.0 (Linux; Android 7.0; SM-G892A Build/NRD90M; wv) AppleWebKit/537.36 (KHTML, like Gecko) Version/4.0 Chrome/60.0.3112.107 Mobile Safari/537.36"
165.227.209.160 - - [13/May/2025:13:34:39 -0400] "GET /wp-content/themes/twentytwentytwo/zero.php HTTP/1.1" 404 - "-" "Mozilla/5.0 (Linux; Android 7.0; SM-G892A Build/NRD90M; wv) AppleWebKit/537.36 (KHTML, like Gecko) Version/4.0 Chrome/60.0.3112.107 Mobile Safari/537.36"
165.227.209.160 - - [13/May/2025:13:34:39 -0400] "GET /wp-content/themes/twentytwentytwo/devil.php HTTP/1.1" 404 - "-" "Mozilla/5.0 (Linux; Android 7.0; SM-G892A Build/NRD90M; wv) AppleWebKit/537.36 (KHTML, like Gecko) Version/4.0 Chrome/60.0.3112.107 Mobile Safari/537.36"
114.10.47.20 - - [13/May/2025:13:34:39 -0400] "GET /libraries/legacy/updates.php HTTP/1.1" 404 - "www.google.com" "Mozlila/5.0 (Linux; Android 7.0; SM-G892A Build/NRD90M; wv) AppleWebKit/537.36 (KHTML, like Gecko) Version/4.0 Chrome/60.0.3112.107 Mobile Safari/537.36"
165.227.209.160 - - [13/May/2025:13:34:40 -0400] "GET /wp-content/themes/twentytwentytwo/dev.php HTTP/1.1" 404 - "-" "Mozilla/5.0 (Linux; Android 7.0; SM-G892A Build/NRD90M; wv) AppleWebKit/537.36 (KHTML, like Gecko) Version/4.0 Chrome/60.0.3112.107 Mobile Safari/537.36"
165.227.209.160 - - [13/May/2025:13:34:40 -0400] "GET /wp-content/themes/twentytwentytwo/developer.php HTTP/1.1" 404 - "-" "Mozilla/5.0 (Linux; Android 7.0; SM-G892A Build/NRD90M; wv) AppleWebKit/537.36 (KHTML, like Gecko) Version/4.0 Chrome/60.0.3112.107 Mobile Safari/537.36"
165.227.209.160 - - [13/May/2025:13:34:40 -0400] "GET /wp-content/themes/twentytwentytwo/register.php HTTP/1.1" 404 - "-" "Mozilla/5.0 (Linux; Android 7.0; SM-G892A Build/NRD90M; wv) AppleWebKit/537.36 (KHTML, like Gecko) Version/4.0 Chrome/60.0.3112.107 Mobile Safari/537.36"
165.227.209.160 - - [13/May/2025:13:34:40 -0400] "GET /wp-content/themes/twentytwentytwo/yuuki.php HTTP/1.1" 404 - "-" "Mozilla/5.0 (Linux; Android 7.0; SM-G892A Build/NRD90M; wv) AppleWebKit/537.36 (KHTML, like Gecko) Version/4.0 Chrome/60.0.3112.107 Mobile Safari/537.36"
114.10.47.20 - - [13/May/2025:13:34:40 -0400] "GET /libraries/phpmailer/updates.php HTTP/1.1" 404 - "www.google.com" "Mozlila/5.0 (Linux; Android 7.0; SM-G892A Build/NRD90M; wv) AppleWebKit/537.36 (KHTML, like Gecko) Version/4.0 Chrome/60.0.3112.107 Mobile Safari/537.36"
165.227.209.160 - - [13/May/2025:13:34:41 -0400] "GET /wp-content/themes/twentytwentytwo/rootshell.php HTTP/1.1" 404 - "-" "Mozilla/5.0 (Linux; Android 7.0; SM-G892A Build/NRD90M; wv) AppleWebKit/537.36 (KHTML, like Gecko) Version/4.0 Chrome/60.0.3112.107 Mobile Safari/537.36"
165.227.209.160 - - [13/May/2025:13:34:41 -0400] "GET /wp-content/themes/twentytwentytwo/root.php HTTP/1.1" 404 - "-" "Mozilla/5.0 (Linux; Android 7.0; SM-G892A Build/NRD90M; wv) AppleWebKit/537.36 (KHTML, like Gecko) Version/4.0 Chrome/60.0.3112.107 Mobile Safari/537.36"
114.10.47.20 - - [13/May/2025:13:34:41 -0400] "GET /libraries/phpmailer/updates.php HTTP/1.1" 404 - "www.google.com" "Mozlila/5.0 (Linux; Android 7.0; SM-G892A Build/NRD90M; wv) AppleWebKit/537.36 (KHTML, like Gecko) Version/4.0 Chrome/60.0.3112.107 Mobile Safari/537.36"
165.227.209.160 - - [13/May/2025:13:34:41 -0400] "GET /wp-content/themes/twentytwentytwo/pwnd.php HTTP/1.1" 404 - "-" "Mozilla/5.0 (Linux; Android 7.0; SM-G892A Build/NRD90M; wv) AppleWebKit/537.36 (KHTML, like Gecko) Version/4.0 Chrome/60.0.3112.107 Mobile Safari/537.36"
165.227.209.160 - - [13/May/2025:13:34:41 -0400] "GET /wp-content/themes/twentytwentytwo/backup.php HTTP/1.1" 404 - "-" "Mozilla/5.0 (Linux; Android 7.0; SM-G892A Build/NRD90M; wv) AppleWebKit/537.36 (KHTML, like Gecko) Version/4.0 Chrome/60.0.3112.107 Mobile Safari/537.36"
165.227.209.160 - - [13/May/2025:13:34:42 -0400] "GET /wp-content/themes/twentytwentytwo/shellbypass.php HTTP/1.1" 404 - "-" "Mozilla/5.0 (Linux; Android 7.0; SM-G892A Build/NRD90M; wv) AppleWebKit/537.36 (KHTML, like Gecko) Version/4.0 Chrome/60.0.3112.107 Mobile Safari/537.36"
165.227.209.160 - - [13/May/2025:13:34:42 -0400] "GET /wp-content/themes/twentytwentytwo/asu.php HTTP/1.1" 404 - "-" "Mozilla/5.0 (Linux; Android 7.0; SM-G892A Build/NRD90M; wv) AppleWebKit/537.36 (KHTML, like Gecko) Version/4.0 Chrome/60.0.3112.107 Mobile Safari/537.36"
114.10.47.20 - - [13/May/2025:13:34:42 -0400] "GET /libraries/vendor/updates.php HTTP/1.1" 404 - "www.google.com" "Mozlila/5.0 (Linux; Android 7.0; SM-G892A Build/NRD90M; wv) AppleWebKit/537.36 (KHTML, like Gecko) Version/4.0 Chrome/60.0.3112.107 Mobile Safari/537.36"
165.227.209.160 - - [13/May/2025:13:34:42 -0400] "GET /wp-content/themes/twentytwentytwo/p0wny.php HTTP/1.1" 404 - "-" "Mozilla/5.0 (Linux; Android 7.0; SM-G892A Build/NRD90M; wv) AppleWebKit/537.36 (KHTML, like Gecko) Version/4.0 Chrome/60.0.3112.107 Mobile Safari/537.36"
165.227.209.160 - - [13/May/2025:13:34:42 -0400] "GET /wp-content/themes/twentytwentytwo/remote.php HTTP/1.1" 404 - "-" "Mozilla/5.0 (Linux; Android 7.0; SM-G892A Build/NRD90M; wv) AppleWebKit/537.36 (KHTML, like Gecko) Version/4.0 Chrome/60.0.3112.107 Mobile Safari/537.36"
165.227.209.160 - - [13/May/2025:13:34:43 -0400] "GET /wp-content/themes/twentytwentytwo/alfav4.1-tesla.php HTTP/1.1" 404 - "-" "Mozilla/5.0 (Linux; Android 7.0; SM-G892A Build/NRD90M; wv) AppleWebKit/537.36 (KHTML, like Gecko) Version/4.0 Chrome/60.0.3112.107 Mobile Safari/537.36"
114.10.47.20 - - [13/May/2025:13:34:43 -0400] "GET /libraries/vendor/updates.php HTTP/1.1" 404 - "www.google.com" "Mozlila/5.0 (Linux; Android 7.0; SM-G892A Build/NRD90M; wv) AppleWebKit/537.36 (KHTML, like Gecko) Version/4.0 Chrome/60.0.3112.107 Mobile Safari/537.36"
165.227.209.160 - - [13/May/2025:13:34:43 -0400] "GET /wp-content/themes/twentytwentytwo/uploader.php HTTP/1.1" 404 - "-" "Mozilla/5.0 (Linux; Android 7.0; SM-G892A Build/NRD90M; wv) AppleWebKit/537.36 (KHTML, like Gecko) Version/4.0 Chrome/60.0.3112.107 Mobile Safari/537.36"
165.227.209.160 - - [13/May/2025:13:34:43 -0400] "GET /wp-content/themes/twentytwentytwo/uploads.php HTTP/1.1" 404 - "-" "Mozilla/5.0 (Linux; Android 7.0; SM-G892A Build/NRD90M; wv) AppleWebKit/537.36 (KHTML, like Gecko) Version/4.0 Chrome/60.0.3112.107 Mobile Safari/537.36"
165.227.209.160 - - [13/May/2025:13:34:43 -0400] "GET /wp-content/themes/twentytwentytwo/gecko.php HTTP/1.1" 404 - "-" "Mozilla/5.0 (Linux; Android 7.0; SM-G892A Build/NRD90M; wv) AppleWebKit/537.36 (KHTML, like Gecko) Version/4.0 Chrome/60.0.3112.107 Mobile Safari/537.36"
165.227.209.160 - - [13/May/2025:13:34:43 -0400] "GET /wp-content/themes/twentytwentytwo/digiwoll.php HTTP/1.1" 404 - "-" "Mozilla/5.0 (Linux; Android 7.0; SM-G892A Build/NRD90M; wv) AppleWebKit/537.36 (KHTML, like Gecko) Version/4.0 Chrome/60.0.3112.107 Mobile Safari/537.36"
165.227.209.160 - - [13/May/2025:13:34:44 -0400] "GET /wp-content/themes/twentytwentytwo/zz.php HTTP/1.1" 404 - "-" "Mozilla/5.0 (Linux; Android 7.0; SM-G892A Build/NRD90M; wv) AppleWebKit/537.36 (KHTML, like Gecko) Version/4.0 Chrome/60.0.3112.107 Mobile Safari/537.36"
114.10.47.20 - - [13/May/2025:13:34:44 -0400] "GET /ioxi-rex4.php7 HTTP/1.1" 404 - "www.google.com" "Mozlila/5.0 (Linux; Android 7.0; SM-G892A Build/NRD90M; wv) AppleWebKit/537.36 (KHTML, like Gecko) Version/4.0 Chrome/60.0.3112.107 Mobile Safari/537.36"
165.227.209.160 - - [13/May/2025:13:34:44 -0400] "GET /wp-content/themes/twentytwentytwo/fm.php HTTP/1.1" 404 - "-" "Mozilla/5.0 (Linux; Android 7.0; SM-G892A Build/NRD90M; wv) AppleWebKit/537.36 (KHTML, like Gecko) Version/4.0 Chrome/60.0.3112.107 Mobile Safari/537.36"
165.227.209.160 - - [13/May/2025:13:34:44 -0400] "GET /wp-content/themes/twentytwentytwo/tinyfilemanager.php HTTP/1.1" 404 - "-" "Mozilla/5.0 (Linux; Android 7.0; SM-G892A Build/NRD90M; wv) AppleWebKit/537.36 (KHTML, like Gecko) Version/4.0 Chrome/60.0.3112.107 Mobile Safari/537.36"
165.227.209.160 - - [13/May/2025:13:34:44 -0400] "GET /wp-content/themes/twentytwentytwo/green.php HTTP/1.1" 404 - "-" "Mozilla/5.0 (Linux; Android 7.0; SM-G892A Build/NRD90M; wv) AppleWebKit/537.36 (KHTML, like Gecko) Version/4.0 Chrome/60.0.3112.107 Mobile Safari/537.36"
114.10.47.20 - - [13/May/2025:13:34:44 -0400] "GET /.well-known/admin.php HTTP/1.1" 404 - "www.google.com" "Mozlila/5.0 (Linux; Android 7.0; SM-G892A Build/NRD90M; wv) AppleWebKit/537.36 (KHTML, like Gecko) Version/4.0 Chrome/60.0.3112.107 Mobile Safari/537.36"
165.227.209.160 - - [13/May/2025:13:34:45 -0400] "GET /wp-content/themes/twentytwentytwo/byp403.php HTTP/1.1" 404 - "-" "Mozilla/5.0 (Linux; Android 7.0; SM-G892A Build/NRD90M; wv) AppleWebKit/537.36 (KHTML, like Gecko) Version/4.0 Chrome/60.0.3112.107 Mobile Safari/537.36"
165.227.209.160 - - [13/May/2025:13:34:45 -0400] "GET /wp-content/themes/twentytwentytwo/clown.php HTTP/1.1" 404 - "-" "Mozilla/5.0 (Linux; Android 7.0; SM-G892A Build/NRD90M; wv) AppleWebKit/537.36 (KHTML, like Gecko) Version/4.0 Chrome/60.0.3112.107 Mobile Safari/537.36"
165.227.209.160 - - [13/May/2025:13:34:45 -0400] "GET /wp-content/themes/twentytwentytwo/application.php HTTP/1.1" 404 - "-" "Mozilla/5.0 (Linux; Android 7.0; SM-G892A Build/NRD90M; wv) AppleWebKit/537.36 (KHTML, like Gecko) Version/4.0 Chrome/60.0.3112.107 Mobile Safari/537.36"
114.10.47.20 - - [13/May/2025:13:34:45 -0400] "GET /wp-admin/network/upfile.php HTTP/1.1" 404 - "www.google.com" "Mozlila/5.0 (Linux; Android 7.0; SM-G892A Build/NRD90M; wv) AppleWebKit/537.36 (KHTML, like Gecko) Version/4.0 Chrome/60.0.3112.107 Mobile Safari/537.36"
165.227.209.160 - - [13/May/2025:13:34:45 -0400] "GET /wp-content/themes/twentytwentytwo/app.php HTTP/1.1" 404 - "-" "Mozilla/5.0 (Linux; Android 7.0; SM-G892A Build/NRD90M; wv) AppleWebKit/537.36 (KHTML, like Gecko) Version/4.0 Chrome/60.0.3112.107 Mobile Safari/537.36"
165.227.209.160 - - [13/May/2025:13:34:45 -0400] "GET /wp-content/themes/twentytwentytwo/got.php HTTP/1.1" 404 - "-" "Mozilla/5.0 (Linux; Android 7.0; SM-G892A Build/NRD90M; wv) AppleWebKit/537.36 (KHTML, like Gecko) Version/4.0 Chrome/60.0.3112.107 Mobile Safari/537.36"
165.227.209.160 - - [13/May/2025:13:34:46 -0400] "GET /wp-content/themes/twentytwentytwo/git.php HTTP/1.1" 404 - "-" "Mozilla/5.0 (Linux; Android 7.0; SM-G892A Build/NRD90M; wv) AppleWebKit/537.36 (KHTML, like Gecko) Version/4.0 Chrome/60.0.3112.107 Mobile Safari/537.36"
165.227.209.160 - - [13/May/2025:13:34:46 -0400] "GET /wp-content/themes/twentytwentytwo/system.php HTTP/1.1" 404 - "-" "Mozilla/5.0 (Linux; Android 7.0; SM-G892A Build/NRD90M; wv) AppleWebKit/537.36 (KHTML, like Gecko) Version/4.0 Chrome/60.0.3112.107 Mobile Safari/537.36"
114.10.47.20 - - [13/May/2025:13:34:46 -0400] "GET /wp-content/plugins/hellopress/wp_filemanager.php HTTP/1.1" 404 - "www.google.com" "Mozlila/5.0 (Linux; Android 7.0; SM-G892A Build/NRD90M; wv) AppleWebKit/537.36 (KHTML, like Gecko) Version/4.0 Chrome/60.0.3112.107 Mobile Safari/537.36"
165.227.209.160 - - [13/May/2025:13:34:46 -0400] "GET /wp-content/themes/twentytwentytwo/assets.php HTTP/1.1" 404 - "-" "Mozilla/5.0 (Linux; Android 7.0; SM-G892A Build/NRD90M; wv) AppleWebKit/537.36 (KHTML, like Gecko) Version/4.0 Chrome/60.0.3112.107 Mobile Safari/537.36"
165.227.209.160 - - [13/May/2025:13:34:46 -0400] "GET /wp-content/themes/twentytwentytwo/fuck.php HTTP/1.1" 404 - "-" "Mozilla/5.0 (Linux; Android 7.0; SM-G892A Build/NRD90M; wv) AppleWebKit/537.36 (KHTML, like Gecko) Version/4.0 Chrome/60.0.3112.107 Mobile Safari/537.36"
165.227.209.160 - - [13/May/2025:13:34:47 -0400] "GET /wp-content/themes/twentytwentytwo/assets.php HTTP/1.1" 404 - "-" "Mozilla/5.0 (Linux; Android 7.0; SM-G892A Build/NRD90M; wv) AppleWebKit/537.36 (KHTML, like Gecko) Version/4.0 Chrome/60.0.3112.107 Mobile Safari/537.36"
165.227.209.160 - - [13/May/2025:13:34:47 -0400] "GET /wp-content/themes/twentytwentytwo/b374k.php HTTP/1.1" 404 - "-" "Mozilla/5.0 (Linux; Android 7.0; SM-G892A Build/NRD90M; wv) AppleWebKit/537.36 (KHTML, like Gecko) Version/4.0 Chrome/60.0.3112.107 Mobile Safari/537.36"
114.10.47.20 - - [13/May/2025:13:34:47 -0400] "GET /wp-content/plugins/background-image-cropper/ups.php HTTP/1.1" 404 - "www.google.com" "Mozlila/5.0 (Linux; Android 7.0; SM-G892A Build/NRD90M; wv) AppleWebKit/537.36 (KHTML, like Gecko) Version/4.0 Chrome/60.0.3112.107 Mobile Safari/537.36"
165.227.209.160 - - [13/May/2025:13:34:47 -0400] "GET /wp-content/themes/twentytwentytwo/log.php HTTP/1.1" 404 - "-" "Mozilla/5.0 (Linux; Android 7.0; SM-G892A Build/NRD90M; wv) AppleWebKit/537.36 (KHTML, like Gecko) Version/4.0 Chrome/60.0.3112.107 Mobile Safari/537.36"
54.36.149.52 - - [13/May/2025:13:34:47 -0400] "GET /goods.php?shopdetail/287864659 HTTP/1.1" 404 - "-" "Mozilla/5.0 (compatible; AhrefsBot/7.0; +http://ahrefs.com/robot/)"
165.227.209.160 - - [13/May/2025:13:34:47 -0400] "GET /wp-content/themes/twentytwentytwo/exists.php HTTP/1.1" 404 - "-" "Mozilla/5.0 (Linux; Android 7.0; SM-G892A Build/NRD90M; wv) AppleWebKit/537.36 (KHTML, like Gecko) Version/4.0 Chrome/60.0.3112.107 Mobile Safari/537.36"
165.227.209.160 - - [13/May/2025:13:34:47 -0400] "GET /wp-content/themes/twentytwentytwo/exit.php HTTP/1.1" 404 - "-" "Mozilla/5.0 (Linux; Android 7.0; SM-G892A Build/NRD90M; wv) AppleWebKit/537.36 (KHTML, like Gecko) Version/4.0 Chrome/60.0.3112.107 Mobile Safari/537.36"
165.227.209.160 - - [13/May/2025:13:34:48 -0400] "GET /wp-content/themes/twentytwentytwo/outside.php HTTP/1.1" 404 - "-" "Mozilla/5.0 (Linux; Android 7.0; SM-G892A Build/NRD90M; wv) AppleWebKit/537.36 (KHTML, like Gecko) Version/4.0 Chrome/60.0.3112.107 Mobile Safari/537.36"
114.10.47.20 - - [13/May/2025:13:34:48 -0400] "GET /wp-content/plugins/seoplugins/mar.php HTTP/1.1" 404 - "www.google.com" "Mozlila/5.0 (Linux; Android 7.0; SM-G892A Build/NRD90M; wv) AppleWebKit/537.36 (KHTML, like Gecko) Version/4.0 Chrome/60.0.3112.107 Mobile Safari/537.36"
165.227.209.160 - - [13/May/2025:13:34:48 -0400] "GET /wp-content/themes/twentytwentytwo/logout.php HTTP/1.1" 404 - "-" "Mozilla/5.0 (Linux; Android 7.0; SM-G892A Build/NRD90M; wv) AppleWebKit/537.36 (KHTML, like Gecko) Version/4.0 Chrome/60.0.3112.107 Mobile Safari/537.36"
165.227.209.160 - - [13/May/2025:13:34:48 -0400] "GET /wp-content/themes/twentytwentytwo/login.php HTTP/1.1" 404 - "-" "Mozilla/5.0 (Linux; Android 7.0; SM-G892A Build/NRD90M; wv) AppleWebKit/537.36 (KHTML, like Gecko) Version/4.0 Chrome/60.0.3112.107 Mobile Safari/537.36"
165.227.209.160 - - [13/May/2025:13:34:48 -0400] "GET /wp-content/themes/twentytwentytwo/tmp.php HTTP/1.1" 404 - "-" "Mozilla/5.0 (Linux; Android 7.0; SM-G892A Build/NRD90M; wv) AppleWebKit/537.36 (KHTML, like Gecko) Version/4.0 Chrome/60.0.3112.107 Mobile Safari/537.36"
114.10.47.20 - - [13/May/2025:13:34:48 -0400] "GET /wp-content/plugins/seoplugins/mar.php HTTP/1.1" 404 - "www.google.com" "Mozlila/5.0 (Linux; Android 7.0; SM-G892A Build/NRD90M; wv) AppleWebKit/537.36 (KHTML, like Gecko) Version/4.0 Chrome/60.0.3112.107 Mobile Safari/537.36"
165.227.209.160 - - [13/May/2025:13:34:48 -0400] "GET /wp-content/themes/twentytwentytwo/botol.php HTTP/1.1" 404 - "-" "Mozilla/5.0 (Linux; Android 7.0; SM-G892A Build/NRD90M; wv) AppleWebKit/537.36 (KHTML, like Gecko) Version/4.0 Chrome/60.0.3112.107 Mobile Safari/537.36"
165.227.209.160 - - [13/May/2025:13:34:49 -0400] "GET /wp-content/themes/twentytwentytwo/cgi.php HTTP/1.1" 404 - "-" "Mozilla/5.0 (Linux; Android 7.0; SM-G892A Build/NRD90M; wv) AppleWebKit/537.36 (KHTML, like Gecko) Version/4.0 Chrome/60.0.3112.107 Mobile Safari/537.36"
165.227.209.160 - - [13/May/2025:13:34:49 -0400] "GET /wp-content/themes/twentytwentytwo/perl.php HTTP/1.1" 404 - "-" "Mozilla/5.0 (Linux; Android 7.0; SM-G892A Build/NRD90M; wv) AppleWebKit/537.36 (KHTML, like Gecko) Version/4.0 Chrome/60.0.3112.107 Mobile Safari/537.36"
165.227.209.160 - - [13/May/2025:13:34:49 -0400] "GET /wp-content/themes/twentytwentytwo/for.php HTTP/1.1" 404 - "-" "Mozilla/5.0 (Linux; Android 7.0; SM-G892A Build/NRD90M; wv) AppleWebKit/537.36 (KHTML, like Gecko) Version/4.0 Chrome/60.0.3112.107 Mobile Safari/537.36"
165.227.209.160 - - [13/May/2025:13:34:49 -0400] "GET /wp-content/themes/twentytwentytwo/php.php HTTP/1.1" 404 - "-" "Mozilla/5.0 (Linux; Android 7.0; SM-G892A Build/NRD90M; wv) AppleWebKit/537.36 (KHTML, like Gecko) Version/4.0 Chrome/60.0.3112.107 Mobile Safari/537.36"
114.10.47.20 - - [13/May/2025:13:34:49 -0400] "GET /wp-content/themes/seotheme/mar.php HTTP/1.1" 404 - "www.google.com" "Mozlila/5.0 (Linux; Android 7.0; SM-G892A Build/NRD90M; wv) AppleWebKit/537.36 (KHTML, like Gecko) Version/4.0 Chrome/60.0.3112.107 Mobile Safari/537.36"
165.227.209.160 - - [13/May/2025:13:34:49 -0400] "GET /wp-content/themes/twentytwentytwo/hehe.php HTTP/1.1" 404 - "-" "Mozilla/5.0 (Linux; Android 7.0; SM-G892A Build/NRD90M; wv) AppleWebKit/537.36 (KHTML, like Gecko) Version/4.0 Chrome/60.0.3112.107 Mobile Safari/537.36"
165.227.209.160 - - [13/May/2025:13:34:50 -0400] "GET /wp-content/themes/twentytwentytwo/coy.php HTTP/1.1" 404 - "-" "Mozilla/5.0 (Linux; Android 7.0; SM-G892A Build/NRD90M; wv) AppleWebKit/537.36 (KHTML, like Gecko) Version/4.0 Chrome/60.0.3112.107 Mobile Safari/537.36"
165.227.209.160 - - [13/May/2025:13:34:50 -0400] "GET /wp-content/themes/twentytwentytwo/lol.php HTTP/1.1" 404 - "-" "Mozilla/5.0 (Linux; Android 7.0; SM-G892A Build/NRD90M; wv) AppleWebKit/537.36 (KHTML, like Gecko) Version/4.0 Chrome/60.0.3112.107 Mobile Safari/537.36"
165.227.209.160 - - [13/May/2025:13:34:50 -0400] "GET /wp-content/themes/twentytwentytwo/dor.php HTTP/1.1" 404 - "-" "Mozilla/5.0 (Linux; Android 7.0; SM-G892A Build/NRD90M; wv) AppleWebKit/537.36 (KHTML, like Gecko) Version/4.0 Chrome/60.0.3112.107 Mobile Safari/537.36"
114.10.47.20 - - [13/May/2025:13:34:50 -0400] "GET /wp-content/themes/seotheme/mar.php HTTP/1.1" 404 - "www.google.com" "Mozlila/5.0 (Linux; Android 7.0; SM-G892A Build/NRD90M; wv) AppleWebKit/537.36 (KHTML, like Gecko) Version/4.0 Chrome/60.0.3112.107 Mobile Safari/537.36"
165.227.209.160 - - [13/May/2025:13:34:50 -0400] "GET /wp-content/themes/twentytwentytwo/tol.php HTTP/1.1" 404 - "-" "Mozilla/5.0 (Linux; Android 7.0; SM-G892A Build/NRD90M; wv) AppleWebKit/537.36 (KHTML, like Gecko) Version/4.0 Chrome/60.0.3112.107 Mobile Safari/537.36"
165.227.209.160 - - [13/May/2025:13:34:51 -0400] "GET /wp-content/themes/twentytwentytwo/sql.php HTTP/1.1" 404 - "-" "Mozilla/5.0 (Linux; Android 7.0; SM-G892A Build/NRD90M; wv) AppleWebKit/537.36 (KHTML, like Gecko) Version/4.0 Chrome/60.0.3112.107 Mobile Safari/537.36"
165.227.209.160 - - [13/May/2025:13:34:51 -0400] "GET /wp-content/themes/twentytwentytwo/class.php HTTP/1.1" 404 - "-" "Mozilla/5.0 (Linux; Android 7.0; SM-G892A Build/NRD90M; wv) AppleWebKit/537.36 (KHTML, like Gecko) Version/4.0 Chrome/60.0.3112.107 Mobile Safari/537.36"
165.227.209.160 - - [13/May/2025:13:34:51 -0400] "GET /wp-content/themes/twentytwentytwo/env.php HTTP/1.1" 404 - "-" "Mozilla/5.0 (Linux; Android 7.0; SM-G892A Build/NRD90M; wv) AppleWebKit/537.36 (KHTML, like Gecko) Version/4.0 Chrome/60.0.3112.107 Mobile Safari/537.36"
114.10.47.20 - - [13/May/2025:13:34:51 -0400] "GET /images/mar.php HTTP/1.1" 404 - "www.google.com" "Mozlila/5.0 (Linux; Android 7.0; SM-G892A Build/NRD90M; wv) AppleWebKit/537.36 (KHTML, like Gecko) Version/4.0 Chrome/60.0.3112.107 Mobile Safari/537.36"
165.227.209.160 - - [13/May/2025:13:34:51 -0400] "GET /wp-content/themes/twentytwentytwo/hp.php HTTP/1.1" 404 - "-" "Mozilla/5.0 (Linux; Android 7.0; SM-G892A Build/NRD90M; wv) AppleWebKit/537.36 (KHTML, like Gecko) Version/4.0 Chrome/60.0.3112.107 Mobile Safari/537.36"
165.227.209.160 - - [13/May/2025:13:34:52 -0400] "GET /wp-content/themes/twentytwentytwo/mouse.php HTTP/1.1" 404 - "-" "Mozilla/5.0 (Linux; Android 7.0; SM-G892A Build/NRD90M; wv) AppleWebKit/537.36 (KHTML, like Gecko) Version/4.0 Chrome/60.0.3112.107 Mobile Safari/537.36"
165.227.209.160 - - [13/May/2025:13:34:52 -0400] "GET /wp-content/themes/twentytwentytwo/footer.php HTTP/1.1" 404 - "-" "Mozilla/5.0 (Linux; Android 7.0; SM-G892A Build/NRD90M; wv) AppleWebKit/537.36 (KHTML, like Gecko) Version/4.0 Chrome/60.0.3112.107 Mobile Safari/537.36"
165.227.209.160 - - [13/May/2025:13:34:52 -0400] "GET /wp-content/themes/twentytwentytwo/taxonomy.php HTTP/1.1" 404 - "-" "Mozilla/5.0 (Linux; Android 7.0; SM-G892A Build/NRD90M; wv) AppleWebKit/537.36 (KHTML, like Gecko) Version/4.0 Chrome/60.0.3112.107 Mobile Safari/537.36"
114.10.47.20 - - [13/May/2025:13:34:52 -0400] "GET /images/mar.php HTTP/1.1" 404 - "www.google.com" "Mozlila/5.0 (Linux; Android 7.0; SM-G892A Build/NRD90M; wv) AppleWebKit/537.36 (KHTML, like Gecko) Version/4.0 Chrome/60.0.3112.107 Mobile Safari/537.36"
165.227.209.160 - - [13/May/2025:13:34:52 -0400] "GET /wp-content/themes/twentytwentytwo/functions.php HTTP/1.1" 404 - "-" "Mozilla/5.0 (Linux; Android 7.0; SM-G892A Build/NRD90M; wv) AppleWebKit/537.36 (KHTML, like Gecko) Version/4.0 Chrome/60.0.3112.107 Mobile Safari/537.36"
165.227.209.160 - - [13/May/2025:13:34:52 -0400] "GET /wp-content/themes/twentytwentytwo/function.php HTTP/1.1" 404 - "-" "Mozilla/5.0 (Linux; Android 7.0; SM-G892A Build/NRD90M; wv) AppleWebKit/537.36 (KHTML, like Gecko) Version/4.0 Chrome/60.0.3112.107 Mobile Safari/537.36"
165.227.209.160 - - [13/May/2025:13:34:53 -0400] "GET /wp-content/themes/twentytwentytwo/loader.php HTTP/1.1" 404 - "-" "Mozilla/5.0 (Linux; Android 7.0; SM-G892A Build/NRD90M; wv) AppleWebKit/537.36 (KHTML, like Gecko) Version/4.0 Chrome/60.0.3112.107 Mobile Safari/537.36"
165.227.209.160 - - [13/May/2025:13:34:53 -0400] "GET /wp-content/themes/twentytwentytwo/format.php HTTP/1.1" 404 - "-" "Mozilla/5.0 (Linux; Android 7.0; SM-G892A Build/NRD90M; wv) AppleWebKit/537.36 (KHTML, like Gecko) Version/4.0 Chrome/60.0.3112.107 Mobile Safari/537.36"
165.227.209.160 - - [13/May/2025:13:34:53 -0400] "GET /wp-content/themes/twentytwentytwo/cannonical.php HTTP/1.1" 404 - "-" "Mozilla/5.0 (Linux; Android 7.0; SM-G892A Build/NRD90M; wv) AppleWebKit/537.36 (KHTML, like Gecko) Version/4.0 Chrome/60.0.3112.107 Mobile Safari/537.36"
114.10.47.20 - - [13/May/2025:13:34:53 -0400] "GET /m4r1ju4n4.php HTTP/1.1" 404 - "www.google.com" "Mozlila/5.0 (Linux; Android 7.0; SM-G892A Build/NRD90M; wv) AppleWebKit/537.36 (KHTML, like Gecko) Version/4.0 Chrome/60.0.3112.107 Mobile Safari/537.36"
165.227.209.160 - - [13/May/2025:13:34:53 -0400] "GET /wp-content/themes/twentytwentytwo/lolcats.php HTTP/1.1" 404 - "-" "Mozilla/5.0 (Linux; Android 7.0; SM-G892A Build/NRD90M; wv) AppleWebKit/537.36 (KHTML, like Gecko) Version/4.0 Chrome/60.0.3112.107 Mobile Safari/537.36"
165.227.209.160 - - [13/May/2025:13:34:54 -0400] "GET /wp-content/themes/twentytwentytwo/ui.php HTTP/1.1" 404 - "-" "Mozilla/5.0 (Linux; Android 7.0; SM-G892A Build/NRD90M; wv) AppleWebKit/537.36 (KHTML, like Gecko) Version/4.0 Chrome/60.0.3112.107 Mobile Safari/537.36"
165.227.209.160 - - [13/May/2025:13:34:54 -0400] "GET /wp-content/themes/twentytwentytwo/seo.php HTTP/1.1" 404 - "-" "Mozilla/5.0 (Linux; Android 7.0; SM-G892A Build/NRD90M; wv) AppleWebKit/537.36 (KHTML, like Gecko) Version/4.0 Chrome/60.0.3112.107 Mobile Safari/537.36"
165.227.209.160 - - [13/May/2025:13:34:54 -0400] "GET /wp-content/themes/twentytwentytwo/jembut.php HTTP/1.1" 404 - "-" "Mozilla/5.0 (Linux; Android 7.0; SM-G892A Build/NRD90M; wv) AppleWebKit/537.36 (KHTML, like Gecko) Version/4.0 Chrome/60.0.3112.107 Mobile Safari/537.36"
114.10.47.20 - - [13/May/2025:13:34:54 -0400] "GET /m4r1ju4n4.php HTTP/1.1" 404 - "www.google.com" "Mozlila/5.0 (Linux; Android 7.0; SM-G892A Build/NRD90M; wv) AppleWebKit/537.36 (KHTML, like Gecko) Version/4.0 Chrome/60.0.3112.107 Mobile Safari/537.36"
165.227.209.160 - - [13/May/2025:13:34:54 -0400] "GET /wp-content/themes/twentytwentytwo/js.php HTTP/1.1" 404 - "-" "Mozilla/5.0 (Linux; Android 7.0; SM-G892A Build/NRD90M; wv) AppleWebKit/537.36 (KHTML, like Gecko) Version/4.0 Chrome/60.0.3112.107 Mobile Safari/537.36"
165.227.209.160 - - [13/May/2025:13:34:54 -0400] "GET /wp-content/themes/twentytwentythree/a.php HTTP/1.1" 404 - "-" "Mozilla/5.0 (Linux; Android 7.0; SM-G892A Build/NRD90M; wv) AppleWebKit/537.36 (KHTML, like Gecko) Version/4.0 Chrome/60.0.3112.107 Mobile Safari/537.36"
165.227.209.160 - - [13/May/2025:13:34:55 -0400] "GET /wp-content/themes/twentytwentythree/b.php HTTP/1.1" 404 - "-" "Mozilla/5.0 (Linux; Android 7.0; SM-G892A Build/NRD90M; wv) AppleWebKit/537.36 (KHTML, like Gecko) Version/4.0 Chrome/60.0.3112.107 Mobile Safari/537.36"
165.227.209.160 - - [13/May/2025:13:34:55 -0400] "GET /wp-content/themes/twentytwentythree/c.php HTTP/1.1" 404 - "-" "Mozilla/5.0 (Linux; Android 7.0; SM-G892A Build/NRD90M; wv) AppleWebKit/537.36 (KHTML, like Gecko) Version/4.0 Chrome/60.0.3112.107 Mobile Safari/537.36"
114.10.47.20 - - [13/May/2025:13:34:55 -0400] "GET /marijuana.php HTTP/1.1" 404 - "www.google.com" "Mozlila/5.0 (Linux; Android 7.0; SM-G892A Build/NRD90M; wv) AppleWebKit/537.36 (KHTML, like Gecko) Version/4.0 Chrome/60.0.3112.107 Mobile Safari/537.36"
165.227.209.160 - - [13/May/2025:13:34:55 -0400] "GET /wp-content/themes/twentytwentythree/d.php HTTP/1.1" 404 - "-" "Mozilla/5.0 (Linux; Android 7.0; SM-G892A Build/NRD90M; wv) AppleWebKit/537.36 (KHTML, like Gecko) Version/4.0 Chrome/60.0.3112.107 Mobile Safari/537.36"
165.227.209.160 - - [13/May/2025:13:34:55 -0400] "GET /wp-content/themes/twentytwentythree/e.php HTTP/1.1" 404 - "-" "Mozilla/5.0 (Linux; Android 7.0; SM-G892A Build/NRD90M; wv) AppleWebKit/537.36 (KHTML, like Gecko) Version/4.0 Chrome/60.0.3112.107 Mobile Safari/537.36"
165.227.209.160 - - [13/May/2025:13:34:55 -0400] "GET /wp-content/themes/twentytwentythree/f.php HTTP/1.1" 404 - "-" "Mozilla/5.0 (Linux; Android 7.0; SM-G892A Build/NRD90M; wv) AppleWebKit/537.36 (KHTML, like Gecko) Version/4.0 Chrome/60.0.3112.107 Mobile Safari/537.36"
165.227.209.160 - - [13/May/2025:13:34:56 -0400] "GET /wp-content/themes/twentytwentythree/g.php HTTP/1.1" 404 - "-" "Mozilla/5.0 (Linux; Android 7.0; SM-G892A Build/NRD90M; wv) AppleWebKit/537.36 (KHTML, like Gecko) Version/4.0 Chrome/60.0.3112.107 Mobile Safari/537.36"
165.227.209.160 - - [13/May/2025:13:34:56 -0400] "GET /wp-content/themes/twentytwentythree/h.php HTTP/1.1" 404 - "-" "Mozilla/5.0 (Linux; Android 7.0; SM-G892A Build/NRD90M; wv) AppleWebKit/537.36 (KHTML, like Gecko) Version/4.0 Chrome/60.0.3112.107 Mobile Safari/537.36"
165.227.209.160 - - [13/May/2025:13:34:56 -0400] "GET /wp-content/themes/twentytwentythree/i.php HTTP/1.1" 404 - "-" "Mozilla/5.0 (Linux; Android 7.0; SM-G892A Build/NRD90M; wv) AppleWebKit/537.36 (KHTML, like Gecko) Version/4.0 Chrome/60.0.3112.107 Mobile Safari/537.36"
114.10.47.20 - - [13/May/2025:13:34:56 -0400] "GET /marijuana.php HTTP/1.1" 404 - "www.google.com" "Mozlila/5.0 (Linux; Android 7.0; SM-G892A Build/NRD90M; wv) AppleWebKit/537.36 (KHTML, like Gecko) Version/4.0 Chrome/60.0.3112.107 Mobile Safari/537.36"
165.227.209.160 - - [13/May/2025:13:34:56 -0400] "GET /wp-content/themes/twentytwentythree/j.php HTTP/1.1" 404 - "-" "Mozilla/5.0 (Linux; Android 7.0; SM-G892A Build/NRD90M; wv) AppleWebKit/537.36 (KHTML, like Gecko) Version/4.0 Chrome/60.0.3112.107 Mobile Safari/537.36"
165.227.209.160 - - [13/May/2025:13:34:56 -0400] "GET /wp-content/themes/twentytwentythree/k.php HTTP/1.1" 404 - "-" "Mozilla/5.0 (Linux; Android 7.0; SM-G892A Build/NRD90M; wv) AppleWebKit/537.36 (KHTML, like Gecko) Version/4.0 Chrome/60.0.3112.107 Mobile Safari/537.36"
165.227.209.160 - - [13/May/2025:13:34:56 -0400] "GET /wp-content/themes/twentytwentythree/l.php HTTP/1.1" 404 - "-" "Mozilla/5.0 (Linux; Android 7.0; SM-G892A Build/NRD90M; wv) AppleWebKit/537.36 (KHTML, like Gecko) Version/4.0 Chrome/60.0.3112.107 Mobile Safari/537.36"
165.227.209.160 - - [13/May/2025:13:34:57 -0400] "GET /wp-content/themes/twentytwentythree/m.php HTTP/1.1" 404 - "-" "Mozilla/5.0 (Linux; Android 7.0; SM-G892A Build/NRD90M; wv) AppleWebKit/537.36 (KHTML, like Gecko) Version/4.0 Chrome/60.0.3112.107 Mobile Safari/537.36"
114.10.47.20 - - [13/May/2025:13:34:57 -0400] "GET /wp-admin/css/colors/coffee/mari.php HTTP/1.1" 404 - "www.google.com" "Mozlila/5.0 (Linux; Android 7.0; SM-G892A Build/NRD90M; wv) AppleWebKit/537.36 (KHTML, like Gecko) Version/4.0 Chrome/60.0.3112.107 Mobile Safari/537.36"
165.227.209.160 - - [13/May/2025:13:34:57 -0400] "GET /wp-content/themes/twentytwentythree/n.php HTTP/1.1" 404 - "-" "Mozilla/5.0 (Linux; Android 7.0; SM-G892A Build/NRD90M; wv) AppleWebKit/537.36 (KHTML, like Gecko) Version/4.0 Chrome/60.0.3112.107 Mobile Safari/537.36"
165.227.209.160 - - [13/May/2025:13:34:57 -0400] "GET /wp-content/themes/twentytwentythree/o.php HTTP/1.1" 404 - "-" "Mozilla/5.0 (Linux; Android 7.0; SM-G892A Build/NRD90M; wv) AppleWebKit/537.36 (KHTML, like Gecko) Version/4.0 Chrome/60.0.3112.107 Mobile Safari/537.36"
165.227.209.160 - - [13/May/2025:13:34:57 -0400] "GET /wp-content/themes/twentytwentythree/p.php HTTP/1.1" 404 - "-" "Mozilla/5.0 (Linux; Android 7.0; SM-G892A Build/NRD90M; wv) AppleWebKit/537.36 (KHTML, like Gecko) Version/4.0 Chrome/60.0.3112.107 Mobile Safari/537.36"
114.10.47.20 - - [13/May/2025:13:34:58 -0400] "GET /wp-admin/css/colors/coffee/mari.php HTTP/1.1" 404 - "www.google.com" "Mozlila/5.0 (Linux; Android 7.0; SM-G892A Build/NRD90M; wv) AppleWebKit/537.36 (KHTML, like Gecko) Version/4.0 Chrome/60.0.3112.107 Mobile Safari/537.36"
165.227.209.160 - - [13/May/2025:13:34:58 -0400] "GET /wp-content/themes/twentytwentythree/q.php HTTP/1.1" 404 - "-" "Mozilla/5.0 (Linux; Android 7.0; SM-G892A Build/NRD90M; wv) AppleWebKit/537.36 (KHTML, like Gecko) Version/4.0 Chrome/60.0.3112.107 Mobile Safari/537.36"
165.227.209.160 - - [13/May/2025:13:34:58 -0400] "GET /wp-content/themes/twentytwentythree/r.php HTTP/1.1" 404 - "-" "Mozilla/5.0 (Linux; Android 7.0; SM-G892A Build/NRD90M; wv) AppleWebKit/537.36 (KHTML, like Gecko) Version/4.0 Chrome/60.0.3112.107 Mobile Safari/537.36"
165.227.209.160 - - [13/May/2025:13:34:58 -0400] "GET /wp-content/themes/twentytwentythree/s.php HTTP/1.1" 404 - "-" "Mozilla/5.0 (Linux; Android 7.0; SM-G892A Build/NRD90M; wv) AppleWebKit/537.36 (KHTML, like Gecko) Version/4.0 Chrome/60.0.3112.107 Mobile Safari/537.36"
165.227.209.160 - - [13/May/2025:13:34:58 -0400] "GET /wp-content/themes/twentytwentythree/t.php HTTP/1.1" 404 - "-" "Mozilla/5.0 (Linux; Android 7.0; SM-G892A Build/NRD90M; wv) AppleWebKit/537.36 (KHTML, like Gecko) Version/4.0 Chrome/60.0.3112.107 Mobile Safari/537.36"
114.10.47.20 - - [13/May/2025:13:34:58 -0400] "GET /wp-admin/css/colors/coffee/marijuana.php HTTP/1.1" 404 - "www.google.com" "Mozlila/5.0 (Linux; Android 7.0; SM-G892A Build/NRD90M; wv) AppleWebKit/537.36 (KHTML, like Gecko) Version/4.0 Chrome/60.0.3112.107 Mobile Safari/537.36"
165.227.209.160 - - [13/May/2025:13:34:59 -0400] "GET /wp-content/themes/twentytwentythree/u.php HTTP/1.1" 404 - "-" "Mozilla/5.0 (Linux; Android 7.0; SM-G892A Build/NRD90M; wv) AppleWebKit/537.36 (KHTML, like Gecko) Version/4.0 Chrome/60.0.3112.107 Mobile Safari/537.36"
165.227.209.160 - - [13/May/2025:13:34:59 -0400] "GET /wp-content/themes/twentytwentythree/v.php HTTP/1.1" 404 - "-" "Mozilla/5.0 (Linux; Android 7.0; SM-G892A Build/NRD90M; wv) AppleWebKit/537.36 (KHTML, like Gecko) Version/4.0 Chrome/60.0.3112.107 Mobile Safari/537.36"
165.227.209.160 - - [13/May/2025:13:34:59 -0400] "GET /wp-content/themes/twentytwentythree/w.php HTTP/1.1" 404 - "-" "Mozilla/5.0 (Linux; Android 7.0; SM-G892A Build/NRD90M; wv) AppleWebKit/537.36 (KHTML, like Gecko) Version/4.0 Chrome/60.0.3112.107 Mobile Safari/537.36"
165.227.209.160 - - [13/May/2025:13:34:59 -0400] "GET /wp-content/themes/twentytwentythree/x.php HTTP/1.1" 404 - "-" "Mozilla/5.0 (Linux; Android 7.0; SM-G892A Build/NRD90M; wv) AppleWebKit/537.36 (KHTML, like Gecko) Version/4.0 Chrome/60.0.3112.107 Mobile Safari/537.36"
114.10.47.20 - - [13/May/2025:13:34:59 -0400] "GET /wp-admin/css/colors/coffee/marijuana.php HTTP/1.1" 404 - "www.google.com" "Mozlila/5.0 (Linux; Android 7.0; SM-G892A Build/NRD90M; wv) AppleWebKit/537.36 (KHTML, like Gecko) Version/4.0 Chrome/60.0.3112.107 Mobile Safari/537.36"
165.227.209.160 - - [13/May/2025:13:35:00 -0400] "GET /wp-content/themes/twentytwentythree/y.php HTTP/1.1" 404 - "-" "Mozilla/5.0 (Linux; Android 7.0; SM-G892A Build/NRD90M; wv) AppleWebKit/537.36 (KHTML, like Gecko) Version/4.0 Chrome/60.0.3112.107 Mobile Safari/537.36"
