37.187.94.3 - - [13/May/2025:14:27:09 -0400] "GET /wp-includes-20250512132804/images/toggle-arrow-20250512200308.png HTTP/1.1" 200 289 "-" "Mozilla/5.0 (compatible; MJ12bot/v1.4.8; http://mj12bot.com/)"
37.187.94.3 - - [13/May/2025:14:27:11 -0400] "GET /wp-includes-20250512132804/images/toggle-arrow-2x.png HTTP/1.1" 200 354 "-" "Mozilla/5.0 (compatible; MJ12bot/v1.4.8; http://mj12bot.com/)"
37.187.94.3 - - [13/May/2025:14:27:13 -0400] "GET /wp-includes-20250512132804/images/toggle-arrow.png HTTP/1.1" 200 289 "-" "Mozilla/5.0 (compatible; MJ12bot/v1.4.8; http://mj12bot.com/)"
37.187.94.3 - - [13/May/2025:14:27:15 -0400] "GET /wp-includes-20250512132804/images/uploader-icons-2x.png HTTP/1.1" 200 3542 "-" "Mozilla/5.0 (compatible; MJ12bot/v1.4.8; http://mj12bot.com/)"
37.187.94.3 - - [13/May/2025:14:27:17 -0400] "GET /wp-includes-20250512132804/images/uploader-icons.png HTTP/1.1" 200 1556 "-" "Mozilla/5.0 (compatible; MJ12bot/v1.4.8; http://mj12bot.com/)"
37.187.94.3 - - [13/May/2025:14:27:19 -0400] "GET /wp-includes-20250512132804/images/w-logo-blue-white-bg.png HTTP/1.1" 200 4119 "-" "Mozilla/5.0 (compatible; MJ12bot/v1.4.8; http://mj12bot.com/)"
37.187.94.3 - - [13/May/2025:14:27:21 -0400] "GET /wp-includes-20250512132804/images/w-logo-blue.png HTTP/1.1" 200 3113 "-" "Mozilla/5.0 (compatible; MJ12bot/v1.4.8; http://mj12bot.com/)"
37.187.94.3 - - [13/May/2025:14:27:24 -0400] "GET /wp-includes-20250512132804/images/wpicons-2x.png HTTP/1.1" 200 14931 "-" "Mozilla/5.0 (compatible; MJ12bot/v1.4.8; http://mj12bot.com/)"
37.187.94.3 - - [13/May/2025:14:27:26 -0400] "GET /wp-includes-20250512132804/images/wpicons.png HTTP/1.1" 200 7086 "-" "Mozilla/5.0 (compatible; MJ12bot/v1.4.8; http://mj12bot.com/)"
37.187.94.3 - - [13/May/2025:14:27:28 -0400] "GET /wp-includes-20250512132804/images/wpspin-2x.gif HTTP/1.1" 200 8875 "-" "Mozilla/5.0 (compatible; MJ12bot/v1.4.8; http://mj12bot.com/)"
37.187.94.3 - - [13/May/2025:14:27:30 -0400] "GET /wp-includes-20250512132804/images/wpspin.gif HTTP/1.1" 200 2052 "-" "Mozilla/5.0 (compatible; MJ12bot/v1.4.8; http://mj12bot.com/)"
37.187.94.3 - - [13/May/2025:14:27:32 -0400] "GET /wp-includes-20250512132804/images/xit-2x-20250512182432.gif HTTP/1.1" 200 825 "-" "Mozilla/5.0 (compatible; MJ12bot/v1.4.8; http://mj12bot.com/)"
37.187.94.3 - - [13/May/2025:14:27:34 -0400] "GET /wp-includes-20250512132804/images/xit-2x.gif HTTP/1.1" 200 825 "-" "Mozilla/5.0 (compatible; MJ12bot/v1.4.8; http://mj12bot.com/)"
37.187.94.3 - - [13/May/2025:14:27:37 -0400] "GET /wp-includes-20250512132804/images/xit.gif HTTP/1.1" 200 181 "-" "Mozilla/5.0 (compatible; MJ12bot/v1.4.8; http://mj12bot.com/)"
37.187.94.3 - - [13/May/2025:14:27:39 -0400] "GET /wp-includes-20250512132804/interactivity-api/?C=D;O=A HTTP/1.1" 200 447 "-" "Mozilla/5.0 (compatible; MJ12bot/v1.4.8; http://mj12bot.com/)"
37.187.94.3 - - [13/May/2025:14:27:41 -0400] "GET /wp-includes-20250512132804/interactivity-api/?C=M;O=A HTTP/1.1" 200 453 "-" "Mozilla/5.0 (compatible; MJ12bot/v1.4.8; http://mj12bot.com/)"
37.187.94.3 - - [13/May/2025:14:27:42 -0400] "GET /wp-includes-20250512132804/interactivity-api/?C=N;O=D HTTP/1.1" 200 442 "-" "Mozilla/5.0 (compatible; MJ12bot/v1.4.8; http://mj12bot.com/)"
37.187.94.3 - - [13/May/2025:14:27:44 -0400] "GET /wp-includes-20250512132804/interactivity-api/?C=S;O=A HTTP/1.1" 200 449 "-" "Mozilla/5.0 (compatible; MJ12bot/v1.4.8; http://mj12bot.com/)"
37.187.94.3 - - [13/May/2025:14:27:47 -0400] "GET /wp-includes-20250512132804/interactivity-api/class-wp-interactivity-api-directives-processor.php HTTP/1.1" 500 - "-" "Mozilla/5.0 (compatible; MJ12bot/v1.4.8; http://mj12bot.com/)"
37.187.94.3 - - [13/May/2025:14:27:49 -0400] "GET /wp-includes-20250512132804/interactivity-api/class-wp-interactivity-api.php HTTP/1.1" 200 - "-" "Mozilla/5.0 (compatible; MJ12bot/v1.4.8; http://mj12bot.com/)"
37.187.94.3 - - [13/May/2025:14:27:51 -0400] "GET /wp-includes-20250512132804/interactivity-api/interactivity-api.php HTTP/1.1" 200 - "-" "Mozilla/5.0 (compatible; MJ12bot/v1.4.8; http://mj12bot.com/)"
37.187.94.3 - - [13/May/2025:14:27:53 -0400] "GET /wp-includes-20250512132804/js/?C=D;O=A HTTP/1.1" 200 2172 "-" "Mozilla/5.0 (compatible; MJ12bot/v1.4.8; http://mj12bot.com/)"
37.187.94.3 - - [13/May/2025:14:27:58 -0400] "GET /wp-includes-20250512132804/js/?C=M;O=A HTTP/1.1" 200 2197 "-" "Mozilla/5.0 (compatible; MJ12bot/v1.4.8; http://mj12bot.com/)"
37.187.94.3 - - [13/May/2025:14:28:04 -0400] "GET /wp-includes-20250512132804/js/?C=N;O=D HTTP/1.1" 200 2096 "-" "Mozilla/5.0 (compatible; MJ12bot/v1.4.8; http://mj12bot.com/)"
37.187.94.3 - - [13/May/2025:14:28:08 -0400] "GET /wp-includes-20250512132804/js/?C=S;O=A HTTP/1.1" 200 2145 "-" "Mozilla/5.0 (compatible; MJ12bot/v1.4.8; http://mj12bot.com/)"
37.187.94.3 - - [13/May/2025:14:28:14 -0400] "GET /wp-includes-20250512132804/js/admin-bar.js HTTP/1.1" 200 2799 "-" "Mozilla/5.0 (compatible; MJ12bot/v1.4.8; http://mj12bot.com/)"
37.187.94.3 - - [13/May/2025:14:28:17 -0400] "GET /wp-includes-20250512132804/js/admin-bar.min.js HTTP/1.1" 200 1357 "-" "Mozilla/5.0 (compatible; MJ12bot/v1.4.8; http://mj12bot.com/)"
37.187.94.3 - - [13/May/2025:14:28:19 -0400] "GET /wp-includes-20250512132804/js/api-request.js HTTP/1.1" 200 1356 "-" "Mozilla/5.0 (compatible; MJ12bot/v1.4.8; http://mj12bot.com/)"
37.187.94.3 - - [13/May/2025:14:28:21 -0400] "GET /wp-includes-20250512132804/js/api-request.min.js HTTP/1.1" 200 590 "-" "Mozilla/5.0 (compatible; MJ12bot/v1.4.8; http://mj12bot.com/)"
37.187.94.3 - - [13/May/2025:14:28:23 -0400] "GET /wp-includes-20250512132804/js/autosave.js HTTP/1.1" 200 5855 "-" "Mozilla/5.0 (compatible; MJ12bot/v1.4.8; http://mj12bot.com/)"
37.187.94.3 - - [13/May/2025:14:28:25 -0400] "GET /wp-includes-20250512132804/js/autosave.min.js HTTP/1.1" 200 2293 "-" "Mozilla/5.0 (compatible; MJ12bot/v1.4.8; http://mj12bot.com/)"
37.187.94.3 - - [13/May/2025:14:28:27 -0400] "GET /wp-includes-20250512132804/js/backbone.js HTTP/1.1" 200 22430 "-" "Mozilla/5.0 (compatible; MJ12bot/v1.4.8; http://mj12bot.com/)"
37.187.94.3 - - [13/May/2025:14:28:30 -0400] "GET /wp-includes-20250512132804/js/backbone.min.js HTTP/1.1" 200 8021 "-" "Mozilla/5.0 (compatible; MJ12bot/v1.4.8; http://mj12bot.com/)"
37.187.94.3 - - [13/May/2025:14:28:32 -0400] "GET /wp-includes-20250512132804/js/clipboard.js HTTP/1.1" 200 6899 "-" "Mozilla/5.0 (compatible; MJ12bot/v1.4.8; http://mj12bot.com/)"
37.187.94.3 - - [13/May/2025:14:28:33 -0400] "GET /wp-includes-20250512132804/js/clipboard.min.js HTTP/1.1" 200 3150 "-" "Mozilla/5.0 (compatible; MJ12bot/v1.4.8; http://mj12bot.com/)"
37.187.94.3 - - [13/May/2025:14:28:35 -0400] "GET /wp-includes-20250512132804/js/codemirror/ HTTP/1.1" 200 520 "-" "Mozilla/5.0 (compatible; MJ12bot/v1.4.8; http://mj12bot.com/)"
37.187.94.3 - - [13/May/2025:14:28:38 -0400] "GET /wp-includes-20250512132804/js/colorpicker.js HTTP/1.1" 200 8468 "-" "Mozilla/5.0 (compatible; MJ12bot/v1.4.8; http://mj12bot.com/)"
37.187.94.3 - - [13/May/2025:14:28:39 -0400] "GET /wp-includes-20250512132804/js/colorpicker.min.js HTTP/1.1" 200 4850 "-" "Mozilla/5.0 (compatible; MJ12bot/v1.4.8; http://mj12bot.com/)"
37.187.94.3 - - [13/May/2025:14:28:42 -0400] "GET /wp-includes-20250512132804/js/comment-reply.js HTTP/1.1" 200 3732 "-" "Mozilla/5.0 (compatible; MJ12bot/v1.4.8; http://mj12bot.com/)"
37.187.94.3 - - [13/May/2025:14:28:44 -0400] "GET /wp-includes-20250512132804/js/comment-reply.min.js HTTP/1.1" 200 1375 "-" "Mozilla/5.0 (compatible; MJ12bot/v1.4.8; http://mj12bot.com/)"
37.187.94.3 - - [13/May/2025:14:28:46 -0400] "GET /wp-includes-20250512132804/js/crop/ HTTP/1.1" 200 462 "-" "Mozilla/5.0 (compatible; MJ12bot/v1.4.8; http://mj12bot.com/)"
37.187.94.3 - - [13/May/2025:14:28:48 -0400] "GET /wp-includes-20250512132804/js/customize-base.js HTTP/1.1" 200 7118 "-" "Mozilla/5.0 (compatible; MJ12bot/v1.4.8; http://mj12bot.com/)"
37.187.94.3 - - [13/May/2025:14:28:50 -0400] "GET /wp-includes-20250512132804/js/customize-base.min.js HTTP/1.1" 200 2495 "-" "Mozilla/5.0 (compatible; MJ12bot/v1.4.8; http://mj12bot.com/)"
37.187.94.3 - - [13/May/2025:14:28:52 -0400] "GET /wp-includes-20250512132804/js/customize-loader.js HTTP/1.1" 200 2692 "-" "Mozilla/5.0 (compatible; MJ12bot/v1.4.8; http://mj12bot.com/)"
37.187.94.3 - - [13/May/2025:14:28:54 -0400] "GET /wp-includes-20250512132804/js/customize-loader.min.js HTTP/1.1" 200 1369 "-" "Mozilla/5.0 (compatible; MJ12bot/v1.4.8; http://mj12bot.com/)"
37.187.94.3 - - [13/May/2025:14:28:55 -0400] "GET /wp-includes-20250512132804/js/customize-models.js HTTP/1.1" 200 1961 "-" "Mozilla/5.0 (compatible; MJ12bot/v1.4.8; http://mj12bot.com/)"
37.187.94.3 - - [13/May/2025:14:28:57 -0400] "GET /wp-includes-20250512132804/js/customize-models.min.js HTTP/1.1" 200 1186 "-" "Mozilla/5.0 (compatible; MJ12bot/v1.4.8; http://mj12bot.com/)"
37.187.94.3 - - [13/May/2025:14:28:59 -0400] "GET /wp-includes-20250512132804/js/customize-preview-nav-menus.js HTTP/1.1" 200 4154 "-" "Mozilla/5.0 (compatible; MJ12bot/v1.4.8; http://mj12bot.com/)"
37.187.94.3 - - [13/May/2025:14:29:01 -0400] "GET /wp-includes-20250512132804/js/customize-preview-nav-menus.min.js HTTP/1.1" 200 1750 "-" "Mozilla/5.0 (compatible; MJ12bot/v1.4.8; http://mj12bot.com/)"
37.187.94.3 - - [13/May/2025:14:29:03 -0400] "GET /wp-includes-20250512132804/js/customize-preview-widgets.js HTTP/1.1" 200 5846 "-" "Mozilla/5.0 (compatible; MJ12bot/v1.4.8; http://mj12bot.com/)"
37.187.94.3 - - [13/May/2025:14:29:05 -0400] "GET /wp-includes-20250512132804/js/customize-preview-widgets.min.js HTTP/1.1" 200 2575 "-" "Mozilla/5.0 (compatible; MJ12bot/v1.4.8; http://mj12bot.com/)"
37.187.94.3 - - [13/May/2025:14:29:06 -0400] "GET /wp-includes-20250512132804/js/customize-preview.js HTTP/1.1" 200 7422 "-" "Mozilla/5.0 (compatible; MJ12bot/v1.4.8; http://mj12bot.com/)"
37.187.94.3 - - [13/May/2025:14:29:08 -0400] "GET /wp-includes-20250512132804/js/customize-preview.min.js HTTP/1.1" 200 3086 "-" "Mozilla/5.0 (compatible; MJ12bot/v1.4.8; http://mj12bot.com/)"
37.187.94.3 - - [13/May/2025:14:29:10 -0400] "GET /wp-includes-20250512132804/js/customize-selective-refresh.js HTTP/1.1" 200 8920 "-" "Mozilla/5.0 (compatible; MJ12bot/v1.4.8; http://mj12bot.com/)"
37.187.94.3 - - [13/May/2025:14:29:12 -0400] "GET /wp-includes-20250512132804/js/customize-selective-refresh.min.js HTTP/1.1" 200 3623 "-" "Mozilla/5.0 (compatible; MJ12bot/v1.4.8; http://mj12bot.com/)"
37.187.94.3 - - [13/May/2025:14:29:14 -0400] "GET /wp-includes-20250512132804/js/customize-views.js HTTP/1.1" 200 1459 "-" "Mozilla/5.0 (compatible; MJ12bot/v1.4.8; http://mj12bot.com/)"
37.187.94.3 - - [13/May/2025:14:29:16 -0400] "GET /wp-includes-20250512132804/js/customize-views.min.js HTTP/1.1" 200 869 "-" "Mozilla/5.0 (compatible; MJ12bot/v1.4.8; http://mj12bot.com/)"
37.187.94.3 - - [13/May/2025:14:29:18 -0400] "GET /wp-includes-20250512132804/js/dist/ HTTP/1.1" 200 2189 "-" "Mozilla/5.0 (compatible; MJ12bot/v1.4.8; http://mj12bot.com/)"
37.187.94.3 - - [13/May/2025:14:29:21 -0400] "GET /wp-includes-20250512132804/js/heartbeat.js HTTP/1.1" 200 6593 "-" "Mozilla/5.0 (compatible; MJ12bot/v1.4.8; http://mj12bot.com/)"
37.187.94.3 - - [13/May/2025:14:29:22 -0400] "GET /wp-includes-20250512132804/js/heartbeat.min.js HTTP/1.1" 200 2041 "-" "Mozilla/5.0 (compatible; MJ12bot/v1.4.8; http://mj12bot.com/)"
37.187.94.3 - - [13/May/2025:14:29:24 -0400] "GET /wp-includes-20250512132804/js/hoverIntent.js HTTP/1.1" 200 2441 "-" "Mozilla/5.0 (compatible; MJ12bot/v1.4.8; http://mj12bot.com/)"
37.187.94.3 - - [13/May/2025:14:29:26 -0400] "GET /wp-includes-20250512132804/js/hoverIntent.min.js HTTP/1.1" 200 706 "-" "Mozilla/5.0 (compatible; MJ12bot/v1.4.8; http://mj12bot.com/)"
37.187.94.3 - - [13/May/2025:14:29:28 -0400] "GET /wp-includes-20250512132804/js/hoverintent-js.min.js HTTP/1.1" 200 718 "-" "Mozilla/5.0 (compatible; MJ12bot/v1.4.8; http://mj12bot.com/)"
37.187.94.3 - - [13/May/2025:14:29:30 -0400] "GET /wp-includes-20250512132804/js/imagesloaded.min.js HTTP/1.1" 200 1803 "-" "Mozilla/5.0 (compatible; MJ12bot/v1.4.8; http://mj12bot.com/)"
37.187.94.3 - - [13/May/2025:14:29:32 -0400] "GET /wp-includes-20250512132804/js/imgareaselect/ HTTP/1.1" 200 475 "-" "Mozilla/5.0 (compatible; MJ12bot/v1.4.8; http://mj12bot.com/)"
37.187.94.3 - - [13/May/2025:14:29:33 -0400] "GET /wp-includes-20250512132804/js/jcrop/ HTTP/1.1" 200 428 "-" "Mozilla/5.0 (compatible; MJ12bot/v1.4.8; http://mj12bot.com/)"
37.187.94.3 - - [13/May/2025:14:29:35 -0400] "GET /wp-includes-20250512132804/js/jquery/ HTTP/1.1" 200 776 "-" "Mozilla/5.0 (compatible; MJ12bot/v1.4.8; http://mj12bot.com/)"
37.187.94.3 - - [13/May/2025:14:29:37 -0400] "GET /wp-includes-20250512132804/js/json2.js HTTP/1.1" 200 5582 "-" "Mozilla/5.0 (compatible; MJ12bot/v1.4.8; http://mj12bot.com/)"
37.187.94.3 - - [13/May/2025:14:29:39 -0400] "GET /wp-includes-20250512132804/js/json2.min.js HTTP/1.1" 200 1357 "-" "Mozilla/5.0 (compatible; MJ12bot/v1.4.8; http://mj12bot.com/)"
37.187.94.3 - - [13/May/2025:14:29:41 -0400] "GET /wp-includes-20250512132804/js/masonry.min.js HTTP/1.1" 200 7382 "-" "Mozilla/5.0 (compatible; MJ12bot/v1.4.8; http://mj12bot.com/)"
37.187.94.3 - - [13/May/2025:14:29:43 -0400] "GET /wp-includes-20250512132804/js/mce-view.js HTTP/1.1" 200 7014 "-" "Mozilla/5.0 (compatible; MJ12bot/v1.4.8; http://mj12bot.com/)"
37.187.94.3 - - [13/May/2025:14:29:45 -0400] "GET /wp-includes-20250512132804/js/mce-view.min.js HTTP/1.1" 200 3730 "-" "Mozilla/5.0 (compatible; MJ12bot/v1.4.8; http://mj12bot.com/)"
37.187.94.3 - - [13/May/2025:14:29:47 -0400] "GET /wp-includes-20250512132804/js/media-audiovideo.js HTTP/1.1" 200 5512 "-" "Mozilla/5.0 (compatible; MJ12bot/v1.4.8; http://mj12bot.com/)"
37.187.94.3 - - [13/May/2025:14:29:49 -0400] "GET /wp-includes-20250512132804/js/media-audiovideo.min.js HTTP/1.1" 200 3363 "-" "Mozilla/5.0 (compatible; MJ12bot/v1.4.8; http://mj12bot.com/)"
37.187.94.3 - - [13/May/2025:14:29:50 -0400] "GET /wp-includes-20250512132804/js/media-editor.js HTTP/1.1" 200 7565 "-" "Mozilla/5.0 (compatible; MJ12bot/v1.4.8; http://mj12bot.com/)"
37.187.94.3 - - [13/May/2025:14:29:52 -0400] "GET /wp-includes-20250512132804/js/media-editor.min.js HTTP/1.1" 200 3603 "-" "Mozilla/5.0 (compatible; MJ12bot/v1.4.8; http://mj12bot.com/)"
37.187.94.3 - - [13/May/2025:14:29:54 -0400] "GET /wp-includes-20250512132804/js/media-grid.js HTTP/1.1" 200 6790 "-" "Mozilla/5.0 (compatible; MJ12bot/v1.4.8; http://mj12bot.com/)"
37.187.94.3 - - [13/May/2025:14:29:56 -0400] "GET /wp-includes-20250512132804/js/media-grid.min.js HTTP/1.1" 200 3836 "-" "Mozilla/5.0 (compatible; MJ12bot/v1.4.8; http://mj12bot.com/)"
37.187.94.3 - - [13/May/2025:14:29:58 -0400] "GET /wp-includes-20250512132804/js/media-models.js HTTP/1.1" 200 10771 "-" "Mozilla/5.0 (compatible; MJ12bot/v1.4.8; http://mj12bot.com/)"
37.187.94.3 - - [13/May/2025:14:30:00 -0400] "GET /wp-includes-20250512132804/js/media-models.min.js HTTP/1.1" 200 4088 "-" "Mozilla/5.0 (compatible; MJ12bot/v1.4.8; http://mj12bot.com/)"
37.187.94.3 - - [13/May/2025:14:30:02 -0400] "GET /wp-includes-20250512132804/js/media-views.js HTTP/1.1" 200 57788 "-" "Mozilla/5.0 (compatible; MJ12bot/v1.4.8; http://mj12bot.com/)"
37.187.94.3 - - [13/May/2025:14:30:04 -0400] "GET /wp-includes-20250512132804/js/media-views.min.js HTTP/1.1" 200 26596 "-" "Mozilla/5.0 (compatible; MJ12bot/v1.4.8; http://mj12bot.com/)"
37.187.94.3 - - [13/May/2025:14:30:06 -0400] "GET /wp-includes-20250512132804/js/mediaelement/ HTTP/1.1" 200 729 "-" "Mozilla/5.0 (compatible; MJ12bot/v1.4.8; http://mj12bot.com/)"
37.187.94.3 - - [13/May/2025:14:30:08 -0400] "GET /wp-includes-20250512132804/js/plupload/ HTTP/1.1" 200 546 "-" "Mozilla/5.0 (compatible; MJ12bot/v1.4.8; http://mj12bot.com/)"
37.187.94.3 - - [13/May/2025:14:30:10 -0400] "GET /wp-includes-20250512132804/js/quicktags.js HTTP/1.1" 200 6366 "-" "Mozilla/5.0 (compatible; MJ12bot/v1.4.8; http://mj12bot.com/)"
37.187.94.3 - - [13/May/2025:14:30:12 -0400] "GET /wp-includes-20250512132804/js/quicktags.min.js HTTP/1.1" 200 3509 "-" "Mozilla/5.0 (compatible; MJ12bot/v1.4.8; http://mj12bot.com/)"
37.187.94.3 - - [13/May/2025:14:30:13 -0400] "GET /wp-includes-20250512132804/js/shortcode.js HTTP/1.1" 200 3566 "-" "Mozilla/5.0 (compatible; MJ12bot/v1.4.8; http://mj12bot.com/)"
37.187.94.3 - - [13/May/2025:14:30:15 -0400] "GET /wp-includes-20250512132804/js/shortcode.min.js HTTP/1.1" 200 1145 "-" "Mozilla/5.0 (compatible; MJ12bot/v1.4.8; http://mj12bot.com/)"
37.187.94.3 - - [13/May/2025:14:30:17 -0400] "GET /wp-includes-20250512132804/js/swfobject.js HTTP/1.1" 200 3949 "-" "Mozilla/5.0 (compatible; MJ12bot/v1.4.8; http://mj12bot.com/)"
37.187.94.3 - - [13/May/2025:14:30:19 -0400] "GET /wp-includes-20250512132804/js/swfupload/ HTTP/1.1" 200 445 "-" "Mozilla/5.0 (compatible; MJ12bot/v1.4.8; http://mj12bot.com/)"
37.187.94.3 - - [13/May/2025:14:30:20 -0400] "GET /wp-includes-20250512132804/js/thickbox/ HTTP/1.1" 200 478 "-" "Mozilla/5.0 (compatible; MJ12bot/v1.4.8; http://mj12bot.com/)"
37.187.94.3 - - [13/May/2025:14:30:22 -0400] "GET /wp-includes-20250512132804/js/tinymce/ HTTP/1.1" 200 562 "-" "Mozilla/5.0 (compatible; MJ12bot/v1.4.8; http://mj12bot.com/)"
37.187.94.3 - - [13/May/2025:14:30:25 -0400] "GET /wp-includes-20250512132804/js/tw-sack.js HTTP/1.1" 200 1543 "-" "Mozilla/5.0 (compatible; MJ12bot/v1.4.8; http://mj12bot.com/)"
37.187.94.3 - - [13/May/2025:14:30:28 -0400] "GET /wp-includes-20250512132804/js/tw-sack.min.js HTTP/1.1" 200 1158 "-" "Mozilla/5.0 (compatible; MJ12bot/v1.4.8; http://mj12bot.com/)"
37.187.94.3 - - [13/May/2025:14:30:31 -0400] "GET /wp-includes-20250512132804/js/twemoji.js HTTP/1.1" 200 8537 "-" "Mozilla/5.0 (compatible; MJ12bot/v1.4.8; http://mj12bot.com/)"
37.187.94.3 - - [13/May/2025:14:30:34 -0400] "GET /wp-includes-20250512132804/js/twemoji.min.js HTTP/1.1" 200 3910 "-" "Mozilla/5.0 (compatible; MJ12bot/v1.4.8; http://mj12bot.com/)"
37.187.94.3 - - [13/May/2025:14:30:36 -0400] "GET /wp-includes-20250512132804/js/underscore.js HTTP/1.1" 200 19442 "-" "Mozilla/5.0 (compatible; MJ12bot/v1.4.8; http://mj12bot.com/)"
37.187.94.3 - - [13/May/2025:14:30:38 -0400] "GET /wp-includes-20250512132804/js/underscore.min.js HTTP/1.1" 200 7317 "-" "Mozilla/5.0 (compatible; MJ12bot/v1.4.8; http://mj12bot.com/)"
37.187.94.3 - - [13/May/2025:14:30:41 -0400] "GET /wp-includes-20250512132804/js/utils.js HTTP/1.1" 200 1686 "-" "Mozilla/5.0 (compatible; MJ12bot/v1.4.8; http://mj12bot.com/)"
37.187.94.3 - - [13/May/2025:14:30:43 -0400] "GET /wp-includes-20250512132804/js/utils.min.js HTTP/1.1" 200 819 "-" "Mozilla/5.0 (compatible; MJ12bot/v1.4.8; http://mj12bot.com/)"
37.187.94.3 - - [13/May/2025:14:30:45 -0400] "GET /wp-includes-20250512132804/js/wp-ajax-response.js HTTP/1.1" 200 1490 "-" "Mozilla/5.0 (compatible; MJ12bot/v1.4.8; http://mj12bot.com/)"
37.187.94.3 - - [13/May/2025:14:30:47 -0400] "GET /wp-includes-20250512132804/js/wp-ajax-response.min.js HTTP/1.1" 200 1134 "-" "Mozilla/5.0 (compatible; MJ12bot/v1.4.8; http://mj12bot.com/)"
37.187.94.3 - - [13/May/2025:14:30:50 -0400] "GET /wp-includes-20250512132804/js/wp-api.js HTTP/1.1" 200 10819 "-" "Mozilla/5.0 (compatible; MJ12bot/v1.4.8; http://mj12bot.com/)"
37.187.94.3 - - [13/May/2025:14:30:52 -0400] "GET /wp-includes-20250512132804/js/wp-api.min.js HTTP/1.1" 200 4136 "-" "Mozilla/5.0 (compatible; MJ12bot/v1.4.8; http://mj12bot.com/)"
37.187.94.3 - - [13/May/2025:14:30:55 -0400] "GET /wp-includes-20250512132804/js/wp-auth-check.js HTTP/1.1" 200 1613 "-" "Mozilla/5.0 (compatible; MJ12bot/v1.4.8; http://mj12bot.com/)"
37.187.94.3 - - [13/May/2025:14:30:57 -0400] "GET /wp-includes-20250512132804/js/wp-auth-check.min.js HTTP/1.1" 200 773 "-" "Mozilla/5.0 (compatible; MJ12bot/v1.4.8; http://mj12bot.com/)"
37.187.94.3 - - [13/May/2025:14:30:59 -0400] "GET /wp-includes-20250512132804/js/wp-backbone.js HTTP/1.1" 200 3657 "-" "Mozilla/5.0 (compatible; MJ12bot/v1.4.8; http://mj12bot.com/)"
37.187.94.3 - - [13/May/2025:14:31:02 -0400] "GET /wp-includes-20250512132804/js/wp-backbone.min.js HTTP/1.1" 200 1175 "-" "Mozilla/5.0 (compatible; MJ12bot/v1.4.8; http://mj12bot.com/)"
37.187.94.3 - - [13/May/2025:14:31:04 -0400] "GET /wp-includes-20250512132804/js/wp-custom-header.js HTTP/1.1" 200 2947 "-" "Mozilla/5.0 (compatible; MJ12bot/v1.4.8; http://mj12bot.com/)"
37.187.94.3 - - [13/May/2025:14:31:06 -0400] "GET /wp-includes-20250512132804/js/wp-custom-header.min.js HTTP/1.1" 200 1608 "-" "Mozilla/5.0 (compatible; MJ12bot/v1.4.8; http://mj12bot.com/)"
37.187.94.3 - - [13/May/2025:14:31:09 -0400] "GET /wp-includes-20250512132804/js/wp-embed-template.js HTTP/1.1" 200 1883 "-" "Mozilla/5.0 (compatible; MJ12bot/v1.4.8; http://mj12bot.com/)"
37.187.94.3 - - [13/May/2025:14:31:11 -0400] "GET /wp-includes-20250512132804/js/wp-embed-template.min.js HTTP/1.1" 200 1119 "-" "Mozilla/5.0 (compatible; MJ12bot/v1.4.8; http://mj12bot.com/)"
37.187.94.3 - - [13/May/2025:14:31:13 -0400] "GET /wp-includes-20250512132804/js/wp-embed.js HTTP/1.1" 200 1339 "-" "Mozilla/5.0 (compatible; MJ12bot/v1.4.8; http://mj12bot.com/)"
37.187.94.3 - - [13/May/2025:14:31:16 -0400] "GET /wp-includes-20250512132804/js/wp-embed.min.js HTTP/1.1" 200 694 "-" "Mozilla/5.0 (compatible; MJ12bot/v1.4.8; http://mj12bot.com/)"
37.187.94.3 - - [13/May/2025:14:31:18 -0400] "GET /wp-includes-20250512132804/js/wp-emoji-loader.js HTTP/1.1" 200 3766 "-" "Mozilla/5.0 (compatible; MJ12bot/v1.4.8; http://mj12bot.com/)"
37.187.94.3 - - [13/May/2025:14:31:20 -0400] "GET /wp-includes-20250512132804/js/wp-emoji-loader.min.js HTTP/1.1" 200 1221 "-" "Mozilla/5.0 (compatible; MJ12bot/v1.4.8; http://mj12bot.com/)"
37.187.94.3 - - [13/May/2025:14:31:22 -0400] "GET /wp-includes-20250512132804/js/wp-emoji-release.min.js HTTP/1.1" 200 5166 "-" "Mozilla/5.0 (compatible; MJ12bot/v1.4.8; http://mj12bot.com/)"
37.187.94.3 - - [13/May/2025:14:31:24 -0400] "GET /wp-includes-20250512132804/js/wp-emoji.js HTTP/1.1" 200 3427 "-" "Mozilla/5.0 (compatible; MJ12bot/v1.4.8; http://mj12bot.com/)"
37.187.94.3 - - [13/May/2025:14:31:26 -0400] "GET /wp-includes-20250512132804/js/wp-emoji.min.js HTTP/1.1" 200 1439 "-" "Mozilla/5.0 (compatible; MJ12bot/v1.4.8; http://mj12bot.com/)"
37.187.94.3 - - [13/May/2025:14:31:28 -0400] "GET /wp-includes-20250512132804/js/wp-list-revisions.js HTTP/1.1" 200 461 "-" "Mozilla/5.0 (compatible; MJ12bot/v1.4.8; http://mj12bot.com/)"
37.187.94.3 - - [13/May/2025:14:31:30 -0400] "GET /wp-includes-20250512132804/js/wp-list-revisions.min.js HTTP/1.1" 200 360 "-" "Mozilla/5.0 (compatible; MJ12bot/v1.4.8; http://mj12bot.com/)"
37.187.94.3 - - [13/May/2025:14:31:32 -0400] "GET /wp-includes-20250512132804/js/wp-lists.js HTTP/1.1" 200 5409 "-" "Mozilla/5.0 (compatible; MJ12bot/v1.4.8; http://mj12bot.com/)"
37.187.94.3 - - [13/May/2025:14:31:34 -0400] "GET /wp-includes-20250512132804/js/wp-lists.min.js HTTP/1.1" 200 2534 "-" "Mozilla/5.0 (compatible; MJ12bot/v1.4.8; http://mj12bot.com/)"
37.187.94.3 - - [13/May/2025:14:31:36 -0400] "GET /wp-includes-20250512132804/js/wp-pointer.js HTTP/1.1" 200 3014 "-" "Mozilla/5.0 (compatible; MJ12bot/v1.4.8; http://mj12bot.com/)"
104.168.146.214 - - [13/May/2025:14:31:38 -0400] "GET /contact/ HTTP/1.1" 404 - "-" "Mozilla/5.0 (Windows NT 10.0; Win64; x64) AppleWebKit/537.36 (KHTML, like Gecko) Chrome/114.0.0.0 Safari/537.36"
37.187.94.3 - - [13/May/2025:14:31:39 -0400] "GET /wp-includes-20250512132804/js/wp-pointer.min.js HTTP/1.1" 200 1328 "-" "Mozilla/5.0 (compatible; MJ12bot/v1.4.8; http://mj12bot.com/)"
104.168.146.214 - - [13/May/2025:14:31:38 -0400] "GET / HTTP/1.1" 200 1391 "-" "Mozilla/5.0 (Windows NT 10.0; Win64; x64) AppleWebKit/537.36 (KHTML, like Gecko) Chrome/114.0.0.0 Safari/537.36"
37.187.94.3 - - [13/May/2025:14:31:41 -0400] "GET /wp-includes-20250512132804/js/wp-sanitize.js HTTP/1.1" 200 594 "-" "Mozilla/5.0 (compatible; MJ12bot/v1.4.8; http://mj12bot.com/)"
37.187.94.3 - - [13/May/2025:14:31:43 -0400] "GET /wp-includes-20250512132804/js/wp-sanitize.min.js HTTP/1.1" 200 284 "-" "Mozilla/5.0 (compatible; MJ12bot/v1.4.8; http://mj12bot.com/)"
104.168.146.214 - - [13/May/2025:14:31:41 -0400] "GET /?C=N;O=D HTTP/1.1" 200 1383 "https://sanghavirealty.in/" "Mozilla/5.0 (Windows NT 10.0; Win64; x64) AppleWebKit/537.36 (KHTML, like Gecko) Chrome/114.0.0.0 Safari/537.36"
37.187.94.3 - - [13/May/2025:14:31:45 -0400] "GET /wp-includes-20250512132804/js/wp-util.js HTTP/1.1" 200 1749 "-" "Mozilla/5.0 (compatible; MJ12bot/v1.4.8; http://mj12bot.com/)"
37.187.94.3 - - [13/May/2025:14:31:47 -0400] "GET /wp-includes-20250512132804/js/wp-util.min.js HTTP/1.1" 200 756 "-" "Mozilla/5.0 (compatible; MJ12bot/v1.4.8; http://mj12bot.com/)"
104.168.146.214 - - [13/May/2025:14:31:44 -0400] "GET /?C=M;O=A HTTP/1.1" 200 1407 "https://sanghavirealty.in/" "Mozilla/5.0 (Windows NT 10.0; Win64; x64) AppleWebKit/537.36 (KHTML, like Gecko) Chrome/114.0.0.0 Safari/537.36"
104.168.146.214 - - [13/May/2025:14:31:47 -0400] "GET /wp-trackback.php HTTP/1.1" 500 - "https://sanghavirealty.in/" "Mozilla/5.0 (Windows NT 10.0; Win64; x64) AppleWebKit/537.36 (KHTML, like Gecko) Chrome/114.0.0.0 Safari/537.36"
37.187.94.3 - - [13/May/2025:14:31:48 -0400] "GET /wp-includes-20250512132804/js/wpdialog.js HTTP/1.1" 200 349 "-" "Mozilla/5.0 (compatible; MJ12bot/v1.4.8; http://mj12bot.com/)"
37.187.94.3 - - [13/May/2025:14:31:50 -0400] "GET /wp-includes-20250512132804/js/wpdialog.min.js HTTP/1.1" 200 211 "-" "Mozilla/5.0 (compatible; MJ12bot/v1.4.8; http://mj12bot.com/)"
104.168.146.214 - - [13/May/2025:14:31:48 -0400] "GET /?C=S;O=A HTTP/1.1" 200 1379 "https://sanghavirealty.in/" "Mozilla/5.0 (Windows NT 10.0; Win64; x64) AppleWebKit/537.36 (KHTML, like Gecko) Chrome/114.0.0.0 Safari/537.36"
104.168.146.214 - - [13/May/2025:14:31:51 -0400] "GET /wp-signup.php HTTP/1.1" 500 - "https://sanghavirealty.in/" "Mozilla/5.0 (Windows NT 10.0; Win64; x64) AppleWebKit/537.36 (KHTML, like Gecko) Chrome/114.0.0.0 Safari/537.36"
37.187.94.3 - - [13/May/2025:14:31:52 -0400] "GET /wp-includes-20250512132804/js/wplink.js HTTP/1.1" 200 6001 "-" "Mozilla/5.0 (compatible; MJ12bot/v1.4.8; http://mj12bot.com/)"
37.187.94.3 - - [13/May/2025:14:31:54 -0400] "GET /wp-includes-20250512132804/js/wplink.min.js HTTP/1.1" 200 3897 "-" "Mozilla/5.0 (compatible; MJ12bot/v1.4.8; http://mj12bot.com/)"
104.168.146.214 - - [13/May/2025:14:31:52 -0400] "GET /?C=D;O=A HTTP/1.1" 200 1391 "https://sanghavirealty.in/" "Mozilla/5.0 (Windows NT 10.0; Win64; x64) AppleWebKit/537.36 (KHTML, like Gecko) Chrome/114.0.0.0 Safari/537.36"
104.168.146.214 - - [13/May/2025:14:31:55 -0400] "GET /wp-signup-20250512210315.php HTTP/1.1" 200 - "https://sanghavirealty.in/" "Mozilla/5.0 (Windows NT 10.0; Win64; x64) AppleWebKit/537.36 (KHTML, like Gecko) Chrome/114.0.0.0 Safari/537.36"
54.36.149.65 - - [13/May/2025:14:31:55 -0400] "GET /goods.php?shopdetail/297283759 HTTP/1.1" 404 - "-" "Mozilla/5.0 (compatible; AhrefsBot/7.0; +http://ahrefs.com/robot/)"
104.168.146.214 - - [13/May/2025:14:31:55 -0400] "GET /MMCTV3.2.php HTTP/1.1" 200 4817 "https://sanghavirealty.in/" "Mozilla/5.0 (Windows NT 10.0; Win64; x64) AppleWebKit/537.36 (KHTML, like Gecko) Chrome/114.0.0.0 Safari/537.36"
37.187.94.3 - - [13/May/2025:14:31:56 -0400] "GET /wp-includes-20250512132804/js/zxcvbn-async.js HTTP/1.1" 200 440 "-" "Mozilla/5.0 (compatible; MJ12bot/v1.4.8; http://mj12bot.com/)"
104.168.146.214 - - [13/May/2025:14:31:56 -0400] "GET /wp-signup-20250512205653.php HTTP/1.1" 200 - "https://sanghavirealty.in/" "Mozilla/5.0 (Windows NT 10.0; Win64; x64) AppleWebKit/537.36 (KHTML, like Gecko) Chrome/114.0.0.0 Safari/537.36"
104.168.146.214 - - [13/May/2025:14:31:57 -0400] "GET /ai1wm-backups/ HTTP/1.1" 200 46 "https://sanghavirealty.in/" "Mozilla/5.0 (Windows NT 10.0; Win64; x64) AppleWebKit/537.36 (KHTML, like Gecko) Chrome/114.0.0.0 Safari/537.36"
104.168.146.214 - - [13/May/2025:14:31:57 -0400] "GET /wp-settings.php HTTP/1.1" 500 - "https://sanghavirealty.in/" "Mozilla/5.0 (Windows NT 10.0; Win64; x64) AppleWebKit/537.36 (KHTML, like Gecko) Chrome/114.0.0.0 Safari/537.36"
104.168.146.214 - - [13/May/2025:14:31:57 -0400] "GET /block-supports/ HTTP/1.1" 200 701 "https://sanghavirealty.in/" "Mozilla/5.0 (Windows NT 10.0; Win64; x64) AppleWebKit/537.36 (KHTML, like Gecko) Chrome/114.0.0.0 Safari/537.36"
104.168.146.214 - - [13/May/2025:14:31:57 -0400] "GET /wp-settings-20250512192841.php HTTP/1.1" 500 - "https://sanghavirealty.in/" "Mozilla/5.0 (Windows NT 10.0; Win64; x64) AppleWebKit/537.36 (KHTML, like Gecko) Chrome/114.0.0.0 Safari/537.36"
104.168.146.214 - - [13/May/2025:14:31:58 -0400] "GET /cgi-bin-20250512152210/ HTTP/1.1" 200 392 "https://sanghavirealty.in/" "Mozilla/5.0 (Windows NT 10.0; Win64; x64) AppleWebKit/537.36 (KHTML, like Gecko) Chrome/114.0.0.0 Safari/537.36"
104.168.146.214 - - [13/May/2025:14:31:58 -0400] "GET /wp-settings-20250512132621.php HTTP/1.1" 500 - "https://sanghavirealty.in/" "Mozilla/5.0 (Windows NT 10.0; Win64; x64) AppleWebKit/537.36 (KHTML, like Gecko) Chrome/114.0.0.0 Safari/537.36"
104.168.146.214 - - [13/May/2025:14:31:58 -0400] "GET /googleaad33c48e5723e70-20250512215931.html HTTP/1.1" 200 - "https://sanghavirealty.in/" "Mozilla/5.0 (Windows NT 10.0; Win64; x64) AppleWebKit/537.36 (KHTML, like Gecko) Chrome/114.0.0.0 Safari/537.36"
37.187.94.3 - - [13/May/2025:14:31:58 -0400] "GET /wp-includes-20250512132804/js/zxcvbn-async.min.js HTTP/1.1" 200 256 "-" "Mozilla/5.0 (compatible; MJ12bot/v1.4.8; http://mj12bot.com/)"
104.168.146.214 - - [13/May/2025:14:31:59 -0400] "GET /wp-mail-20250512204054.php HTTP/1.1" 500 - "https://sanghavirealty.in/" "Mozilla/5.0 (Windows NT 10.0; Win64; x64) AppleWebKit/537.36 (KHTML, like Gecko) Chrome/114.0.0.0 Safari/537.36"
104.168.146.214 - - [13/May/2025:14:31:59 -0400] "GET /googleaad33c48e5723e70.html HTTP/1.1" 200 53 "https://sanghavirealty.in/" "Mozilla/5.0 (Windows NT 10.0; Win64; x64) AppleWebKit/537.36 (KHTML, like Gecko) Chrome/114.0.0.0 Safari/537.36"
104.168.146.214 - - [13/May/2025:14:31:59 -0400] "GET /wp-mail-20250512131706-20250512152909.php HTTP/1.1" 500 - "https://sanghavirealty.in/" "Mozilla/5.0 (Windows NT 10.0; Win64; x64) AppleWebKit/537.36 (KHTML, like Gecko) Chrome/114.0.0.0 Safari/537.36"
104.168.146.214 - - [13/May/2025:14:31:59 -0400] "GET /license-20250512131814.txt HTTP/1.1" 200 7292 "https://sanghavirealty.in/" "Mozilla/5.0 (Windows NT 10.0; Win64; x64) AppleWebKit/537.36 (KHTML, like Gecko) Chrome/114.0.0.0 Safari/537.36"
104.168.146.214 - - [13/May/2025:14:32:00 -0400] "GET /wp-login.php HTTP/1.1" 500 - "https://sanghavirealty.in/" "Mozilla/5.0 (Windows NT 10.0; Win64; x64) AppleWebKit/537.36 (KHTML, like Gecko) Chrome/114.0.0.0 Safari/537.36"
104.168.146.214 - - [13/May/2025:14:32:00 -0400] "GET /load-styles.php HTTP/1.1" 500 - "https://sanghavirealty.in/" "Mozilla/5.0 (Windows NT 10.0; Win64; x64) AppleWebKit/537.36 (KHTML, like Gecko) Chrome/114.0.0.0 Safari/537.36"
104.168.146.214 - - [13/May/2025:14:32:00 -0400] "GET /wp-login-20250512222023.php HTTP/1.1" 200 - "https://sanghavirealty.in/" "Mozilla/5.0 (Windows NT 10.0; Win64; x64) AppleWebKit/537.36 (KHTML, like Gecko) Chrome/114.0.0.0 Safari/537.36"
37.187.94.3 - - [13/May/2025:14:32:00 -0400] "GET /wp-includes-20250512132804/js/zxcvbn.min.js HTTP/1.1" 200 399661 "-" "Mozilla/5.0 (compatible; MJ12bot/v1.4.8; http://mj12bot.com/)"
104.168.146.214 - - [13/May/2025:14:32:01 -0400] "GET /namespaced/ HTTP/1.1" 200 463 "https://sanghavirealty.in/" "Mozilla/5.0 (Windows NT 10.0; Win64; x64) AppleWebKit/537.36 (KHTML, like Gecko) Chrome/114.0.0.0 Safari/537.36"
104.168.146.214 - - [13/May/2025:14:32:02 -0400] "GET /wp-login-20250512212529.php HTTP/1.1" 200 - "https://sanghavirealty.in/" "Mozilla/5.0 (Windows NT 10.0; Win64; x64) AppleWebKit/537.36 (KHTML, like Gecko) Chrome/114.0.0.0 Safari/537.36"
104.168.146.214 - - [13/May/2025:14:32:02 -0400] "GET /readme-20250512165026.html HTTP/1.1" 200 3023 "https://sanghavirealty.in/" "Mozilla/5.0 (Windows NT 10.0; Win64; x64) AppleWebKit/537.36 (KHTML, like Gecko) Chrome/114.0.0.0 Safari/537.36"
37.187.94.3 - - [13/May/2025:14:32:02 -0400] "GET /wp-includes-20250512132804/l10n/?C=D;O=A HTTP/1.1" 200 452 "-" "Mozilla/5.0 (compatible; MJ12bot/v1.4.8; http://mj12bot.com/)"
104.168.146.214 - - [13/May/2025:14:32:03 -0400] "GET /wp-load-20250512131557.php HTTP/1.1" 500 - "https://sanghavirealty.in/" "Mozilla/5.0 (Windows NT 10.0; Win64; x64) AppleWebKit/537.36 (KHTML, like Gecko) Chrome/114.0.0.0 Safari/537.36"
104.168.146.214 - - [13/May/2025:14:32:03 -0400] "GET /readme-20250512170237.html HTTP/1.1" 200 3023 "https://sanghavirealty.in/" "Mozilla/5.0 (Windows NT 10.0; Win64; x64) AppleWebKit/537.36 (KHTML, like Gecko) Chrome/114.0.0.0 Safari/537.36"
104.168.146.214 - - [13/May/2025:14:32:03 -0400] "GET /wp-links-opml.php HTTP/1.1" 500 - "https://sanghavirealty.in/" "Mozilla/5.0 (Windows NT 10.0; Win64; x64) AppleWebKit/537.36 (KHTML, like Gecko) Chrome/114.0.0.0 Safari/537.36"
104.168.146.214 - - [13/May/2025:14:32:04 -0400] "GET /robots-20250512212358.txt HTTP/1.1" 200 - "https://sanghavirealty.in/" "Mozilla/5.0 (Windows NT 10.0; Win64; x64) AppleWebKit/537.36 (KHTML, like Gecko) Chrome/114.0.0.0 Safari/537.36"
37.187.94.3 - - [13/May/2025:14:32:04 -0400] "GET /wp-includes-20250512132804/l10n/?C=M;O=A HTTP/1.1" 200 458 "-" "Mozilla/5.0 (compatible; MJ12bot/v1.4.8; http://mj12bot.com/)"
104.168.146.214 - - [13/May/2025:14:32:04 -0400] "GET /wp-links-opml-20250512212635.php HTTP/1.1" 200 - "https://sanghavirealty.in/" "Mozilla/5.0 (Windows NT 10.0; Win64; x64) AppleWebKit/537.36 (KHTML, like Gecko) Chrome/114.0.0.0 Safari/537.36"
104.168.146.214 - - [13/May/2025:14:32:05 -0400] "GET /robots-20250512212601.txt HTTP/1.1" 200 - "https://sanghavirealty.in/" "Mozilla/5.0 (Windows NT 10.0; Win64; x64) AppleWebKit/537.36 (KHTML, like Gecko) Chrome/114.0.0.0 Safari/537.36"
104.168.146.214 - - [13/May/2025:14:32:05 -0400] "GET /wp-links-opml-20250512202431.php HTTP/1.1" 200 - "https://sanghavirealty.in/" "Mozilla/5.0 (Windows NT 10.0; Win64; x64) AppleWebKit/537.36 (KHTML, like Gecko) Chrome/114.0.0.0 Safari/537.36"
104.168.146.214 - - [13/May/2025:14:32:05 -0400] "GET /robots.txt HTTP/1.1" 200 99 "https://sanghavirealty.in/" "Mozilla/5.0 (Windows NT 10.0; Win64; x64) AppleWebKit/537.36 (KHTML, like Gecko) Chrome/114.0.0.0 Safari/537.36"
37.187.94.3 - - [13/May/2025:14:32:06 -0400] "GET /wp-includes-20250512132804/l10n/?C=N;O=D HTTP/1.1" 200 452 "-" "Mozilla/5.0 (compatible; MJ12bot/v1.4.8; http://mj12bot.com/)"
104.168.146.214 - - [13/May/2025:14:32:05 -0400] "GET /wp-includes/ HTTP/1.1" 200 425 "https://sanghavirealty.in/" "Mozilla/5.0 (Windows NT 10.0; Win64; x64) AppleWebKit/537.36 (KHTML, like Gecko) Chrome/114.0.0.0 Safari/537.36"
104.168.146.214 - - [13/May/2025:14:32:07 -0400] "GET /seraph-accel-img-compr-redir-20250512204440.conf HTTP/1.1" 200 - "https://sanghavirealty.in/" "Mozilla/5.0 (Windows NT 10.0; Win64; x64) AppleWebKit/537.36 (KHTML, like Gecko) Chrome/114.0.0.0 Safari/537.36"
104.168.146.214 - - [13/May/2025:14:32:07 -0400] "GET /wp-includes-20250512215901/ HTTP/1.1" 200 394 "https://sanghavirealty.in/" "Mozilla/5.0 (Windows NT 10.0; Win64; x64) AppleWebKit/537.36 (KHTML, like Gecko) Chrome/114.0.0.0 Safari/537.36"
104.168.146.214 - - [13/May/2025:14:32:07 -0400] "GET /seraph-accel-img-compr-redir.conf HTTP/1.1" 200 641 "https://sanghavirealty.in/" "Mozilla/5.0 (Windows NT 10.0; Win64; x64) AppleWebKit/537.36 (KHTML, like Gecko) Chrome/114.0.0.0 Safari/537.36"
37.187.94.3 - - [13/May/2025:14:32:07 -0400] "GET /wp-includes-20250512132804/l10n/?C=S;O=A HTTP/1.1" 200 455 "-" "Mozilla/5.0 (compatible; MJ12bot/v1.4.8; http://mj12bot.com/)"
37.187.94.3 - - [13/May/2025:14:32:09 -0400] "GET /wp-includes-20250512132804/l10n/class-wp-translation-controller.php HTTP/1.1" 200 - "-" "Mozilla/5.0 (compatible; MJ12bot/v1.4.8; http://mj12bot.com/)"
37.187.94.3 - - [13/May/2025:14:32:11 -0400] "GET /wp-includes-20250512132804/l10n/class-wp-translation-file-mo.php HTTP/1.1" 500 - "-" "Mozilla/5.0 (compatible; MJ12bot/v1.4.8; http://mj12bot.com/)"
37.187.94.3 - - [13/May/2025:14:32:12 -0400] "GET /wp-includes-20250512132804/l10n/class-wp-translation-file-php.php HTTP/1.1" 500 - "-" "Mozilla/5.0 (compatible; MJ12bot/v1.4.8; http://mj12bot.com/)"
37.187.94.3 - - [13/May/2025:14:32:14 -0400] "GET /wp-includes-20250512132804/l10n/class-wp-translation-file.php HTTP/1.1" 200 - "-" "Mozilla/5.0 (compatible; MJ12bot/v1.4.8; http://mj12bot.com/)"
37.187.94.3 - - [13/May/2025:14:32:16 -0400] "GET /wp-includes-20250512132804/l10n/class-wp-translations.php HTTP/1.1" 200 - "-" "Mozilla/5.0 (compatible; MJ12bot/v1.4.8; http://mj12bot.com/)"
104.168.146.214 - - [13/May/2025:14:32:08 -0400] "GET /wp-includes-20250512132804/ HTTP/1.1" 200 4645 "https://sanghavirealty.in/" "Mozilla/5.0 (Windows NT 10.0; Win64; x64) AppleWebKit/537.36 (KHTML, like Gecko) Chrome/114.0.0.0 Safari/537.36"
44.243.139.182 - - [13/May/2025:14:32:16 -0400] "GET /robots.txt HTTP/1.1" 200 99 "-" "Mozilla/5.0 (compatible; wpbot/1.3; +https://forms.gle/ajBaxygz9jSR8p8G9)"
104.168.146.214 - - [13/May/2025:14:32:17 -0400] "GET /seraphinite-accelerator-2024-11-28_083405.htaccess HTTP/1.1" 404 - "https://sanghavirealty.in/" "Mozilla/5.0 (Windows NT 10.0; Win64; x64) AppleWebKit/537.36 (KHTML, like Gecko) Chrome/114.0.0.0 Safari/537.36"
104.168.146.214 - - [13/May/2025:14:32:17 -0400] "GET /wp-cron-20250512133814.php HTTP/1.1" 200 - "https://sanghavirealty.in/" "Mozilla/5.0 (Windows NT 10.0; Win64; x64) AppleWebKit/537.36 (KHTML, like Gecko) Chrome/114.0.0.0 Safari/537.36"
37.187.94.3 - - [13/May/2025:14:32:17 -0400] "GET /wp-includes-20250512132804/php-compat/?C=D;O=A HTTP/1.1" 200 378 "-" "Mozilla/5.0 (compatible; MJ12bot/v1.4.8; http://mj12bot.com/)"
104.168.146.214 - - [13/May/2025:14:32:17 -0400] "GET /sodium_compat/ HTTP/1.1" 200 503 "https://sanghavirealty.in/" "Mozilla/5.0 (Windows NT 10.0; Win64; x64) AppleWebKit/537.36 (KHTML, like Gecko) Chrome/114.0.0.0 Safari/537.36"
104.168.146.214 - - [13/May/2025:14:32:18 -0400] "GET /wp-content/ HTTP/1.1" 200 - "https://sanghavirealty.in/" "Mozilla/5.0 (Windows NT 10.0; Win64; x64) AppleWebKit/537.36 (KHTML, like Gecko) Chrome/114.0.0.0 Safari/537.36"
37.187.94.3 - - [13/May/2025:14:32:19 -0400] "GET /wp-includes-20250512132804/php-compat/?C=M;O=A HTTP/1.1" 200 378 "-" "Mozilla/5.0 (compatible; MJ12bot/v1.4.8; http://mj12bot.com/)"
104.168.146.214 - - [13/May/2025:14:32:18 -0400] "GET /src/ HTTP/1.1" 200 554 "https://sanghavirealty.in/" "Mozilla/5.0 (Windows NT 10.0; Win64; x64) AppleWebKit/537.36 (KHTML, like Gecko) Chrome/114.0.0.0 Safari/537.36"
44.243.139.182 - - [13/May/2025:14:32:16 -0400] "GET / HTTP/1.1" 200 1391 "-" "Mozilla/5.0 (compatible; wpbot/1.3; +https://forms.gle/ajBaxygz9jSR8p8G9)"
104.168.146.214 - - [13/May/2025:14:32:20 -0400] "GET /wp-confiq.php HTTP/1.1" 500 - "https://sanghavirealty.in/" "Mozilla/5.0 (Windows NT 10.0; Win64; x64) AppleWebKit/537.36 (KHTML, like Gecko) Chrome/114.0.0.0 Safari/537.36"
104.168.146.214 - - [13/May/2025:14:32:20 -0400] "GET /themes/ HTTP/1.1" 200 - "https://sanghavirealty.in/" "Mozilla/5.0 (Windows NT 10.0; Win64; x64) AppleWebKit/537.36 (KHTML, like Gecko) Chrome/114.0.0.0 Safari/537.36"
104.168.146.214 - - [13/May/2025:14:32:20 -0400] "GET /wp-activate-20250512133658.php HTTP/1.1" 500 - "https://sanghavirealty.in/" "Mozilla/5.0 (Windows NT 10.0; Win64; x64) AppleWebKit/537.36 (KHTML, like Gecko) Chrome/114.0.0.0 Safari/537.36"
104.168.146.214 - - [13/May/2025:14:32:20 -0400] "GET /wp-config-sample-20250512165130.php HTTP/1.1" 500 - "https://sanghavirealty.in/" "Mozilla/5.0 (Windows NT 10.0; Win64; x64) AppleWebKit/537.36 (KHTML, like Gecko) Chrome/114.0.0.0 Safari/537.36"
104.168.146.214 - - [13/May/2025:14:32:21 -0400] "GET /wp-blog-header.php HTTP/1.1" 500 - "https://sanghavirealty.in/" "Mozilla/5.0 (Windows NT 10.0; Win64; x64) AppleWebKit/537.36 (KHTML, like Gecko) Chrome/114.0.0.0 Safari/537.36"
37.187.94.3 - - [13/May/2025:14:32:21 -0400] "GET /wp-includes-20250512132804/php-compat/?C=N;O=D HTTP/1.1" 200 376 "-" "Mozilla/5.0 (compatible; MJ12bot/v1.4.8; http://mj12bot.com/)"
104.168.146.214 - - [13/May/2025:14:32:21 -0400] "GET /wp-comments-post.php HTTP/1.1" 405 - "https://sanghavirealty.in/" "Mozilla/5.0 (Windows NT 10.0; Win64; x64) AppleWebKit/537.36 (KHTML, like Gecko) Chrome/114.0.0.0 Safari/537.36"
104.168.146.214 - - [13/May/2025:14:32:21 -0400] "GET /wp-comments-post-20250512202611.php HTTP/1.1" 200 - "https://sanghavirealty.in/" "Mozilla/5.0 (Windows NT 10.0; Win64; x64) AppleWebKit/537.36 (KHTML, like Gecko) Chrome/114.0.0.0 Safari/537.36"
104.168.146.214 - - [13/May/2025:14:32:21 -0400] "GET /wp-comments-post-20250512211544.php HTTP/1.1" 200 - "https://sanghavirealty.in/" "Mozilla/5.0 (Windows NT 10.0; Win64; x64) AppleWebKit/537.36 (KHTML, like Gecko) Chrome/114.0.0.0 Safari/537.36"
37.187.94.3 - - [13/May/2025:14:32:22 -0400] "GET /wp-includes-20250512132804/php-compat/?C=S;O=A HTTP/1.1" 200 378 "-" "Mozilla/5.0 (compatible; MJ12bot/v1.4.8; http://mj12bot.com/)"
37.187.94.3 - - [13/May/2025:14:32:24 -0400] "GET /wp-includes-20250512132804/php-compat/readonly.php HTTP/1.1" 200 - "-" "Mozilla/5.0 (compatible; MJ12bot/v1.4.8; http://mj12bot.com/)"
37.187.94.3 - - [13/May/2025:14:32:26 -0400] "GET /wp-includes-20250512132804/pomo/?C=D;O=A HTTP/1.1" 200 483 "-" "Mozilla/5.0 (compatible; MJ12bot/v1.4.8; http://mj12bot.com/)"
37.187.94.3 - - [13/May/2025:14:32:28 -0400] "GET /wp-includes-20250512132804/pomo/?C=M;O=A HTTP/1.1" 200 480 "-" "Mozilla/5.0 (compatible; MJ12bot/v1.4.8; http://mj12bot.com/)"
37.187.94.3 - - [13/May/2025:14:32:29 -0400] "GET /wp-includes-20250512132804/pomo/?C=N;O=D HTTP/1.1" 200 476 "-" "Mozilla/5.0 (compatible; MJ12bot/v1.4.8; http://mj12bot.com/)"
37.187.94.3 - - [13/May/2025:14:32:31 -0400] "GET /wp-includes-20250512132804/pomo/?C=S;O=A HTTP/1.1" 200 483 "-" "Mozilla/5.0 (compatible; MJ12bot/v1.4.8; http://mj12bot.com/)"
37.187.94.3 - - [13/May/2025:14:32:33 -0400] "GET /wp-includes-20250512132804/pomo/entry.php HTTP/1.1" 200 - "-" "Mozilla/5.0 (compatible; MJ12bot/v1.4.8; http://mj12bot.com/)"
37.187.94.3 - - [13/May/2025:14:32:35 -0400] "GET /wp-includes-20250512132804/pomo/mo.php HTTP/1.1" 200 - "-" "Mozilla/5.0 (compatible; MJ12bot/v1.4.8; http://mj12bot.com/)"
37.187.94.3 - - [13/May/2025:14:32:36 -0400] "GET /wp-includes-20250512132804/pomo/plural-forms.php HTTP/1.1" 200 - "-" "Mozilla/5.0 (compatible; MJ12bot/v1.4.8; http://mj12bot.com/)"
37.187.94.3 - - [13/May/2025:14:32:38 -0400] "GET /wp-includes-20250512132804/pomo/po.php HTTP/1.1" 200 - "-" "Mozilla/5.0 (compatible; MJ12bot/v1.4.8; http://mj12bot.com/)"
37.187.94.3 - - [13/May/2025:14:32:40 -0400] "GET /wp-includes-20250512132804/pomo/streams.php HTTP/1.1" 200 - "-" "Mozilla/5.0 (compatible; MJ12bot/v1.4.8; http://mj12bot.com/)"
37.187.94.3 - - [13/May/2025:14:32:41 -0400] "GET /wp-includes-20250512132804/pomo/translations.php HTTP/1.1" 200 - "-" "Mozilla/5.0 (compatible; MJ12bot/v1.4.8; http://mj12bot.com/)"
37.187.94.3 - - [13/May/2025:14:32:43 -0400] "GET /wp-includes-20250512132804/rest-api/?C=D;O=A HTTP/1.1" 200 491 "-" "Mozilla/5.0 (compatible; MJ12bot/v1.4.8; http://mj12bot.com/)"
37.187.94.3 - - [13/May/2025:14:32:46 -0400] "GET /wp-includes-20250512132804/rest-api/?C=M;O=A HTTP/1.1" 200 492 "-" "Mozilla/5.0 (compatible; MJ12bot/v1.4.8; http://mj12bot.com/)"
37.187.94.3 - - [13/May/2025:14:32:48 -0400] "GET /wp-includes-20250512132804/rest-api/?C=N;O=D HTTP/1.1" 200 484 "-" "Mozilla/5.0 (compatible; MJ12bot/v1.4.8; http://mj12bot.com/)"
37.187.94.3 - - [13/May/2025:14:32:50 -0400] "GET /wp-includes-20250512132804/rest-api/?C=S;O=A HTTP/1.1" 200 490 "-" "Mozilla/5.0 (compatible; MJ12bot/v1.4.8; http://mj12bot.com/)"
37.187.94.3 - - [13/May/2025:14:32:53 -0400] "GET /wp-includes-20250512132804/rest-api/class-wp-rest-request.php HTTP/1.1" 200 - "-" "Mozilla/5.0 (compatible; MJ12bot/v1.4.8; http://mj12bot.com/)"
37.187.94.3 - - [13/May/2025:14:32:55 -0400] "GET /wp-includes-20250512132804/rest-api/class-wp-rest-response.php HTTP/1.1" 500 - "-" "Mozilla/5.0 (compatible; MJ12bot/v1.4.8; http://mj12bot.com/)"
37.187.94.3 - - [13/May/2025:14:32:56 -0400] "GET /wp-includes-20250512132804/rest-api/class-wp-rest-server.php HTTP/1.1" 200 - "-" "Mozilla/5.0 (compatible; MJ12bot/v1.4.8; http://mj12bot.com/)"
37.187.94.3 - - [13/May/2025:14:32:58 -0400] "GET /wp-includes-20250512132804/rest-api/endpoints/ HTTP/1.1" 200 1025 "-" "Mozilla/5.0 (compatible; MJ12bot/v1.4.8; http://mj12bot.com/)"
37.187.94.3 - - [13/May/2025:14:33:00 -0400] "GET /wp-includes-20250512132804/rest-api/fields/ HTTP/1.1" 200 468 "-" "Mozilla/5.0 (compatible; MJ12bot/v1.4.8; http://mj12bot.com/)"
37.187.94.3 - - [13/May/2025:14:33:02 -0400] "GET /wp-includes-20250512132804/rest-api/search/ HTTP/1.1" 200 463 "-" "Mozilla/5.0 (compatible; MJ12bot/v1.4.8; http://mj12bot.com/)"
37.187.94.3 - - [13/May/2025:14:33:03 -0400] "GET /wp-includes-20250512132804/sitemaps/?C=D;O=A HTTP/1.1" 200 522 "-" "Mozilla/5.0 (compatible; MJ12bot/v1.4.8; http://mj12bot.com/)"
37.187.94.3 - - [13/May/2025:14:33:05 -0400] "GET /wp-includes-20250512132804/sitemaps/?C=M;O=A HTTP/1.1" 200 522 "-" "Mozilla/5.0 (compatible; MJ12bot/v1.4.8; http://mj12bot.com/)"
37.187.94.3 - - [13/May/2025:14:33:07 -0400] "GET /wp-includes-20250512132804/sitemaps/?C=N;O=D HTTP/1.1" 200 511 "-" "Mozilla/5.0 (compatible; MJ12bot/v1.4.8; http://mj12bot.com/)"
37.187.94.3 - - [13/May/2025:14:33:09 -0400] "GET /wp-includes-20250512132804/sitemaps/?C=S;O=A HTTP/1.1" 200 518 "-" "Mozilla/5.0 (compatible; MJ12bot/v1.4.8; http://mj12bot.com/)"
37.187.94.3 - - [13/May/2025:14:33:11 -0400] "GET /wp-includes-20250512132804/sitemaps/class-wp-sitemaps-index.php HTTP/1.1" 200 - "-" "Mozilla/5.0 (compatible; MJ12bot/v1.4.8; http://mj12bot.com/)"
37.187.94.3 - - [13/May/2025:14:33:13 -0400] "GET /wp-includes-20250512132804/sitemaps/class-wp-sitemaps-provider.php HTTP/1.1" 200 - "-" "Mozilla/5.0 (compatible; MJ12bot/v1.4.8; http://mj12bot.com/)"
37.187.94.3 - - [13/May/2025:14:33:15 -0400] "GET /wp-includes-20250512132804/sitemaps/class-wp-sitemaps-registry.php HTTP/1.1" 200 - "-" "Mozilla/5.0 (compatible; MJ12bot/v1.4.8; http://mj12bot.com/)"
37.187.94.3 - - [13/May/2025:14:33:16 -0400] "GET /wp-includes-20250512132804/sitemaps/class-wp-sitemaps-renderer.php HTTP/1.1" 200 - "-" "Mozilla/5.0 (compatible; MJ12bot/v1.4.8; http://mj12bot.com/)"
37.187.94.3 - - [13/May/2025:14:33:18 -0400] "GET /wp-includes-20250512132804/sitemaps/class-wp-sitemaps-stylesheet.php HTTP/1.1" 200 - "-" "Mozilla/5.0 (compatible; MJ12bot/v1.4.8; http://mj12bot.com/)"
37.187.94.3 - - [13/May/2025:14:33:19 -0400] "GET /wp-includes-20250512132804/sitemaps/class-wp-sitemaps.php HTTP/1.1" 200 - "-" "Mozilla/5.0 (compatible; MJ12bot/v1.4.8; http://mj12bot.com/)"
37.187.94.3 - - [13/May/2025:14:33:21 -0400] "GET /wp-includes-20250512132804/sitemaps/providers/ HTTP/1.1" 200 449 "-" "Mozilla/5.0 (compatible; MJ12bot/v1.4.8; http://mj12bot.com/)"
37.187.94.3 - - [13/May/2025:14:33:23 -0400] "GET /wp-includes-20250512132804/sodium_compat/?C=D;O=A HTTP/1.1" 200 525 "-" "Mozilla/5.0 (compatible; MJ12bot/v1.4.8; http://mj12bot.com/)"
37.187.94.3 - - [13/May/2025:14:33:26 -0400] "GET /wp-includes-20250512132804/sodium_compat/?C=M;O=A HTTP/1.1" 200 530 "-" "Mozilla/5.0 (compatible; MJ12bot/v1.4.8; http://mj12bot.com/)"
37.187.94.3 - - [13/May/2025:14:33:28 -0400] "GET /wp-includes-20250512132804/sodium_compat/?C=N;O=D HTTP/1.1" 200 523 "-" "Mozilla/5.0 (compatible; MJ12bot/v1.4.8; http://mj12bot.com/)"
37.187.94.3 - - [13/May/2025:14:33:30 -0400] "GET /wp-includes-20250512132804/sodium_compat/?C=S;O=A HTTP/1.1" 200 526 "-" "Mozilla/5.0 (compatible; MJ12bot/v1.4.8; http://mj12bot.com/)"
37.187.94.3 - - [13/May/2025:14:33:33 -0400] "GET /wp-includes-20250512132804/sodium_compat/LICENSE HTTP/1.1" 200 860 "-" "Mozilla/5.0 (compatible; MJ12bot/v1.4.8; http://mj12bot.com/)"
37.187.94.3 - - [13/May/2025:14:33:35 -0400] "GET /wp-includes-20250512132804/sodium_compat/autoload-php7.php HTTP/1.1" 200 - "-" "Mozilla/5.0 (compatible; MJ12bot/v1.4.8; http://mj12bot.com/)"
37.187.94.3 - - [13/May/2025:14:33:36 -0400] "GET /wp-includes-20250512132804/sodium_compat/autoload.php HTTP/1.1" 200 - "-" "Mozilla/5.0 (compatible; MJ12bot/v1.4.8; http://mj12bot.com/)"
37.187.94.3 - - [13/May/2025:14:33:38 -0400] "GET /wp-includes-20250512132804/sodium_compat/composer.json HTTP/1.1" 404 - "-" "Mozilla/5.0 (compatible; MJ12bot/v1.4.8; http://mj12bot.com/)"
37.187.94.3 - - [13/May/2025:14:33:39 -0400] "GET /wp-includes-20250512132804/sodium_compat/lib/ HTTP/1.1" 200 561 "-" "Mozilla/5.0 (compatible; MJ12bot/v1.4.8; http://mj12bot.com/)"
37.187.94.3 - - [13/May/2025:14:33:41 -0400] "GET /wp-includes-20250512132804/sodium_compat/namespaced/ HTTP/1.1" 200 439 "-" "Mozilla/5.0 (compatible; MJ12bot/v1.4.8; http://mj12bot.com/)"
37.187.94.3 - - [13/May/2025:14:33:43 -0400] "GET /wp-includes-20250512132804/sodium_compat/src/ HTTP/1.1" 200 527 "-" "Mozilla/5.0 (compatible; MJ12bot/v1.4.8; http://mj12bot.com/)"
37.187.94.3 - - [13/May/2025:14:33:46 -0400] "GET /wp-includes-20250512132804/style-engine/?C=D;O=A HTTP/1.1" 200 463 "-" "Mozilla/5.0 (compatible; MJ12bot/v1.4.8; http://mj12bot.com/)"
37.187.94.3 - - [13/May/2025:14:33:47 -0400] "GET /wp-includes-20250512132804/style-engine/?C=M;O=A HTTP/1.1" 200 463 "-" "Mozilla/5.0 (compatible; MJ12bot/v1.4.8; http://mj12bot.com/)"
37.187.94.3 - - [13/May/2025:14:33:49 -0400] "GET /wp-includes-20250512132804/style-engine/?C=N;O=D HTTP/1.1" 200 464 "-" "Mozilla/5.0 (compatible; MJ12bot/v1.4.8; http://mj12bot.com/)"
37.187.94.3 - - [13/May/2025:14:33:51 -0400] "GET /wp-includes-20250512132804/style-engine/?C=S;O=A HTTP/1.1" 200 468 "-" "Mozilla/5.0 (compatible; MJ12bot/v1.4.8; http://mj12bot.com/)"
37.187.94.3 - - [13/May/2025:14:33:52 -0400] "GET /wp-includes-20250512132804/style-engine/class-wp-style-engine-css-declarations.php HTTP/1.1" 200 - "-" "Mozilla/5.0 (compatible; MJ12bot/v1.4.8; http://mj12bot.com/)"
