2a03:2880:f800:19:: - - [13/May/2025:09:20:47 -0400] "GET /wp-json/oembed/1.0/embed?url=https%3A%2F%2Fsanghavirealty.in%2Fluchshie-sloty-pinko-kazino-onlain-dlia-liubitelei-adrenalina%2F HTTP/1.1" 404 - "-" "meta-externalagent/1.1 (+https://developers.facebook.com/docs/sharing/webmasters/crawler)"
51.222.253.15 - - [13/May/2025:09:21:41 -0400] "GET /goods.php?shopdetail/220672859 HTTP/1.1" 404 - "-" "Mozilla/5.0 (compatible; AhrefsBot/7.0; +http://ahrefs.com/robot/)"
192.250.229.38 - - [13/May/2025:09:22:17 -0400] "POST /wp-login.php HTTP/1.1" 500 - "https://sanghavirealty.in" "Mozilla/5.0 (Macintosh; Intel Mac OS X 10_15_7) AppleWebKit/537.36 (KHTML, like Gecko) Chrome/114.0.5735.134 Safari/537.36"
51.222.253.5 - - [13/May/2025:09:23:01 -0400] "GET /goods.php?shopdetail/221005959 HTTP/1.1" 404 - "-" "Mozilla/5.0 (compatible; AhrefsBot/7.0; +http://ahrefs.com/robot/)"
51.222.253.10 - - [13/May/2025:09:24:36 -0400] "GET /goods.php?shopdetail/221992159 HTTP/1.1" 404 - "-" "Mozilla/5.0 (compatible; AhrefsBot/7.0; +http://ahrefs.com/robot/)"
51.222.253.6 - - [13/May/2025:09:25:53 -0400] "GET /goods.php?shopdetail/222489559 HTTP/1.1" 404 - "-" "Mozilla/5.0 (compatible; AhrefsBot/7.0; +http://ahrefs.com/robot/)"
51.222.253.1 - - [13/May/2025:09:27:35 -0400] "GET /goods.php?shopdetail/222758159 HTTP/1.1" 404 - "-" "Mozilla/5.0 (compatible; AhrefsBot/7.0; +http://ahrefs.com/robot/)"
41.77.119.186 - - [13/May/2025:09:28:24 -0400] "POST /wp-login.php HTTP/1.1" 500 - "https://sanghavirealty.in" "Mozilla/5.0 (Windows NT 10.0; Win64; x64) AppleWebKit/537.36 (KHTML, like Gecko) Chrome/114.0.5735.199 Safari/537.36 Edg/114.0.1823.67"
2.58.56.50 - - [13/May/2025:09:28:31 -0400] "GET /wp-includes/js/jquery/jquery.js HTTP/1.1" 404 - "-" "-"
51.222.253.3 - - [13/May/2025:09:28:54 -0400] "GET /goods.php?shopdetail/223098459 HTTP/1.1" 404 - "-" "Mozilla/5.0 (compatible; AhrefsBot/7.0; +http://ahrefs.com/robot/)"
66.249.77.97 - - [13/May/2025:09:29:37 -0400] "GET /sodium_compat/src/Core/AES/Block.php HTTP/1.1" 200 - "-" "Mozilla/5.0 (Linux; Android 6.0.1; Nexus 5X Build/MMB29P) AppleWebKit/537.36 (KHTML, like Gecko) Chrome/136.0.7103.59 Mobile Safari/537.36 (compatible; GoogleOther)"
51.222.253.9 - - [13/May/2025:09:30:30 -0400] "GET /goods.php?shopdetail/223127359 HTTP/1.1" 404 - "-" "Mozilla/5.0 (compatible; AhrefsBot/7.0; +http://ahrefs.com/robot/)"
139.59.139.68 - - [13/May/2025:09:31:36 -0400] "HEAD / HTTP/1.1" 200 - "-" "-"
51.222.253.12 - - [13/May/2025:09:31:40 -0400] "GET /goods.php?shopdetail/223330459 HTTP/1.1" 404 - "-" "Mozilla/5.0 (compatible; AhrefsBot/7.0; +http://ahrefs.com/robot/)"
51.222.253.5 - - [13/May/2025:09:32:46 -0400] "GET /goods.php?shopdetail/224004959 HTTP/1.1" 404 - "-" "Mozilla/5.0 (compatible; AhrefsBot/7.0; +http://ahrefs.com/robot/)"
51.222.253.6 - - [13/May/2025:09:34:09 -0400] "GET /goods.php?shopdetail/224094159 HTTP/1.1" 404 - "-" "Mozilla/5.0 (compatible; AhrefsBot/7.0; +http://ahrefs.com/robot/)"
198.54.120.17 - - [13/May/2025:09:34:31 -0400] "POST /wp-login.php HTTP/1.1" 500 - "https://sanghavirealty.in" "Mozilla/5.0 (Windows NT 10.0; Win64; x64; rv:128.0) Gecko/20100101 Firefox/128.0"
172.104.181.25 - - [13/May/2025:09:34:53 -0400] "GET / HTTP/1.1" 200 1391 "-" "Better Uptime Bot Mozilla/5.0 (Windows NT 10.0; Win64; x64) AppleWebKit/537.36 (KHTML, like Gecko) Chrome/74.0.3729.169 Safari/537.36"
51.222.253.6 - - [13/May/2025:09:35:29 -0400] "GET /goods.php?shopdetail/22437759 HTTP/1.1" 404 - "-" "Mozilla/5.0 (compatible; AhrefsBot/7.0; +http://ahrefs.com/robot/)"
40.116.89.24 - - [13/May/2025:09:36:40 -0400] "GET /about-us/?seraph_accel_gp=1746124824_0_css HTTP/1.1" 404 - "sanghavirealty.in" "Clarity-Bot"
51.222.253.20 - - [13/May/2025:09:36:59 -0400] "GET /goods.php?shopdetail/224738759 HTTP/1.1" 404 - "-" "Mozilla/5.0 (compatible; AhrefsBot/7.0; +http://ahrefs.com/robot/)"
51.222.253.5 - - [13/May/2025:09:38:23 -0400] "GET /goods.php?shopdetail/22488659 HTTP/1.1" 404 - "-" "Mozilla/5.0 (compatible; AhrefsBot/7.0; +http://ahrefs.com/robot/)"
2a03:2880:f800:9:: - - [13/May/2025:09:38:48 -0400] "GET /?p=1584 HTTP/1.1" 200 1391 "-" "meta-externalagent/1.1 (+https://developers.facebook.com/docs/sharing/webmasters/crawler)"
51.222.253.15 - - [13/May/2025:09:39:44 -0400] "GET /goods.php?shopdetail/224994259 HTTP/1.1" 404 - "-" "Mozilla/5.0 (compatible; AhrefsBot/7.0; +http://ahrefs.com/robot/)"
45.89.237.80 - - [13/May/2025:09:40:30 -0400] "POST /wp-login.php HTTP/1.1" 500 - "https://sanghavirealty.in" "Mozilla/5.0 (Macintosh; Intel Mac OS X 10_15_7) AppleWebKit/537.36 (KHTML, like Gecko) Chrome/113.0.5672.93 Safari/537.36"
51.222.253.4 - - [13/May/2025:09:41:13 -0400] "GET /goods.php?shopdetail/226429659 HTTP/1.1" 404 - "-" "Mozilla/5.0 (compatible; AhrefsBot/7.0; +http://ahrefs.com/robot/)"
66.249.77.98 - - [13/May/2025:09:41:48 -0400] "GET /sodium_compat/src/Core32/Curve25519/Ge/Cached.php HTTP/1.1" 200 - "-" "Mozilla/5.0 (Linux; Android 6.0.1; Nexus 5X Build/MMB29P) AppleWebKit/537.36 (KHTML, like Gecko) Chrome/136.0.7103.59 Mobile Safari/537.36 (compatible; GoogleOther)"
51.222.253.20 - - [13/May/2025:09:42:30 -0400] "GET /goods.php?shopdetail/226567959 HTTP/1.1" 404 - "-" "Mozilla/5.0 (compatible; AhrefsBot/7.0; +http://ahrefs.com/robot/)"
114.119.148.154 - - [13/May/2025:09:43:25 -0400] "GET /online-casino-turk-platformlarindaki-populer-oyunlar/ HTTP/1.1" 404 - "https://sanghavirealty.in/" "Mozilla/5.0 (Linux; Android 7.0;) AppleWebKit/537.36 (KHTML, like Gecko) Mobile Safari/537.36 (compatible; PetalBot;+https://webmaster.petalsearch.com/site/petalbot)"
51.222.253.20 - - [13/May/2025:09:43:41 -0400] "GET /goods.php?shopdetail/226870959 HTTP/1.1" 404 - "-" "Mozilla/5.0 (compatible; AhrefsBot/7.0; +http://ahrefs.com/robot/)"
183.82.35.191 - - [13/May/2025:09:46:36 -0400] "POST /wp-login.php HTTP/1.1" 500 - "https://sanghavirealty.in" "Mozilla/5.0 (Windows NT 10.0; Win64; x64; rv:126.0) Gecko/20100101 Firefox/126.0"
51.222.253.17 - - [13/May/2025:09:47:35 -0400] "GET /goods.php?shopdetail/227932959 HTTP/1.1" 404 - "-" "Mozilla/5.0 (compatible; AhrefsBot/7.0; +http://ahrefs.com/robot/)"
51.222.253.15 - - [13/May/2025:09:48:56 -0400] "GET /goods.php?shopdetail/228589359 HTTP/1.1" 404 - "-" "Mozilla/5.0 (compatible; AhrefsBot/7.0; +http://ahrefs.com/robot/)"
51.222.253.12 - - [13/May/2025:09:51:20 -0400] "GET /goods.php?shopdetail/228885759 HTTP/1.1" 404 - "-" "Mozilla/5.0 (compatible; AhrefsBot/7.0; +http://ahrefs.com/robot/)"
68.65.123.234 - - [13/May/2025:09:52:42 -0400] "POST /wp-login.php HTTP/1.1" 500 - "https://sanghavirealty.in" "Mozilla/5.0 (Windows NT 10.0; Win64; x64) AppleWebKit/537.36 (KHTML, like Gecko) Chrome/126.0.0.0 Safari/537.36 Edg/126.0.0.0"
51.222.253.18 - - [13/May/2025:09:52:49 -0400] "GET /goods.php?shopdetail/229060359 HTTP/1.1" 404 - "-" "Mozilla/5.0 (compatible; AhrefsBot/7.0; +http://ahrefs.com/robot/)"
66.249.77.99 - - [13/May/2025:09:53:59 -0400] "GET /src/Core32/Curve25519/Ge/P2.php HTTP/1.1" 200 - "-" "Mozilla/5.0 (Linux; Android 6.0.1; Nexus 5X Build/MMB29P) AppleWebKit/537.36 (KHTML, like Gecko) Chrome/136.0.7103.59 Mobile Safari/537.36 (compatible; GoogleOther)"
51.222.253.3 - - [13/May/2025:09:54:33 -0400] "GET /goods.php?shopdetail/229391759 HTTP/1.1" 404 - "-" "Mozilla/5.0 (compatible; AhrefsBot/7.0; +http://ahrefs.com/robot/)"
2a03:2880:f800:c:: - - [13/May/2025:09:55:16 -0400] "GET /?p=1598 HTTP/1.1" 200 1391 "-" "meta-externalagent/1.1 (+https://developers.facebook.com/docs/sharing/webmasters/crawler)"
51.222.253.11 - - [13/May/2025:09:56:06 -0400] "GET /goods.php?shopdetail/230506359 HTTP/1.1" 404 - "-" "Mozilla/5.0 (compatible; AhrefsBot/7.0; +http://ahrefs.com/robot/)"
51.222.253.7 - - [13/May/2025:09:58:09 -0400] "GET /goods.php?shopdetail/231101259 HTTP/1.1" 404 - "-" "Mozilla/5.0 (compatible; AhrefsBot/7.0; +http://ahrefs.com/robot/)"
199.195.252.21 - - [13/May/2025:09:58:18 -0400] "GET /wp-login.php HTTP/1.1" 500 - "-" "Mozilla/5.0 (Macintosh; Intel Mac OS X 10_10) AppleWebKit/538.46 (KHTML, like Gecko) Version/8.0 Safari/538.46"
18.116.112.164 - - [13/May/2025:09:58:20 -0400] "GET /robots.txt HTTP/1.1" 304 - "-" "Mozilla/5.0 AppleWebKit/537.36 (KHTML, like Gecko; compatible; ClaudeBot/1.0; +claudebot@anthropic.com)"
18.116.112.164 - - [13/May/2025:09:58:20 -0400] "GET /goods.php HTTP/1.1" 404 - "-" "Mozilla/5.0 AppleWebKit/537.36 (KHTML, like Gecko; compatible; ClaudeBot/1.0; +claudebot@anthropic.com)"
63.250.38.36 - - [13/May/2025:09:58:50 -0400] "POST /wp-login.php HTTP/1.1" 500 - "https://sanghavirealty.in" "Mozilla/5.0 (Macintosh; Intel Mac OS X 13.3; rv:126.0) Gecko/20100101 Firefox/126.0"
51.222.253.9 - - [13/May/2025:09:59:23 -0400] "GET /goods.php?shopdetail/231447859 HTTP/1.1" 404 - "-" "Mozilla/5.0 (compatible; AhrefsBot/7.0; +http://ahrefs.com/robot/)"
2a03:2880:f800:7:: - - [13/May/2025:09:59:54 -0400] "GET /1win-ofitsialnym-sait-bukmekerskoi-kontory-dlia-stavok-i-sport/feed/ HTTP/1.1" 404 - "-" "meta-externalagent/1.1 (+https://developers.facebook.com/docs/sharing/webmasters/crawler)"
51.222.253.3 - - [13/May/2025:10:01:03 -0400] "GET /goods.php?shopdetail/232021159 HTTP/1.1" 404 - "-" "Mozilla/5.0 (compatible; AhrefsBot/7.0; +http://ahrefs.com/robot/)"
51.222.253.14 - - [13/May/2025:10:02:25 -0400] "GET /goods.php?shopdetail/232222959 HTTP/1.1" 404 - "-" "Mozilla/5.0 (compatible; AhrefsBot/7.0; +http://ahrefs.com/robot/)"
51.222.253.9 - - [13/May/2025:10:03:43 -0400] "GET /goods.php?shopdetail/232473359 HTTP/1.1" 404 - "-" "Mozilla/5.0 (compatible; AhrefsBot/7.0; +http://ahrefs.com/robot/)"
172.104.181.25 - - [13/May/2025:10:04:53 -0400] "GET / HTTP/1.1" 200 1391 "-" "Better Uptime Bot Mozilla/5.0 (Windows NT 10.0; Win64; x64) AppleWebKit/537.36 (KHTML, like Gecko) Chrome/74.0.3729.169 Safari/537.36"
68.65.123.234 - - [13/May/2025:10:05:00 -0400] "POST /wp-login.php HTTP/1.1" 500 - "https://sanghavirealty.in" "Mozilla/5.0 (Windows NT 10.0; Win64; x64) AppleWebKit/537.36 (KHTML, like Gecko) Chrome/116.0.5845.96 Safari/537.36"
51.222.253.1 - - [13/May/2025:10:05:06 -0400] "GET /goods.php?shopdetail/233084959 HTTP/1.1" 404 - "-" "Mozilla/5.0 (compatible; AhrefsBot/7.0; +http://ahrefs.com/robot/)"
114.119.163.186 - - [13/May/2025:10:05:56 -0400] "GET /reiting-luchshikh-igrovykh-avtomatov-2025-top-slotov-na-dengi/ HTTP/1.1" 404 - "https://sanghavirealty.in/" "Mozilla/5.0 (Linux; Android 7.0;) AppleWebKit/537.36 (KHTML, like Gecko) Mobile Safari/537.36 (compatible; PetalBot;+https://webmaster.petalsearch.com/site/petalbot)"
66.249.77.98 - - [13/May/2025:10:06:11 -0400] "GET /sodium_compat/src/Core/AES/KeySchedule.php HTTP/1.1" 200 - "-" "Mozilla/5.0 (Linux; Android 6.0.1; Nexus 5X Build/MMB29P) AppleWebKit/537.36 (KHTML, like Gecko) Chrome/136.0.7103.59 Mobile Safari/537.36 (compatible; GoogleOther)"
51.222.253.15 - - [13/May/2025:10:06:16 -0400] "GET /goods.php?shopdetail/233212059 HTTP/1.1" 404 - "-" "Mozilla/5.0 (compatible; AhrefsBot/7.0; +http://ahrefs.com/robot/)"
51.222.253.13 - - [13/May/2025:10:07:32 -0400] "GET /goods.php?shopdetail/233328659 HTTP/1.1" 404 - "-" "Mozilla/5.0 (compatible; AhrefsBot/7.0; +http://ahrefs.com/robot/)"
51.222.253.5 - - [13/May/2025:10:08:44 -0400] "GET /goods.php?shopdetail/233620459 HTTP/1.1" 404 - "-" "Mozilla/5.0 (compatible; AhrefsBot/7.0; +http://ahrefs.com/robot/)"
51.222.253.8 - - [13/May/2025:10:10:12 -0400] "GET /goods.php?shopdetail/23422459 HTTP/1.1" 404 - "-" "Mozilla/5.0 (compatible; AhrefsBot/7.0; +http://ahrefs.com/robot/)"
2a03:b0c0:3:f0::6afb:f000 - - [13/May/2025:10:11:11 -0400] "POST /wp-login.php HTTP/1.1" 500 - "https://sanghavirealty.in" "Mozilla/5.0 (Macintosh; Intel Mac OS X 14.3) AppleWebKit/614.31.14 (KHTML, like Gecko) Version/17.0.96 Safari/614.31.14"
51.222.253.1 - - [13/May/2025:10:11:22 -0400] "GET /goods.php?shopdetail/23483559 HTTP/1.1" 404 - "-" "Mozilla/5.0 (compatible; AhrefsBot/7.0; +http://ahrefs.com/robot/)"
2a03:2880:f800:a:: - - [13/May/2025:10:12:11 -0400] "GET /?p=1600 HTTP/1.1" 200 1391 "-" "meta-externalagent/1.1 (+https://developers.facebook.com/docs/sharing/webmasters/crawler)"
51.222.253.12 - - [13/May/2025:10:12:35 -0400] "GET /goods.php?shopdetail/235983159 HTTP/1.1" 404 - "-" "Mozilla/5.0 (compatible; AhrefsBot/7.0; +http://ahrefs.com/robot/)"
51.222.253.18 - - [13/May/2025:10:13:56 -0400] "GET /goods.php?shopdetail/236071859 HTTP/1.1" 404 - "-" "Mozilla/5.0 (compatible; AhrefsBot/7.0; +http://ahrefs.com/robot/)"
2a03:2880:13ff:43:: - - [13/May/2025:10:14:44 -0400] "GET /meta.json HTTP/1.1" 404 - "-" "facebookexternalhit/1.1 (+http://www.facebook.com/externalhit_uatext.php)"
2a03:2880:13ff:6:: - - [13/May/2025:10:14:44 -0400] "GET / HTTP/1.1" 200 1391 "-" "facebookexternalhit/1.1 (+http://www.facebook.com/externalhit_uatext.php)"
2a03:2880:13ff:1:: - - [13/May/2025:10:14:44 -0400] "GET / HTTP/1.1" 200 1391 "-" "facebookexternalhit/1.1 (+http://www.facebook.com/externalhit_uatext.php)"
51.222.253.16 - - [13/May/2025:10:15:14 -0400] "GET /goods.php?shopdetail/236098759 HTTP/1.1" 404 - "-" "Mozilla/5.0 (compatible; AhrefsBot/7.0; +http://ahrefs.com/robot/)"
43.153.35.128 - - [13/May/2025:10:15:14 -0400] "GET / HTTP/1.1" 200 1391 "http://sanghavirealty.in" "Mozilla/5.0 (iPhone; CPU iPhone OS 13_2_3 like Mac OS X) AppleWebKit/605.1.15 (KHTML, like Gecko) Version/13.0.3 Mobile/15E148 Safari/604.1"
51.222.253.12 - - [13/May/2025:10:16:19 -0400] "GET /goods.php?shopdetail/236140559 HTTP/1.1" 404 - "-" "Mozilla/5.0 (compatible; AhrefsBot/7.0; +http://ahrefs.com/robot/)"
198.27.67.210 - - [13/May/2025:10:17:24 -0400] "POST /wp-login.php HTTP/1.1" 500 - "https://sanghavirealty.in" "Mozilla/5.0 (Windows NT 10.0; Win64; x64) AppleWebKit/537.36 (KHTML, like Gecko) Chrome/112.0.5615.138 Safari/537.36 Edg/112.0.1722.68"
51.222.253.10 - - [13/May/2025:10:17:33 -0400] "GET /goods.php?shopdetail/236656359 HTTP/1.1" 404 - "-" "Mozilla/5.0 (compatible; AhrefsBot/7.0; +http://ahrefs.com/robot/)"
40.77.167.36 - - [13/May/2025:10:17:35 -0400] "GET / HTTP/1.1" 200 1391 "-" "Mozilla/5.0 AppleWebKit/537.36 (KHTML, like Gecko; compatible; bingbot/2.0; +http://www.bing.com/bingbot.htm) Chrome/116.0.1938.76 Safari/537.36"
66.249.77.98 - - [13/May/2025:10:18:22 -0400] "GET /src/Core32/Curve25519/Ge/Cached.php HTTP/1.1" 200 - "-" "Mozilla/5.0 (Linux; Android 6.0.1; Nexus 5X Build/MMB29P) AppleWebKit/537.36 (KHTML, like Gecko) Chrome/136.0.7103.59 Mobile Safari/537.36 (compatible; GoogleOther)"
51.222.253.8 - - [13/May/2025:10:18:49 -0400] "GET /goods.php?shopdetail/237282259 HTTP/1.1" 404 - "-" "Mozilla/5.0 (compatible; AhrefsBot/7.0; +http://ahrefs.com/robot/)"
40.77.167.36 - - [13/May/2025:10:18:55 -0400] "GET /wp-content/uploads/2024/01/Sanghavi-logo-1-1-1980x397.png HTTP/1.1" 200 430681 "-" "Mozilla/5.0 AppleWebKit/537.36 (KHTML, like Gecko; compatible; bingbot/2.0; +http://www.bing.com/bingbot.htm) Chrome/116.0.1938.76 Safari/537.36"
84.242.187.162 - - [13/May/2025:10:19:22 -0400] "POST /xmlrpc.php HTTP/1.1" 500 - "-" "Mozilla/5.0 (Windows NT 10.0; Win64; x64) AppleWebKit/537.36 (KHTML, like Gecko) Chrome/91.0.4472.124 Safari/537.36"
51.222.253.2 - - [13/May/2025:10:20:08 -0400] "GET /goods.php?shopdetail/23753859 HTTP/1.1" 404 - "-" "Mozilla/5.0 (compatible; AhrefsBot/7.0; +http://ahrefs.com/robot/)"
51.222.253.14 - - [13/May/2025:10:21:41 -0400] "GET /goods.php?shopdetail/237783959 HTTP/1.1" 404 - "-" "Mozilla/5.0 (compatible; AhrefsBot/7.0; +http://ahrefs.com/robot/)"
114.119.136.13 - - [13/May/2025:10:22:38 -0400] "GET /category/sweet-bonanza/ HTTP/1.1" 404 - "https://sanghavirealty.in/2024/02/" "Mozilla/5.0 (Linux; Android 7.0;) AppleWebKit/537.36 (KHTML, like Gecko) Mobile Safari/537.36 (compatible; PetalBot;+https://webmaster.petalsearch.com/site/petalbot)"
51.222.253.18 - - [13/May/2025:10:22:57 -0400] "GET /goods.php?shopdetail/237908859 HTTP/1.1" 404 - "-" "Mozilla/5.0 (compatible; AhrefsBot/7.0; +http://ahrefs.com/robot/)"
2a03:b0c0:3:f0::6afb:f000 - - [13/May/2025:10:23:36 -0400] "POST /wp-login.php HTTP/1.1" 500 - "https://sanghavirealty.in" "Mozilla/5.0 (Macintosh; Intel Mac OS X 14.5) AppleWebKit/618.3.5 (KHTML, like Gecko) Version/17.4 Safari/618.3.5"
114.119.158.196 - - [13/May/2025:10:24:02 -0400] "GET /category/online-casino-au/ HTTP/1.1" 404 - "https://sanghavirealty.in/2024/02/" "Mozilla/5.0 (Linux; Android 7.0;) AppleWebKit/537.36 (KHTML, like Gecko) Mobile Safari/537.36 (compatible; PetalBot;+https://webmaster.petalsearch.com/site/petalbot)"
51.222.253.4 - - [13/May/2025:10:24:15 -0400] "GET /goods.php?shopdetail/238551359 HTTP/1.1" 404 - "-" "Mozilla/5.0 (compatible; AhrefsBot/7.0; +http://ahrefs.com/robot/)"
51.222.253.3 - - [13/May/2025:10:25:15 -0400] "GET /goods.php?shopdetail/238779459 HTTP/1.1" 404 - "-" "Mozilla/5.0 (compatible; AhrefsBot/7.0; +http://ahrefs.com/robot/)"
51.222.253.17 - - [13/May/2025:10:26:26 -0400] "GET /goods.php?shopdetail/238839559 HTTP/1.1" 404 - "-" "Mozilla/5.0 (compatible; AhrefsBot/7.0; +http://ahrefs.com/robot/)"
51.222.253.18 - - [13/May/2025:10:27:23 -0400] "GET /goods.php?shopdetail/23931259 HTTP/1.1" 404 - "-" "Mozilla/5.0 (compatible; AhrefsBot/7.0; +http://ahrefs.com/robot/)"
51.222.253.10 - - [13/May/2025:10:28:34 -0400] "GET /goods.php?shopdetail/239476859 HTTP/1.1" 404 - "-" "Mozilla/5.0 (compatible; AhrefsBot/7.0; +http://ahrefs.com/robot/)"
43.165.70.220 - - [13/May/2025:10:29:22 -0400] "GET /seraph-accel-img-compr-redir-20250512204440.conf HTTP/1.1" 200 - "-" "Mozilla/5.0 (iPhone; CPU iPhone OS 13_2_3 like Mac OS X) AppleWebKit/605.1.15 (KHTML, like Gecko) Version/13.0.3 Mobile/15E148 Safari/604.1"
51.222.253.8 - - [13/May/2025:10:29:43 -0400] "GET /goods.php?shopdetail/239659 HTTP/1.1" 404 - "-" "Mozilla/5.0 (compatible; AhrefsBot/7.0; +http://ahrefs.com/robot/)"
134.209.104.76 - - [13/May/2025:10:29:45 -0400] "POST /wp-login.php HTTP/1.1" 500 - "https://sanghavirealty.in" "Mozilla/5.0 (Windows NT 10.0; Win64; x64; rv:126.0) Gecko/20100101 Firefox/126.0"
66.249.77.98 - - [13/May/2025:10:30:33 -0400] "GET /sodium_compat/src/Core32/Curve25519/Ge/Precomp.php HTTP/1.1" 200 - "-" "Mozilla/5.0 (Linux; Android 6.0.1; Nexus 5X Build/MMB29P) AppleWebKit/537.36 (KHTML, like Gecko) Chrome/136.0.7103.59 Mobile Safari/537.36 (compatible; GoogleOther)"
51.222.253.17 - - [13/May/2025:10:31:14 -0400] "GET /goods.php?shopdetail/239684659 HTTP/1.1" 404 - "-" "Mozilla/5.0 (compatible; AhrefsBot/7.0; +http://ahrefs.com/robot/)"
51.222.253.9 - - [13/May/2025:10:32:32 -0400] "GET /goods.php?shopdetail/239724959 HTTP/1.1" 404 - "-" "Mozilla/5.0 (compatible; AhrefsBot/7.0; +http://ahrefs.com/robot/)"
51.222.253.2 - - [13/May/2025:10:33:57 -0400] "GET /goods.php?shopdetail/23993959 HTTP/1.1" 404 - "-" "Mozilla/5.0 (compatible; AhrefsBot/7.0; +http://ahrefs.com/robot/)"
172.104.181.25 - - [13/May/2025:10:35:01 -0400] "GET / HTTP/1.1" 200 1391 "-" "Better Uptime Bot Mozilla/5.0 (Windows NT 10.0; Win64; x64) AppleWebKit/537.36 (KHTML, like Gecko) Chrome/74.0.3729.169 Safari/537.36"
51.222.253.6 - - [13/May/2025:10:35:20 -0400] "GET /goods.php?shopdetail/239965959 HTTP/1.1" 404 - "-" "Mozilla/5.0 (compatible; AhrefsBot/7.0; +http://ahrefs.com/robot/)"
162.0.235.8 - - [13/May/2025:10:35:56 -0400] "POST /wp-login.php HTTP/1.1" 500 - "https://sanghavirealty.in" "Mozilla/5.0 (Macintosh; Intel Mac OS X 10.15; rv:126.0) Gecko/20100101 Firefox/126.0"
51.222.253.11 - - [13/May/2025:10:36:46 -0400] "GET /goods.php?shopdetail/240614559 HTTP/1.1" 404 - "-" "Mozilla/5.0 (compatible; AhrefsBot/7.0; +http://ahrefs.com/robot/)"
51.222.253.16 - - [13/May/2025:10:38:06 -0400] "GET /goods.php?shopdetail/242969559 HTTP/1.1" 404 - "-" "Mozilla/5.0 (compatible; AhrefsBot/7.0; +http://ahrefs.com/robot/)"
139.59.139.68 - - [13/May/2025:10:38:47 -0400] "HEAD / HTTP/1.1" 200 - "-" "-"
170.106.140.110 - - [13/May/2025:10:38:55 -0400] "GET /wp-comments-post-20250512211544.php HTTP/1.1" 200 - "-" "Mozilla/5.0 (iPhone; CPU iPhone OS 13_2_3 like Mac OS X) AppleWebKit/605.1.15 (KHTML, like Gecko) Version/13.0.3 Mobile/15E148 Safari/604.1"
51.222.253.4 - - [13/May/2025:10:39:37 -0400] "GET /goods.php?shopdetail/24407459 HTTP/1.1" 404 - "-" "Mozilla/5.0 (compatible; AhrefsBot/7.0; +http://ahrefs.com/robot/)"
51.222.253.18 - - [13/May/2025:10:41:04 -0400] "GET /goods.php?shopdetail/244706559 HTTP/1.1" 404 - "-" "Mozilla/5.0 (compatible; AhrefsBot/7.0; +http://ahrefs.com/robot/)"
87.248.139.173 - - [13/May/2025:10:42:04 -0400] "POST /wp-login.php HTTP/1.1" 500 - "https://sanghavirealty.in" "Mozilla/5.0 (Macintosh; Intel Mac OS X 10_15_7) AppleWebKit/537.36 (KHTML, like Gecko) Chrome/126.0.0.0 Safari/537.36"
51.222.253.11 - - [13/May/2025:10:42:16 -0400] "GET /goods.php?shopdetail/244981559 HTTP/1.1" 404 - "-" "Mozilla/5.0 (compatible; AhrefsBot/7.0; +http://ahrefs.com/robot/)"
66.249.77.97 - - [13/May/2025:10:42:44 -0400] "GET /sodium_compat/src/Core32/Curve25519/Ge/P1p1.php HTTP/1.1" 200 - "-" "Mozilla/5.0 (Linux; Android 6.0.1; Nexus 5X Build/MMB29P) AppleWebKit/537.36 (KHTML, like Gecko) Chrome/136.0.7103.59 Mobile Safari/537.36 (compatible; GoogleOther)"
51.222.253.5 - - [13/May/2025:10:43:26 -0400] "GET /goods.php?shopdetail/245233359 HTTP/1.1" 404 - "-" "Mozilla/5.0 (compatible; AhrefsBot/7.0; +http://ahrefs.com/robot/)"
51.222.253.10 - - [13/May/2025:10:44:39 -0400] "GET /goods.php?shopdetail/245614859 HTTP/1.1" 404 - "-" "Mozilla/5.0 (compatible; AhrefsBot/7.0; +http://ahrefs.com/robot/)"
51.222.253.2 - - [13/May/2025:10:45:36 -0400] "GET /goods.php?shopdetail/245782559 HTTP/1.1" 404 - "-" "Mozilla/5.0 (compatible; AhrefsBot/7.0; +http://ahrefs.com/robot/)"
51.222.253.5 - - [13/May/2025:10:46:49 -0400] "GET /goods.php?shopdetail/246049059 HTTP/1.1" 404 - "-" "Mozilla/5.0 (compatible; AhrefsBot/7.0; +http://ahrefs.com/robot/)"
51.222.253.1 - - [13/May/2025:10:48:04 -0400] "GET /goods.php?shopdetail/246189559 HTTP/1.1" 404 - "-" "Mozilla/5.0 (compatible; AhrefsBot/7.0; +http://ahrefs.com/robot/)"
15.204.43.173 - - [13/May/2025:10:48:07 -0400] "POST /wp-login.php HTTP/1.1" 500 - "https://sanghavirealty.in" "Mozilla/5.0 (Macintosh; Intel Mac OS X 13.3; rv:126.0) Gecko/20100101 Firefox/126.0"
43.156.204.134 - - [13/May/2025:10:48:35 -0400] "GET /wp-config-sample-20250512165130.php HTTP/1.1" 500 - "-" "Mozilla/5.0 (iPhone; CPU iPhone OS 13_2_3 like Mac OS X) AppleWebKit/605.1.15 (KHTML, like Gecko) Version/13.0.3 Mobile/15E148 Safari/604.1"
51.222.253.4 - - [13/May/2025:10:49:15 -0400] "GET /goods.php?shopdetail/246431059 HTTP/1.1" 404 - "-" "Mozilla/5.0 (compatible; AhrefsBot/7.0; +http://ahrefs.com/robot/)"
51.222.253.1 - - [13/May/2025:10:50:20 -0400] "GET /goods.php?shopdetail/246603659 HTTP/1.1" 404 - "-" "Mozilla/5.0 (compatible; AhrefsBot/7.0; +http://ahrefs.com/robot/)"
51.222.253.10 - - [13/May/2025:10:51:33 -0400] "GET /goods.php?shopdetail/246711859 HTTP/1.1" 404 - "-" "Mozilla/5.0 (compatible; AhrefsBot/7.0; +http://ahrefs.com/robot/)"
51.222.253.15 - - [13/May/2025:10:52:45 -0400] "GET /goods.php?shopdetail/24680559 HTTP/1.1" 404 - "-" "Mozilla/5.0 (compatible; AhrefsBot/7.0; +http://ahrefs.com/robot/)"
162.241.157.115 - - [13/May/2025:10:52:49 -0400] "GET /contact/ HTTP/1.1" 404 - "https://sanghavirealty.in/contact/" "Mozilla/5.0 (Windows NT 10.0; Win64; x64) AppleWebKit/537.36 (KHTML, like Gecko) Chrome/131.0.0.0 Safari/537.36 Avast/131.0.0.0"
51.222.253.12 - - [13/May/2025:10:53:50 -0400] "GET /goods.php?shopdetail/247472059 HTTP/1.1" 404 - "-" "Mozilla/5.0 (compatible; AhrefsBot/7.0; +http://ahrefs.com/robot/)"
91.151.95.70 - - [13/May/2025:10:54:12 -0400] "POST /wp-login.php HTTP/1.1" 500 - "https://sanghavirealty.in" "Mozilla/5.0 (Macintosh; Intel Mac OS X 10_15_7) AppleWebKit/537.36 (KHTML, like Gecko) Chrome/113.0.5672.93 Safari/537.36"
3.86.247.100 - - [13/May/2025:10:54:35 -0400] "GET /robots.txt HTTP/1.1" 304 - "-" "Mozilla/5.0 (Windows NT 10.0; Win64; x64) AppleWebKit/537.36 (KHTML, like Gecko) Chrome/120.0.0.0 Safari/537.36"
3.86.247.100 - - [13/May/2025:10:54:36 -0400] "GET /ricky-casino-review-bonuses-limits-features-2025/ HTTP/1.1" 404 - "-" "Mozilla/5.0 (Windows NT 10.0; Win64; x64) AppleWebKit/537.36 (KHTML, like Gecko) Chrome/120.0.0.0 Safari/537.36"
66.249.77.97 - - [13/May/2025:10:54:56 -0400] "GET /sodium_compat/src/Core32/Util.php HTTP/1.1" 500 - "-" "Mozilla/5.0 (Linux; Android 6.0.1; Nexus 5X Build/MMB29P) AppleWebKit/537.36 (KHTML, like Gecko) Chrome/136.0.7103.59 Mobile Safari/537.36 (compatible; GoogleOther)"
51.222.253.19 - - [13/May/2025:10:55:05 -0400] "GET /goods.php?shopdetail/249187859 HTTP/1.1" 404 - "-" "Mozilla/5.0 (compatible; AhrefsBot/7.0; +http://ahrefs.com/robot/)"
2a03:ee40:8080:15::130 - - [13/May/2025:10:55:48 -0400] "GET /robots.txt HTTP/1.1" 304 - "-" "Mozilla/5.0 (compatible; MJ12bot/v2.0.1; http://mj12bot.com/)"
2a03:ee40:8080:15::130 - - [13/May/2025:10:55:48 -0400] "GET /?C=D;O=D HTTP/1.1" 200 1383 "-" "Mozilla/5.0 (compatible; MJ12bot/v2.0.1; http://mj12bot.com/)"
2a03:ee40:8080:15::130 - - [13/May/2025:10:55:52 -0400] "GET /?C=M;O=D HTTP/1.1" 200 1382 "-" "Mozilla/5.0 (compatible; MJ12bot/v2.0.1; http://mj12bot.com/)"
2a03:ee40:8080:15::130 - - [13/May/2025:10:55:55 -0400] "GET /?C=N;O=A HTTP/1.1" 200 1391 "-" "Mozilla/5.0 (compatible; MJ12bot/v2.0.1; http://mj12bot.com/)"
2a03:ee40:8080:15::130 - - [13/May/2025:10:55:59 -0400] "GET /?C=S;O=D HTTP/1.1" 200 1393 "-" "Mozilla/5.0 (compatible; MJ12bot/v2.0.1; http://mj12bot.com/)"
2a03:ee40:8080:15::130 - - [13/May/2025:10:56:03 -0400] "GET /MMCTV3.2.php?filesrc=/home/sanghavirealty/public_html/.htaccess&path=/home/sanghavirealty/public_html HTTP/1.1" 404 - "-" "Mozilla/5.0 (compatible; MJ12bot/v2.0.1; http://mj12bot.com/)"
2a03:ee40:8080:15::130 - - [13/May/2025:10:56:04 -0400] "GET /MMCTV3.2.php?filesrc=/home/sanghavirealty/public_html/.htaccess.bk&path=/home/sanghavirealty/public_html HTTP/1.1" 404 - "-" "Mozilla/5.0 (compatible; MJ12bot/v2.0.1; http://mj12bot.com/)"
51.222.253.11 - - [13/May/2025:10:56:36 -0400] "GET /goods.php?shopdetail/250639759 HTTP/1.1" 404 - "-" "Mozilla/5.0 (compatible; AhrefsBot/7.0; +http://ahrefs.com/robot/)"
2a03:ee40:8080:15::130 - - [13/May/2025:10:56:05 -0400] "GET /MMCTV3.2.php?filesrc=/home/sanghavirealty/public_html/MMCTV3.2.php&path=/home/sanghavirealty/public_html HTTP/1.1" 200 2063 "-" "Mozilla/5.0 (compatible; MJ12bot/v2.0.1; http://mj12bot.com/)"
2a03:ee40:8080:15::130 - - [13/May/2025:10:56:25 -0400] "GET /MMCTV3.2.php?filesrc=/home/sanghavirealty/public_html/error_log&path=/home/sanghavirealty/public_html HTTP/1.1" 200 29429 "-" "Mozilla/5.0 (compatible; MJ12bot/v2.0.1; http://mj12bot.com/)"
2a03:ee40:8080:15::130 - - [13/May/2025:10:56:45 -0400] "GET /MMCTV3.2.php?filesrc=/home/sanghavirealty/public_html/googleaad33c48e5723e70-20250512215931.html&path=/home/sanghavirealty/public_html HTTP/1.1" 200 1411 "-" "Mozilla/5.0 (compatible; MJ12bot/v2.0.1; http://mj12bot.com/)"
51.222.253.2 - - [13/May/2025:10:58:05 -0400] "GET /goods.php?shopdetail/251798759 HTTP/1.1" 404 - "-" "Mozilla/5.0 (compatible; AhrefsBot/7.0; +http://ahrefs.com/robot/)"
2a03:ee40:8080:15::130 - - [13/May/2025:10:57:06 -0400] "GET /MMCTV3.2.php?filesrc=/home/sanghavirealty/public_html/googleaad33c48e5723e70.html&path=/home/sanghavirealty/public_html HTTP/1.1" 200 1417 "-" "Mozilla/5.0 (compatible; MJ12bot/v2.0.1; http://mj12bot.com/)"
2a03:ee40:8080:15::130 - - [13/May/2025:10:57:26 -0400] "GET /MMCTV3.2.php?filesrc=/home/sanghavirealty/public_html/license-20250512131814.txt&path=/home/sanghavirealty/public_html HTTP/1.1" 200 8738 "-" "Mozilla/5.0 (compatible; MJ12bot/v2.0.1; http://mj12bot.com/)"
43.130.53.252 - - [13/May/2025:10:58:37 -0400] "GET /sodium_compat/ HTTP/1.1" 200 503 "-" "Mozilla/5.0 (iPhone; CPU iPhone OS 13_2_3 like Mac OS X) AppleWebKit/605.1.15 (KHTML, like Gecko) Version/13.0.3 Mobile/15E148 Safari/604.1"
2a03:ee40:8080:15::130 - - [13/May/2025:10:57:47 -0400] "GET /MMCTV3.2.php?filesrc=/home/sanghavirealty/public_html/load-styles.php&path=/home/sanghavirealty/public_html HTTP/1.1" 200 2647 "-" "Mozilla/5.0 (compatible; MJ12bot/v2.0.1; http://mj12bot.com/)"
2a03:ee40:8080:15::130 - - [13/May/2025:10:58:07 -0400] "GET /MMCTV3.2.php?filesrc=/home/sanghavirealty/public_html/readme-20250512165026.html&path=/home/sanghavirealty/public_html HTTP/1.1" 200 4474 "-" "Mozilla/5.0 (compatible; MJ12bot/v2.0.1; http://mj12bot.com/)"
2a03:ee40:8080:15::130 - - [13/May/2025:10:58:27 -0400] "GET /MMCTV3.2.php?filesrc=/home/sanghavirealty/public_html/readme-20250512170237.html&path=/home/sanghavirealty/public_html HTTP/1.1" 200 4473 "-" "Mozilla/5.0 (compatible; MJ12bot/v2.0.1; http://mj12bot.com/)"
51.222.253.2 - - [13/May/2025:10:59:41 -0400] "GET /goods.php?shopdetail/251955059 HTTP/1.1" 404 - "-" "Mozilla/5.0 (compatible; AhrefsBot/7.0; +http://ahrefs.com/robot/)"
2a03:ee40:8080:15::130 - - [13/May/2025:10:58:48 -0400] "GET /MMCTV3.2.php?filesrc=/home/sanghavirealty/public_html/robots-20250512212358.txt&path=/home/sanghavirealty/public_html HTTP/1.1" 200 1403 "-" "Mozilla/5.0 (compatible; MJ12bot/v2.0.1; http://mj12bot.com/)"
2a03:ee40:8080:15::130 - - [13/May/2025:10:59:08 -0400] "GET /MMCTV3.2.php?filesrc=/home/sanghavirealty/public_html/robots-20250512212601.txt&path=/home/sanghavirealty/public_html HTTP/1.1" 200 1403 "-" "Mozilla/5.0 (compatible; MJ12bot/v2.0.1; http://mj12bot.com/)"
167.86.74.244 - - [13/May/2025:11:00:22 -0400] "POST /wp-login.php HTTP/1.1" 500 - "https://sanghavirealty.in" "Mozilla/5.0 (Macintosh; Intel Mac OS X 10_15_7) AppleWebKit/537.36 (KHTML, like Gecko) Chrome/114.0.5735.134 Safari/537.36"
2a03:ee40:8080:15::130 - - [13/May/2025:10:59:28 -0400] "GET /MMCTV3.2.php?filesrc=/home/sanghavirealty/public_html/robots.txt&path=/home/sanghavirealty/public_html HTTP/1.1" 200 1436 "-" "Mozilla/5.0 (compatible; MJ12bot/v2.0.1; http://mj12bot.com/)"
2a03:ee40:8080:15::130 - - [13/May/2025:11:00:30 -0400] "GET /MMCTV3.2.php?filesrc=/home/sanghavirealty/public_html/seraphinite-accelerator-2024-11-28_083405.htaccess&path=/home/sanghavirealty/public_html HTTP/1.1" 404 - "-" "Mozilla/5.0 (compatible; MJ12bot/v2.0.1; http://mj12bot.com/)"
2a03:ee40:8080:15::130 - - [13/May/2025:10:59:48 -0400] "GET /MMCTV3.2.php?filesrc=/home/sanghavirealty/public_html/seraph-accel-img-compr-redir-20250512204440.conf&path=/home/sanghavirealty/public_html HTTP/1.1" 200 1418 "-" "Mozilla/5.0 (compatible; MJ12bot/v2.0.1; http://mj12bot.com/)"
2a03:ee40:8080:15::130 - - [13/May/2025:11:00:08 -0400] "GET /MMCTV3.2.php?filesrc=/home/sanghavirealty/public_html/seraph-accel-img-compr-redir.conf&path=/home/sanghavirealty/public_html HTTP/1.1" 200 1713 "-" "Mozilla/5.0 (compatible; MJ12bot/v2.0.1; http://mj12bot.com/)"
51.222.253.4 - - [13/May/2025:11:01:17 -0400] "GET /goods.php?shopdetail/252212859 HTTP/1.1" 404 - "-" "Mozilla/5.0 (compatible; AhrefsBot/7.0; +http://ahrefs.com/robot/)"
2a03:ee40:8080:15::130 - - [13/May/2025:11:00:32 -0400] "GET /MMCTV3.2.php?filesrc=/home/sanghavirealty/public_html/wp-activate-20250512133658.php&path=/home/sanghavirealty/public_html HTTP/1.1" 200 3921 "-" "Mozilla/5.0 (compatible; MJ12bot/v2.0.1; http://mj12bot.com/)"
2a03:ee40:8080:15::130 - - [13/May/2025:11:00:53 -0400] "GET /MMCTV3.2.php?filesrc=/home/sanghavirealty/public_html/wp-blog-header.php&path=/home/sanghavirealty/public_html HTTP/1.1" 200 1581 "-" "Mozilla/5.0 (compatible; MJ12bot/v2.0.1; http://mj12bot.com/)"
2a03:ee40:8080:15::130 - - [13/May/2025:11:01:13 -0400] "GET /MMCTV3.2.php?filesrc=/home/sanghavirealty/public_html/wp-comments-post-20250512202611.php&path=/home/sanghavirealty/public_html HTTP/1.1" 200 1409 "-" "Mozilla/5.0 (compatible; MJ12bot/v2.0.1; http://mj12bot.com/)"
51.222.253.8 - - [13/May/2025:11:02:29 -0400] "GET /goods.php?shopdetail/252557959 HTTP/1.1" 404 - "-" "Mozilla/5.0 (compatible; AhrefsBot/7.0; +http://ahrefs.com/robot/)"
2a03:ee40:8080:15::130 - - [13/May/2025:11:01:33 -0400] "GET /MMCTV3.2.php?filesrc=/home/sanghavirealty/public_html/wp-comments-post-20250512211544.php&path=/home/sanghavirealty/public_html HTTP/1.1" 200 1408 "-" "Mozilla/5.0 (compatible; MJ12bot/v2.0.1; http://mj12bot.com/)"
2a03:2880:13ff:4a:: - - [13/May/2025:11:02:43 -0400] "GET /robots.txt HTTP/1.1" 200 99 "-" "facebookexternalhit/1.1 (+http://www.facebook.com/externalhit_uatext.php)"
2a03:ee40:8080:15::130 - - [13/May/2025:11:01:53 -0400] "GET /MMCTV3.2.php?filesrc=/home/sanghavirealty/public_html/wp-comments-post.php&path=/home/sanghavirealty/public_html HTTP/1.1" 200 2430 "-" "Mozilla/5.0 (compatible; MJ12bot/v2.0.1; http://mj12bot.com/)"
2a03:ee40:8080:15::130 - - [13/May/2025:11:02:14 -0400] "GET /MMCTV3.2.php?filesrc=/home/sanghavirealty/public_html/wp-config-sample-20250512165130.php&path=/home/sanghavirealty/public_html HTTP/1.1" 200 2688 "-" "Mozilla/5.0 (compatible; MJ12bot/v2.0.1; http://mj12bot.com/)"
2a03:ee40:8080:15::130 - - [13/May/2025:11:02:35 -0400] "GET /MMCTV3.2.php?filesrc=/home/sanghavirealty/public_html/wp-confiq.php&path=/home/sanghavirealty/public_html HTTP/1.1" 200 10479 "-" "Mozilla/5.0 (compatible; MJ12bot/v2.0.1; http://mj12bot.com/)"
51.222.253.4 - - [13/May/2025:11:03:43 -0400] "GET /goods.php?shopdetail/252701059 HTTP/1.1" 404 - "-" "Mozilla/5.0 (compatible; AhrefsBot/7.0; +http://ahrefs.com/robot/)"
2a03:ee40:8080:15::130 - - [13/May/2025:11:02:56 -0400] "GET /MMCTV3.2.php?filesrc=/home/sanghavirealty/public_html/wp-cron-20250512133814.php&path=/home/sanghavirealty/public_html HTTP/1.1" 200 3484 "-" "Mozilla/5.0 (compatible; MJ12bot/v2.0.1; http://mj12bot.com/)"
2a03:ee40:8080:15::130 - - [13/May/2025:11:03:17 -0400] "GET /MMCTV3.2.php?filesrc=/home/sanghavirealty/public_html/wp-links-opml-20250512202431.php&path=/home/sanghavirealty/public_html HTTP/1.1" 200 1406 "-" "Mozilla/5.0 (compatible; MJ12bot/v2.0.1; http://mj12bot.com/)"
2a03:ee40:8080:15::130 - - [13/May/2025:11:03:38 -0400] "GET /MMCTV3.2.php?filesrc=/home/sanghavirealty/public_html/wp-links-opml-20250512212635.php&path=/home/sanghavirealty/public_html HTTP/1.1" 200 1405 "-" "Mozilla/5.0 (compatible; MJ12bot/v2.0.1; http://mj12bot.com/)"
2a03:2880:13ff:70:: - - [13/May/2025:11:04:50 -0400] "GET /robots.txt HTTP/1.1" 304 - "-" "facebookexternalhit/1.1 (+http://www.facebook.com/externalhit_uatext.php)"
2a03:ee40:8080:15::130 - - [13/May/2025:11:03:59 -0400] "GET /MMCTV3.2.php?filesrc=/home/sanghavirealty/public_html/wp-links-opml.php&path=/home/sanghavirealty/public_html HTTP/1.1" 200 2509 "-" "Mozilla/5.0 (compatible; MJ12bot/v2.0.1; http://mj12bot.com/)"
51.222.253.6 - - [13/May/2025:11:05:00 -0400] "GET /goods.php?shopdetail/252885859 HTTP/1.1" 404 - "-" "Mozilla/5.0 (compatible; AhrefsBot/7.0; +http://ahrefs.com/robot/)"
139.162.121.226 - - [13/May/2025:11:05:01 -0400] "GET / HTTP/1.1" 200 1391 "-" "Better Uptime Bot Mozilla/5.0 (Windows NT 10.0; Win64; x64) AppleWebKit/537.36 (KHTML, like Gecko) Chrome/74.0.3729.169 Safari/537.36"
2a03:ee40:8080:15::130 - - [13/May/2025:11:04:20 -0400] "GET /MMCTV3.2.php?filesrc=/home/sanghavirealty/public_html/wp-load-20250512131557.php&path=/home/sanghavirealty/public_html HTTP/1.1" 200 3036 "-" "Mozilla/5.0 (compatible; MJ12bot/v2.0.1; http://mj12bot.com/)"
2a03:ee40:8080:15::130 - - [13/May/2025:11:04:41 -0400] "GET /MMCTV3.2.php?filesrc=/home/sanghavirealty/public_html/wp-login-20250512212529.php&path=/home/sanghavirealty/public_html HTTP/1.1" 200 1401 "-" "Mozilla/5.0 (compatible; MJ12bot/v2.0.1; http://mj12bot.com/)"
2a03:ee40:8080:15::130 - - [13/May/2025:11:05:02 -0400] "GET /MMCTV3.2.php?filesrc=/home/sanghavirealty/public_html/wp-login-20250512222023.php&path=/home/sanghavirealty/public_html HTTP/1.1" 200 1400 "-" "Mozilla/5.0 (compatible; MJ12bot/v2.0.1; http://mj12bot.com/)"
2a03:ee40:8080:15::130 - - [13/May/2025:11:05:21 -0400] "GET /MMCTV3.2.php?filesrc=/home/sanghavirealty/public_html/wp-mail-20250512131706-20250512152909.php&path=/home/sanghavirealty/public_html HTTP/1.1" 200 4462 "-" "Mozilla/5.0 (compatible; MJ12bot/v2.0.1; http://mj12bot.com/)"
198.54.120.4 - - [13/May/2025:11:06:25 -0400] "POST /wp-login.php HTTP/1.1" 500 - "https://sanghavirealty.in" "Mozilla/5.0 (Macintosh; Intel Mac OS X 10_15_7) AppleWebKit/537.36 (KHTML, like Gecko) Chrome/112.0.5615.138 Safari/537.36"
51.222.253.4 - - [13/May/2025:11:06:26 -0400] "GET /goods.php?shopdetail/253349859 HTTP/1.1" 404 - "-" "Mozilla/5.0 (compatible; AhrefsBot/7.0; +http://ahrefs.com/robot/)"
2a03:ee40:8080:15::130 - - [13/May/2025:11:05:42 -0400] "GET /MMCTV3.2.php?filesrc=/home/sanghavirealty/public_html/wp-mail-20250512204054.php&path=/home/sanghavirealty/public_html HTTP/1.1" 200 4455 "-" "Mozilla/5.0 (compatible; MJ12bot/v2.0.1; http://mj12bot.com/)"
2a03:ee40:8080:15::130 - - [13/May/2025:11:06:04 -0400] "GET /MMCTV3.2.php?filesrc=/home/sanghavirealty/public_html/wp-settings-20250512132621.php&path=/home/sanghavirealty/public_html HTTP/1.1" 200 7608 "-" "Mozilla/5.0 (compatible; MJ12bot/v2.0.1; http://mj12bot.com/)"
66.249.77.98 - - [13/May/2025:11:07:07 -0400] "GET /sodium_compat/src/Core/Curve25519/Ge/P2.php HTTP/1.1" 200 - "-" "Mozilla/5.0 (Linux; Android 6.0.1; Nexus 5X Build/MMB29P) AppleWebKit/537.36 (KHTML, like Gecko) Chrome/136.0.7103.59 Mobile Safari/537.36 (compatible; GoogleOther)"
2a03:ee40:8080:15::130 - - [13/May/2025:11:06:25 -0400] "GET /MMCTV3.2.php?filesrc=/home/sanghavirealty/public_html/wp-settings-20250512192841.php&path=/home/sanghavirealty/public_html HTTP/1.1" 200 7606 "-" "Mozilla/5.0 (compatible; MJ12bot/v2.0.1; http://mj12bot.com/)"
51.222.253.12 - - [13/May/2025:11:07:40 -0400] "GET /goods.php?shopdetail/253640159 HTTP/1.1" 404 - "-" "Mozilla/5.0 (compatible; AhrefsBot/7.0; +http://ahrefs.com/robot/)"
2a03:ee40:8080:15::130 - - [13/May/2025:11:06:45 -0400] "GET /MMCTV3.2.php?filesrc=/home/sanghavirealty/public_html/wp-settings.php&path=/home/sanghavirealty/public_html HTTP/1.1" 200 7591 "-" "Mozilla/5.0 (compatible; MJ12bot/v2.0.1; http://mj12bot.com/)"
2a03:ee40:8080:15::130 - - [13/May/2025:11:07:07 -0400] "GET /MMCTV3.2.php?filesrc=/home/sanghavirealty/public_html/wp-signup-20250512205653.php&path=/home/sanghavirealty/public_html HTTP/1.1" 200 1405 "-" "Mozilla/5.0 (compatible; MJ12bot/v2.0.1; http://mj12bot.com/)"
2a03:ee40:8080:15::130 - - [13/May/2025:11:07:29 -0400] "GET /MMCTV3.2.php?filesrc=/home/sanghavirealty/public_html/wp-signup-20250512210315.php&path=/home/sanghavirealty/public_html HTTP/1.1" 200 1405 "-" "Mozilla/5.0 (compatible; MJ12bot/v2.0.1; http://mj12bot.com/)"
2a03:ee40:8080:15::130 - - [13/May/2025:11:08:31 -0400] "GET /MMCTV3.2.php?path=/ HTTP/1.1" 200 2256 "-" "Mozilla/5.0 (compatible; MJ12bot/v2.0.1; http://mj12bot.com/)"
2a03:ee40:8080:15::130 - - [13/May/2025:11:08:32 -0400] "GET /MMCTV3.2.php?path=/home HTTP/1.1" 200 1804 "-" "Mozilla/5.0 (compatible; MJ12bot/v2.0.1; http://mj12bot.com/)"
2a03:ee40:8080:15::130 - - [13/May/2025:11:08:33 -0400] "GET /MMCTV3.2.php?path=/home/sanghavirealty HTTP/1.1" 200 3769 "-" "Mozilla/5.0 (compatible; MJ12bot/v2.0.1; http://mj12bot.com/)"
2a03:ee40:8080:15::130 - - [13/May/2025:11:08:34 -0400] "GET /MMCTV3.2.php?path=/home/sanghavirealty/public_html HTTP/1.1" 200 4827 "-" "Mozilla/5.0 (compatible; MJ12bot/v2.0.1; http://mj12bot.com/)"
2a03:ee40:8080:15::130 - - [13/May/2025:11:08:35 -0400] "GET /MMCTV3.2.php?path=/home/sanghavirealty/public_html/.tmb HTTP/1.1" 200 3115 "-" "Mozilla/5.0 (compatible; MJ12bot/v2.0.1; http://mj12bot.com/)"
2a03:ee40:8080:15::130 - - [13/May/2025:11:08:36 -0400] "GET /MMCTV3.2.php?path=/home/sanghavirealty/public_html/ai1wm-backups HTTP/1.1" 200 2849 "-" "Mozilla/5.0 (compatible; MJ12bot/v2.0.1; http://mj12bot.com/)"
2a03:ee40:8080:15::130 - - [13/May/2025:11:08:37 -0400] "GET /MMCTV3.2.php?path=/home/sanghavirealty/public_html/block-supports HTTP/1.1" 200 3353 "-" "Mozilla/5.0 (compatible; MJ12bot/v2.0.1; http://mj12bot.com/)"
2a03:ee40:8080:15::130 - - [13/May/2025:11:08:38 -0400] "GET /MMCTV3.2.php?path=/home/sanghavirealty/public_html/cgi-bin-20250512152210 HTTP/1.1" 200 2572 "-" "Mozilla/5.0 (compatible; MJ12bot/v2.0.1; http://mj12bot.com/)"
2a03:ee40:8080:15::130 - - [13/May/2025:11:08:39 -0400] "GET /MMCTV3.2.php?path=/home/sanghavirealty/public_html/namespaced HTTP/1.1" 200 2921 "-" "Mozilla/5.0 (compatible; MJ12bot/v2.0.1; http://mj12bot.com/)"
2a03:ee40:8080:15::130 - - [13/May/2025:11:08:40 -0400] "GET /MMCTV3.2.php?path=/home/sanghavirealty/public_html/sodium_compat HTTP/1.1" 200 2931 "-" "Mozilla/5.0 (compatible; MJ12bot/v2.0.1; http://mj12bot.com/)"
2a03:ee40:8080:15::130 - - [13/May/2025:11:08:41 -0400] "GET /MMCTV3.2.php?path=/home/sanghavirealty/public_html/src HTTP/1.1" 200 3080 "-" "Mozilla/5.0 (compatible; MJ12bot/v2.0.1; http://mj12bot.com/)"
2a03:ee40:8080:15::130 - - [13/May/2025:11:08:42 -0400] "GET /MMCTV3.2.php?path=/home/sanghavirealty/public_html/themes HTTP/1.1" 200 2887 "-" "Mozilla/5.0 (compatible; MJ12bot/v2.0.1; http://mj12bot.com/)"
2a03:ee40:8080:15::130 - - [13/May/2025:11:08:43 -0400] "GET /MMCTV3.2.php?path=/home/sanghavirealty/public_html/wp-content HTTP/1.1" 200 3314 "-" "Mozilla/5.0 (compatible; MJ12bot/v2.0.1; http://mj12bot.com/)"
2a03:ee40:8080:15::130 - - [13/May/2025:11:08:44 -0400] "GET /MMCTV3.2.php?path=/home/sanghavirealty/public_html/wp-includes HTTP/1.1" 200 2846 "-" "Mozilla/5.0 (compatible; MJ12bot/v2.0.1; http://mj12bot.com/)"
2a03:ee40:8080:15::130 - - [13/May/2025:11:08:46 -0400] "GET /MMCTV3.2.php?path=/home/sanghavirealty/public_html/wp-includes-20250512132804 HTTP/1.1" 200 13397 "-" "Mozilla/5.0 (compatible; MJ12bot/v2.0.1; http://mj12bot.com/)"
2a03:ee40:8080:15::130 - - [13/May/2025:11:08:47 -0400] "GET /MMCTV3.2.php?path=/home/sanghavirealty/public_html/wp-includes-20250512215901 HTTP/1.1" 200 2768 "-" "Mozilla/5.0 (compatible; MJ12bot/v2.0.1; http://mj12bot.com/)"
2a03:ee40:8080:15::130 - - [13/May/2025:11:08:48 -0400] "GET /block-supports/?C=D;O=A HTTP/1.1" 200 701 "-" "Mozilla/5.0 (compatible; MJ12bot/v2.0.1; http://mj12bot.com/)"
2a03:ee40:8080:15::130 - - [13/May/2025:11:07:49 -0400] "GET /MMCTV3.2.php?filesrc=/home/sanghavirealty/public_html/wp-signup.php&path=/home/sanghavirealty/public_html HTTP/1.1" 200 9554 "-" "Mozilla/5.0 (compatible; MJ12bot/v2.0.1; http://mj12bot.com/)"
2a03:ee40:8080:15::130 - - [13/May/2025:11:08:49 -0400] "GET /block-supports/?C=M;O=A HTTP/1.1" 200 694 "-" "Mozilla/5.0 (compatible; MJ12bot/v2.0.1; http://mj12bot.com/)"
2a03:ee40:8080:15::130 - - [13/May/2025:11:08:50 -0400] "GET /block-supports/?C=N;O=D HTTP/1.1" 200 703 "-" "Mozilla/5.0 (compatible; MJ12bot/v2.0.1; http://mj12bot.com/)"
51.222.253.12 - - [13/May/2025:11:08:51 -0400] "GET /goods.php?shopdetail/253914759 HTTP/1.1" 404 - "-" "Mozilla/5.0 (compatible; AhrefsBot/7.0; +http://ahrefs.com/robot/)"
2a03:ee40:8080:15::130 - - [13/May/2025:11:08:51 -0400] "GET /block-supports/?C=S;O=A HTTP/1.1" 200 699 "-" "Mozilla/5.0 (compatible; MJ12bot/v2.0.1; http://mj12bot.com/)"
2a03:ee40:8080:15::130 - - [13/May/2025:11:08:52 -0400] "GET /block-supports/align.php HTTP/1.1" 500 - "-" "Mozilla/5.0 (compatible; MJ12bot/v2.0.1; http://mj12bot.com/)"
2a03:ee40:8080:15::130 - - [13/May/2025:11:08:53 -0400] "GET /block-supports/aria-label.php HTTP/1.1" 500 - "-" "Mozilla/5.0 (compatible; MJ12bot/v2.0.1; http://mj12bot.com/)"
2a03:ee40:8080:15::130 - - [13/May/2025:11:08:54 -0400] "GET /block-supports/background.php HTTP/1.1" 500 - "-" "Mozilla/5.0 (compatible; MJ12bot/v2.0.1; http://mj12bot.com/)"
2a03:ee40:8080:15::130 - - [13/May/2025:11:08:55 -0400] "GET /block-supports/block-style-variations.php HTTP/1.1" 500 - "-" "Mozilla/5.0 (compatible; MJ12bot/v2.0.1; http://mj12bot.com/)"
2a03:ee40:8080:15::130 - - [13/May/2025:11:08:56 -0400] "GET /block-supports/border.php HTTP/1.1" 500 - "-" "Mozilla/5.0 (compatible; MJ12bot/v2.0.1; http://mj12bot.com/)"
2a03:ee40:8080:15::130 - - [13/May/2025:11:08:57 -0400] "GET /block-supports/colors.php HTTP/1.1" 500 - "-" "Mozilla/5.0 (compatible; MJ12bot/v2.0.1; http://mj12bot.com/)"
2a03:ee40:8080:15::130 - - [13/May/2025:11:08:58 -0400] "GET /block-supports/custom-classname.php HTTP/1.1" 500 - "-" "Mozilla/5.0 (compatible; MJ12bot/v2.0.1; http://mj12bot.com/)"
2a03:ee40:8080:15::130 - - [13/May/2025:11:08:59 -0400] "GET /block-supports/dimensions.php HTTP/1.1" 500 - "-" "Mozilla/5.0 (compatible; MJ12bot/v2.0.1; http://mj12bot.com/)"
2a03:ee40:8080:15::130 - - [13/May/2025:11:09:00 -0400] "GET /block-supports/duotone.php HTTP/1.1" 500 - "-" "Mozilla/5.0 (compatible; MJ12bot/v2.0.1; http://mj12bot.com/)"
2a03:ee40:8080:15::130 - - [13/May/2025:11:09:01 -0400] "GET /block-supports/elements.php HTTP/1.1" 500 - "-" "Mozilla/5.0 (compatible; MJ12bot/v2.0.1; http://mj12bot.com/)"
2a03:ee40:8080:15::130 - - [13/May/2025:11:09:02 -0400] "GET /block-supports/generated-classname.php HTTP/1.1" 500 - "-" "Mozilla/5.0 (compatible; MJ12bot/v2.0.1; http://mj12bot.com/)"
2a03:ee40:8080:15::130 - - [13/May/2025:11:09:03 -0400] "GET /block-supports/layout.php HTTP/1.1" 500 - "-" "Mozilla/5.0 (compatible; MJ12bot/v2.0.1; http://mj12bot.com/)"
2a03:ee40:8080:15::130 - - [13/May/2025:11:09:04 -0400] "GET /block-supports/position.php HTTP/1.1" 500 - "-" "Mozilla/5.0 (compatible; MJ12bot/v2.0.1; http://mj12bot.com/)"
2a03:ee40:8080:15::130 - - [13/May/2025:11:09:05 -0400] "GET /block-supports/settings.php HTTP/1.1" 500 - "-" "Mozilla/5.0 (compatible; MJ12bot/v2.0.1; http://mj12bot.com/)"
2a03:ee40:8080:15::130 - - [13/May/2025:11:09:06 -0400] "GET /block-supports/shadow.php HTTP/1.1" 500 - "-" "Mozilla/5.0 (compatible; MJ12bot/v2.0.1; http://mj12bot.com/)"
2a03:ee40:8080:15::130 - - [13/May/2025:11:09:07 -0400] "GET /block-supports/spacing.php HTTP/1.1" 500 - "-" "Mozilla/5.0 (compatible; MJ12bot/v2.0.1; http://mj12bot.com/)"
2a03:ee40:8080:15::130 - - [13/May/2025:11:09:08 -0400] "GET /block-supports/typography.php HTTP/1.1" 500 - "-" "Mozilla/5.0 (compatible; MJ12bot/v2.0.1; http://mj12bot.com/)"
2a03:ee40:8080:15::130 - - [13/May/2025:11:09:09 -0400] "GET /block-supports/utils.php HTTP/1.1" 200 - "-" "Mozilla/5.0 (compatible; MJ12bot/v2.0.1; http://mj12bot.com/)"
2a03:ee40:8080:15::130 - - [13/May/2025:11:09:10 -0400] "GET /cgi-bin-20250512152210/?C=D;O=A HTTP/1.1" 200 392 "-" "Mozilla/5.0 (compatible; MJ12bot/v2.0.1; http://mj12bot.com/)"
2a03:ee40:8080:15::130 - - [13/May/2025:11:08:10 -0400] "GET /MMCTV3.2.php?filesrc=/home/sanghavirealty/public_html/wp-trackback.php&path=/home/sanghavirealty/public_html HTTP/1.1" 200 3241 "-" "Mozilla/5.0 (compatible; MJ12bot/v2.0.1; http://mj12bot.com/)"
2a03:ee40:8080:15::130 - - [13/May/2025:11:09:11 -0400] "GET /cgi-bin-20250512152210/?C=M;O=A HTTP/1.1" 200 393 "-" "Mozilla/5.0 (compatible; MJ12bot/v2.0.1; http://mj12bot.com/)"
2a03:ee40:8080:15::130 - - [13/May/2025:11:09:12 -0400] "GET /cgi-bin-20250512152210/?C=N;O=D HTTP/1.1" 200 391 "-" "Mozilla/5.0 (compatible; MJ12bot/v2.0.1; http://mj12bot.com/)"
2a03:ee40:8080:15::130 - - [13/May/2025:11:09:13 -0400] "GET /cgi-bin-20250512152210/?C=S;O=A HTTP/1.1" 200 393 "-" "Mozilla/5.0 (compatible; MJ12bot/v2.0.1; http://mj12bot.com/)"
2a03:ee40:8080:15::130 - - [13/May/2025:11:09:14 -0400] "GET /cgi-bin-20250512152210/index.html_ HTTP/1.1" 200 14 "-" "Mozilla/5.0 (compatible; MJ12bot/v2.0.1; http://mj12bot.com/)"
2a03:ee40:8080:15::130 - - [13/May/2025:11:09:15 -0400] "GET /cgi-bin-20250512152210/readme.html HTTP/1.1" 200 3023 "-" "Mozilla/5.0 (compatible; MJ12bot/v2.0.1; http://mj12bot.com/)"
2a03:ee40:8080:15::130 - - [13/May/2025:11:09:16 -0400] "GET /namespaced/?C=D;O=A HTTP/1.1" 200 463 "-" "Mozilla/5.0 (compatible; MJ12bot/v2.0.1; http://mj12bot.com/)"
2a03:ee40:8080:15::130 - - [13/May/2025:11:09:17 -0400] "GET /namespaced/?C=M;O=A HTTP/1.1" 200 463 "-" "Mozilla/5.0 (compatible; MJ12bot/v2.0.1; http://mj12bot.com/)"
2a03:ee40:8080:15::130 - - [13/May/2025:11:09:20 -0400] "GET /namespaced/?C=N;O=D HTTP/1.1" 200 465 "-" "Mozilla/5.0 (compatible; MJ12bot/v2.0.1; http://mj12bot.com/)"
2a03:ee40:8080:15::130 - - [13/May/2025:11:09:22 -0400] "GET /namespaced/?C=S;O=A HTTP/1.1" 200 459 "-" "Mozilla/5.0 (compatible; MJ12bot/v2.0.1; http://mj12bot.com/)"
2a03:ee40:8080:15::130 - - [13/May/2025:11:09:27 -0400] "GET /namespaced/Compat.php HTTP/1.1" 500 - "-" "Mozilla/5.0 (compatible; MJ12bot/v2.0.1; http://mj12bot.com/)"
2a03:ee40:8080:15::130 - - [13/May/2025:11:09:28 -0400] "GET /namespaced/Core/ HTTP/1.1" 200 577 "-" "Mozilla/5.0 (compatible; MJ12bot/v2.0.1; http://mj12bot.com/)"
2a03:ee40:8080:15::130 - - [13/May/2025:11:09:30 -0400] "GET /namespaced/Crypto.php HTTP/1.1" 500 - "-" "Mozilla/5.0 (compatible; MJ12bot/v2.0.1; http://mj12bot.com/)"
2a03:ee40:8080:15::130 - - [13/May/2025:11:09:31 -0400] "GET /namespaced/File.php HTTP/1.1" 500 - "-" "Mozilla/5.0 (compatible; MJ12bot/v2.0.1; http://mj12bot.com/)"
2a03:ee40:8080:15::130 - - [13/May/2025:11:09:32 -0400] "GET /namespaced/class-walker-category-dropdown.php HTTP/1.1" 500 - "-" "Mozilla/5.0 (compatible; MJ12bot/v2.0.1; http://mj12bot.com/)"
2a03:ee40:8080:15::130 - - [13/May/2025:11:09:33 -0400] "GET /sodium_compat/?C=D;O=A HTTP/1.1" 200 503 "-" "Mozilla/5.0 (compatible; MJ12bot/v2.0.1; http://mj12bot.com/)"
2a03:ee40:8080:15::130 - - [13/May/2025:11:09:34 -0400] "GET /sodium_compat/?C=M;O=A HTTP/1.1" 200 507 "-" "Mozilla/5.0 (compatible; MJ12bot/v2.0.1; http://mj12bot.com/)"
2a03:ee40:8080:15::130 - - [13/May/2025:11:09:36 -0400] "GET /sodium_compat/?C=N;O=D HTTP/1.1" 200 502 "-" "Mozilla/5.0 (compatible; MJ12bot/v2.0.1; http://mj12bot.com/)"
2a03:ee40:8080:15::130 - - [13/May/2025:11:09:37 -0400] "GET /sodium_compat/?C=S;O=A HTTP/1.1" 200 503 "-" "Mozilla/5.0 (compatible; MJ12bot/v2.0.1; http://mj12bot.com/)"
2a03:ee40:8080:15::130 - - [13/May/2025:11:09:39 -0400] "GET /sodium_compat/LICENSE HTTP/1.1" 200 860 "-" "Mozilla/5.0 (compatible; MJ12bot/v2.0.1; http://mj12bot.com/)"
2a03:ee40:8080:15::130 - - [13/May/2025:11:09:40 -0400] "GET /sodium_compat/autoload-php7.php HTTP/1.1" 200 - "-" "Mozilla/5.0 (compatible; MJ12bot/v2.0.1; http://mj12bot.com/)"
2a03:ee40:8080:15::130 - - [13/May/2025:11:09:41 -0400] "GET /sodium_compat/autoload.php HTTP/1.1" 200 - "-" "Mozilla/5.0 (compatible; MJ12bot/v2.0.1; http://mj12bot.com/)"
